{"id":7,"date":"2015-06-18T13:10:28","date_gmt":"2015-06-18T11:10:28","guid":{"rendered":"http:\/\/wp.unil.ch\/wkdialogue\/?page_id=7"},"modified":"2018-06-20T21:31:24","modified_gmt":"2018-06-20T19:31:24","slug":"home","status":"publish","type":"page","link":"https:\/\/wp.unil.ch\/wkdialogue\/","title":{"rendered":"ACCUEIL\/HOME"},"content":{"rendered":"<h2><span style=\"color: #ff0000\"><strong>Le S\u00e9minaire WKD 2018 s&rsquo;intitule \u00ab\u00a0MIGRATION\u00a0\u00bb<br \/>\n<\/strong><\/span>Villars-sur-Ollon du 10 au13 juin 2018<\/h2>\n<p>Le Dialogue des Savoirs 2018 s\u2019int\u00e9resse \u00e0 la notion de migration dans son sens le plus global. La migration a fa\u00e7onn\u00e9 l\u2019\u00e9volution de la vie depuis les premi\u00e8res structures r\u00e9plicatives, il y a quatre milliards d\u2019ann\u00e9es. Les oiseaux, les poissons et les mammif\u00e8res migrent annuellement \u00e0 la recherche des sources. Les plantes migrent continuellement de fa\u00e7on plus al\u00e9atoire, influen\u00e7ant les environnements naturels et cultiv\u00e9s. Les agents infectieux migrent en parall\u00e8le, d\u00e9cimant les populations sensibles et s\u00e9lectionnant pour les variants r\u00e9sistants, y compris chez l\u2019humain. Le climat, les guerres, les famines, la pauvret\u00e9, la pollution, les p\u00e9nuries, les ressources en mati\u00e8res premi\u00e8res, les avances technologiques et l\u2019\u00e9ducation influencent tous d\u2019une mani\u00e8re ou d\u2019une autre les migrations et l\u2019avenir des soci\u00e9t\u00e9s.<\/p>\n<p>Le but de ce s\u00e9minaire est de r\u00e9unir un panel interdisciplinaire d\u2019acad\u00e9miques et de personnes de la soci\u00e9t\u00e9 civile dans le but d\u2019int\u00e9grer diff\u00e9rents aspects de la notion de migration dans une compr\u00e9hension et une approche commune. Les conf\u00e9rences pl\u00e9ni\u00e8res ont pour but de sensibiliser \u00e0 plusieurs types de migrations, y compris leurs risques et b\u00e9n\u00e9fices. Les discussions ont pour but de d\u2019\u00e9clairer des questions sp\u00e9cifiques par une synergie des disciplines, triant les risques et les b\u00e9n\u00e9fices potentiels et identifiant des nouvelle questions de recherche, des nouvelles collaborations et de possibles solutions pratiques aux questions soulev\u00e9es pendant les discussions.<\/p>\n<p><a href=\"https:\/\/issuu.com\/adrien.moreillon\/docs\/wkd2018_migration\"><img alt=\"\" loading=\"lazy\" decoding=\"async\" class=\"alignleft wp-image-318\" src=\"https:\/\/wp.unil.ch\/wkdialogue\/files\/2018\/05\/WKD2018Cover-Screen300.jpg\" alt=\"\" width=\"119\" height=\"169\" srcset=\"https:\/\/wp.unil.ch\/wkdialogue\/files\/2018\/05\/WKD2018Cover-Screen300.jpg 846w, https:\/\/wp.unil.ch\/wkdialogue\/files\/2018\/05\/WKD2018Cover-Screen300-212x300.jpg 212w, https:\/\/wp.unil.ch\/wkdialogue\/files\/2018\/05\/WKD2018Cover-Screen300-768x1089.jpg 768w, https:\/\/wp.unil.ch\/wkdialogue\/files\/2018\/05\/WKD2018Cover-Screen300-722x1024.jpg 722w, https:\/\/wp.unil.ch\/wkdialogue\/files\/2018\/05\/WKD2018Cover-Screen300-624x885.jpg 624w\" sizes=\"auto, (max-width: 119px) 100vw, 119px\" \/><br \/>\n<\/a><a href=\"https:\/\/wp.unil.ch\/wkdialogue\/wkd-wkd-2018\/\"><span style=\"color: #ff0000\">Programme<\/span><\/a><\/p>\n<p><strong>Vous \u00eates int\u00e9ress\u00e9 \u00e0 participer? Envoyez votre C.V. et un court e-mail de motivation \u00e0 <\/strong>Martine.Moreillon@unil.ch (secr\u00e9tariat WKD). Le nombre de places est limit\u00e9.<\/p>\n<p>&nbsp;<\/p>\n<p>&nbsp;<\/p>\n<p><strong><a href=\"https:\/\/issuu.com\/adrien.moreillon\/docs\/wkd_2015_brochure_screen\"><img loading=\"lazy\" decoding=\"async\" class=\"alignleft wp-image-190\" src=\"https:\/\/wp.unil.ch\/wkdialogue\/files\/2015\/06\/WKD_2015_BROCHURE_COVER.jpg\" alt=\"WKD_2015_BROCHURE_COVER\" width=\"84\" height=\"120\" \/><\/a><\/strong><\/p>\n<p>&nbsp;<\/p>\n<p>&nbsp;<\/p>\n<p><strong>2015<\/strong><\/p>\n<table style=\"height: 179px\" width=\"100%\">\n<tbody>\n<tr>\n<td>\n<p><a href=\"https:\/\/issuu.com\/adrien.moreillon\/docs\/wkd_2014_brochure_screen\"><img loading=\"lazy\" decoding=\"async\" class=\"alignleft wp-image-17\" src=\"https:\/\/wp.unil.ch\/wkdialogue\/files\/2015\/06\/wkd14.jpg\" alt=\"wkd14\" width=\"80\" height=\"119\" \/><\/a><\/p>\n<p>&nbsp;<\/p>\n<p>&nbsp;<\/p>\n<p><strong>2014<\/strong><\/td>\n<td>\n<p><a href=\"https:\/\/issuu.com\/adrien.moreillon\/docs\/wkd_2013-brochure\"><img loading=\"lazy\" decoding=\"async\" class=\"alignleft wp-image-79\" src=\"https:\/\/wp.unil.ch\/wkdialogue\/files\/2015\/06\/wkdCover-2013.jpg\" alt=\"wkdCover 2013\" width=\"80\" height=\"120\" srcset=\"https:\/\/wp.unil.ch\/wkdialogue\/files\/2015\/06\/wkdCover-2013.jpg 483w, https:\/\/wp.unil.ch\/wkdialogue\/files\/2015\/06\/wkdCover-2013-201x300.jpg 201w\" sizes=\"auto, (max-width: 80px) 100vw, 80px\" \/><\/a><\/p>\n<p>&nbsp;<\/p>\n<p>&nbsp;<\/p>\n<p><strong>2013<\/strong><\/td>\n<td>\n<p><a href=\"https:\/\/issuu.com\/adrien.moreillon\/docs\/wkd_2012_screen\"><img loading=\"lazy\" decoding=\"async\" class=\"alignleft wp-image-80\" src=\"https:\/\/wp.unil.ch\/wkdialogue\/files\/2015\/06\/WKDCover2012.jpg\" alt=\"WKDCover2012\" width=\"82\" height=\"122\" \/><\/a><\/p>\n<p>&nbsp;<\/p>\n<p>&nbsp;<\/p>\n<p><strong>2012<\/strong><\/td>\n<td>\n<p><a href=\"https:\/\/issuu.com\/adrien.moreillon\/docs\/wkd-2011\"><img loading=\"lazy\" decoding=\"async\" class=\"alignleft wp-image-78\" src=\"https:\/\/wp.unil.ch\/wkdialogue\/files\/2015\/06\/wkdCover-2011.jpg\" alt=\"wkdCover 2011\" width=\"79\" height=\"117\" \/><\/a><\/p>\n<p>&nbsp;<\/p>\n<p>&nbsp;<\/p>\n<p><strong>2011<\/strong><\/td>\n<td>\n<p><a href=\"https:\/\/issuu.com\/adrien.moreillon\/docs\/world_knowledge_dialogue_2010\"><img loading=\"lazy\" decoding=\"async\" class=\"alignleft wp-image-77\" src=\"https:\/\/wp.unil.ch\/wkdialogue\/files\/2015\/06\/wkd-Cover2010.jpg\" alt=\"wkd Cover2010\" width=\"78\" height=\"116\" \/><\/a><\/p>\n<p>&nbsp;<\/p>\n<p>&nbsp;<\/p>\n<p><strong>2010<\/strong><\/td>\n<\/tr>\n<\/tbody>\n<\/table>\n<p><strong>Organized by:<\/strong><\/p>\n<p><a href=\"https:\/\/wp.unil.ch\/wkdialogue\/files\/2018\/04\/image003.jpg\"><img alt=\"\" loading=\"lazy\" decoding=\"async\" class=\"wp-image-297 alignleft\" src=\"https:\/\/wp.unil.ch\/wkdialogue\/files\/2018\/04\/image003.jpg\" alt=\"\" width=\"345\" height=\"53\" srcset=\"https:\/\/wp.unil.ch\/wkdialogue\/files\/2018\/04\/image003.jpg 680w, https:\/\/wp.unil.ch\/wkdialogue\/files\/2018\/04\/image003-300x46.jpg 300w, https:\/\/wp.unil.ch\/wkdialogue\/files\/2018\/04\/image003-624x96.jpg 624w\" sizes=\"auto, (max-width: 345px) 100vw, 345px\" \/><\/a><a href=\"https:\/\/wp.unil.ch\/wkdialogue\/files\/2018\/04\/epfl.png\"><img alt=\"\" loading=\"lazy\" decoding=\"async\" class=\"wp-image-299 alignnone\" src=\"https:\/\/wp.unil.ch\/wkdialogue\/files\/2018\/04\/epfl.png\" alt=\"\" width=\"135\" height=\"65\" srcset=\"https:\/\/wp.unil.ch\/wkdialogue\/files\/2018\/04\/epfl.png 800w, https:\/\/wp.unil.ch\/wkdialogue\/files\/2018\/04\/epfl-300x145.png 300w, https:\/\/wp.unil.ch\/wkdialogue\/files\/2018\/04\/epfl-768x372.png 768w, https:\/\/wp.unil.ch\/wkdialogue\/files\/2018\/04\/epfl-624x302.png 624w\" sizes=\"auto, (max-width: 135px) 100vw, 135px\" \/><\/a><\/p>\n<p>&nbsp;<\/p>\n","protected":false},"excerpt":{"rendered":"<p>Le S\u00e9minaire WKD 2018 s&rsquo;intitule \u00ab\u00a0MIGRATION\u00a0\u00bb Villars-sur-Ollon du 10 au13 juin 2018 Le Dialogue des Savoirs 2018 s\u2019int\u00e9resse \u00e0 la notion de migration dans son sens le plus global. La &hellip; <\/p>\n","protected":false},"author":47,"featured_media":0,"parent":0,"menu_order":0,"comment_status":"closed","ping_status":"closed","template":"","meta":{"_seopress_robots_primary_cat":"","_seopress_titles_title":"","_seopress_titles_desc":"","_seopress_robots_index":"","footnotes":"","_links_to":"","_links_to_target":""},"class_list":["post-7","page","type-page","status-publish"],"_links":{"self":[{"href":"https:\/\/wp.unil.ch\/wkdialogue\/wp-json\/wp\/v2\/pages\/7","targetHints":{"allow":["GET"]}}],"collection":[{"href":"https:\/\/wp.unil.ch\/wkdialogue\/wp-json\/wp\/v2\/pages"}],"about":[{"href":"https:\/\/wp.unil.ch\/wkdialogue\/wp-json\/wp\/v2\/types\/page"}],"author":[{"embeddable":true,"href":"https:\/\/wp.unil.ch\/wkdialogue\/wp-json\/wp\/v2\/users\/47"}],"replies":[{"embeddable":true,"href":"https:\/\/wp.unil.ch\/wkdialogue\/wp-json\/wp\/v2\/comments?post=7"}],"version-history":[{"count":0,"href":"https:\/\/wp.unil.ch\/wkdialogue\/wp-json\/wp\/v2\/pages\/7\/revisions"}],"wp:attachment":[{"href":"https:\/\/wp.unil.ch\/wkdialogue\/wp-json\/wp\/v2\/media?parent=7"}],"curies":[{"name":"wp","href":"https:\/\/api.w.org\/{rel}","templated":true}]}}