{"id":406,"date":"2018-12-07T11:00:32","date_gmt":"2018-12-07T10:00:32","guid":{"rendered":"http:\/\/wp.unil.ch\/walras\/?page_id=406"},"modified":"2018-12-07T16:42:15","modified_gmt":"2018-12-07T15:42:15","slug":"lausanne-2019","status":"publish","type":"page","link":"https:\/\/wp.unil.ch\/walras\/conferences\/lausanne-2019\/","title":{"rendered":"Lausanne (2019)"},"content":{"rendered":"<p class=\"western\" align=\"justify\"><span lang=\"fr-FR\">La 10e Conf\u00e9rence de l\u2019Association Internationale Walras (AIW) aura lieu <\/span><span lang=\"fr-FR\"><b>les<\/b><\/span><b><span lang=\"fr-FR\"> vendredi 13 et samedi 14 septembre 2019<\/span><\/b><span lang=\"fr-FR\"> \u00e0 l\u2019<\/span><b><span lang=\"fr-FR\">Universit\u00e9 de Lausanne,<\/span><\/b><span lang=\"fr-FR\"> o\u00f9 il sera organis\u00e9 par le Centre Walras-Pareto d\u2019\u00e9tudes interdisciplinaires de la pens\u00e9e \u00e9conomique et politique sous les auspices de l\u2019AIW.<\/span><\/p>\n<p class=\"western\" align=\"justify\"><span lang=\"fr-FR\">Les personnes int\u00e9ress\u00e9es doivent envoyer un r\u00e9sum\u00e9 d\u2019environ 300 mots (en fran\u00e7ais ou en anglais) jusqu\u2019au <\/span><b><span lang=\"fr-FR\">15 mars 2019<\/span><\/b><span lang=\"fr-FR\"> au vice-pr\u00e9sident de l\u2019AIW, <\/span><span lang=\"fr-FR\"><b>francois.allisson@unil.ch<\/b><\/span><span lang=\"fr-FR\">, sous format PDF (avec le titre de la contribution, le r\u00e9sum\u00e9, le nom de l\u2019auteur\u00b7e ou des auteur\u00b7e\u00b7s l\u2019auteur, et une adresse e-mail). Le choix des papiers retenus sera communiqu\u00e9 en avril 2019.<\/span><\/p>\n<p align=\"justify\"><a href=\"https:\/\/wp.unil.ch\/walras\/files\/2018\/12\/walras-neoclassique-2019.pdf\">T\u00e9l\u00e9chargez l&#8217;appel \u00e0 contributions<\/a><\/p>\n<p class=\"western\" align=\"justify\"><span lang=\"en-US\">The 10th Conference of the International Walras Association will take place on <\/span><span lang=\"en-US\"><b>September 2019, Friday 13<\/b><\/span><sup><span lang=\"en-US\"><b>th<\/b><\/span><\/sup><span lang=\"en-US\"><b> and Saturday 14<\/b><\/span><sup><span lang=\"en-US\"><b>th<\/b><\/span><\/sup><span lang=\"en-US\"><b> September<\/b><\/span><span lang=\"en-US\">, at the <\/span><span lang=\"en-US\"><b>University of Lausanne; <\/b><\/span><span lang=\"en-US\">it will be organized by the<\/span><b> <\/b><span lang=\"en-US\"><i>Centre Walras-Pareto d\u2019\u00e9tudes interdisciplinaires de la pens\u00e9e \u00e9conomique et politique<\/i><\/span><span lang=\"en-US\">, under the auspices of the International Walras Association.<\/span><\/p>\n<p class=\"western\" align=\"justify\"><span lang=\"en-US\">Anyone interested should send an abstract of approximately 300 words (in English or in French), until <\/span><span lang=\"en-US\"><b>March 15, 2019<\/b><\/span><span lang=\"en-US\">, to the vice-president of the International Walras Association, <\/span><span lang=\"en-US\"><b>francois.allisson@unil.ch<\/b><\/span><span lang=\"en-US\">, in PDF format (with the title of the contribution, the abstract, the name of the author(s), and an e-mail address). The choice of papers will be announced in April 2019.<\/span><\/p>\n<p align=\"justify\"><a href=\"https:\/\/wp.unil.ch\/walras\/files\/2018\/12\/walras-neoclassical-2019.pdf\">Download the call for papers<\/a><\/p>\n","protected":false},"excerpt":{"rendered":"<p>La 10e Conf\u00e9rence de l\u2019Association Internationale Walras (AIW) aura lieu les vendredi 13 et samedi 14 septembre 2019 \u00e0 l\u2019Universit\u00e9 de Lausanne, o\u00f9 il sera organis\u00e9 par le Centre Walras-Pareto d\u2019\u00e9tudes interdisciplinaires de la pens\u00e9e \u00e9conomique et politique sous les<\/p>\n","protected":false},"author":195,"featured_media":0,"parent":24,"menu_order":0,"comment_status":"closed","ping_status":"closed","template":"","meta":{"_seopress_robots_primary_cat":"","_seopress_titles_title":"","_seopress_titles_desc":"","_seopress_robots_index":"","footnotes":""},"class_list":["post-406","page","type-page","status-publish"],"_links":{"self":[{"href":"https:\/\/wp.unil.ch\/walras\/wp-json\/wp\/v2\/pages\/406","targetHints":{"allow":["GET"]}}],"collection":[{"href":"https:\/\/wp.unil.ch\/walras\/wp-json\/wp\/v2\/pages"}],"about":[{"href":"https:\/\/wp.unil.ch\/walras\/wp-json\/wp\/v2\/types\/page"}],"author":[{"embeddable":true,"href":"https:\/\/wp.unil.ch\/walras\/wp-json\/wp\/v2\/users\/195"}],"replies":[{"embeddable":true,"href":"https:\/\/wp.unil.ch\/walras\/wp-json\/wp\/v2\/comments?post=406"}],"version-history":[{"count":0,"href":"https:\/\/wp.unil.ch\/walras\/wp-json\/wp\/v2\/pages\/406\/revisions"}],"up":[{"embeddable":true,"href":"https:\/\/wp.unil.ch\/walras\/wp-json\/wp\/v2\/pages\/24"}],"wp:attachment":[{"href":"https:\/\/wp.unil.ch\/walras\/wp-json\/wp\/v2\/media?parent=406"}],"curies":[{"name":"wp","href":"https:\/\/api.w.org\/{rel}","templated":true}]}}