{"id":512,"date":"2026-04-20T13:21:42","date_gmt":"2026-04-20T11:21:42","guid":{"rendered":"https:\/\/wp.unil.ch\/vettiger-lab\/?page_id=512"},"modified":"2026-04-20T13:21:43","modified_gmt":"2026-04-20T11:21:43","slug":"prunelle-carcassonne-phd","status":"publish","type":"page","link":"https:\/\/wp.unil.ch\/vettiger-lab\/people\/prunelle-carcassonne-phd\/","title":{"rendered":"Prunelle Carcassonne, PhD"},"content":{"rendered":"\n<div class=\"wp-block-columns is-layout-flex wp-container-core-columns-is-layout-9d6595d7 wp-block-columns-is-layout-flex\">\n<div class=\"wp-block-column is-layout-flow wp-block-column-is-layout-flow\">\n<figure class=\"wp-block-image size-large\"><img loading=\"lazy\" decoding=\"async\" width=\"683\" height=\"1024\" src=\"https:\/\/wp.unil.ch\/vettiger-lab\/files\/2026\/04\/prunelle_carcassonne-683x1024.jpg\" alt=\"prunelle carcassonne\" class=\"wp-image-518\" style=\"aspect-ratio:1;object-fit:cover\" srcset=\"https:\/\/wp.unil.ch\/vettiger-lab\/files\/2026\/04\/prunelle_carcassonne-683x1024.jpg 683w, https:\/\/wp.unil.ch\/vettiger-lab\/files\/2026\/04\/prunelle_carcassonne-200x300.jpg 200w, https:\/\/wp.unil.ch\/vettiger-lab\/files\/2026\/04\/prunelle_carcassonne-768x1152.jpg 768w, https:\/\/wp.unil.ch\/vettiger-lab\/files\/2026\/04\/prunelle_carcassonne.jpg 800w\" sizes=\"auto, (max-width: 683px) 100vw, 683px\" \/><figcaption class=\"wp-element-caption\">Joined the lab on April 1st, still hoping no one says April fools<\/figcaption><\/figure>\n<\/div>\n\n\n\n<div class=\"wp-block-column is-layout-flow wp-block-column-is-layout-flow\">\n<p><strong>Postdoctoral Researcher <\/strong><\/p>\n\n\n\n<p><strong>Education<\/strong><\/p>\n\n\n\n<p>BSc in Biology, Grenoble Alpes University<\/p>\n\n\n\n<p>MSc in Marine Sciences, Aix-Marseille University<\/p>\n\n\n\n<p>PhD in Microbiology and Host\u2013Pathogen Interactions, Laboratoire de Chimie Bact\u00e9rienne, Institut de Microbiologie de la M\u00e9diterran\u00e9e, CNRS, Marseille<\/p>\n\n\n\n<p><strong>Research Interest<\/strong><\/p>\n\n\n\n<p>I am interested in developing a CRISPRi library in <em>Corynebacterium glutamicum<\/em> to investigate the molecular mechanisms driving polar growth<br><\/p>\n<\/div>\n<\/div>\n","protected":false},"excerpt":{"rendered":"<p>Postdoctoral Researcher Education BSc in Biology, Grenoble Alpes University MSc in Marine Sciences, Aix-Marseille University PhD in Microbiology and Host\u2013Pathogen Interactions, Laboratoire de Chimie Bact\u00e9rienne, Institut de Microbiologie de la &hellip; <\/p>\n","protected":false},"author":1003082,"featured_media":0,"parent":263,"menu_order":0,"comment_status":"closed","ping_status":"closed","template":"","meta":{"_seopress_robots_primary_cat":"","_seopress_titles_title":"","_seopress_titles_desc":"","_seopress_robots_index":"","footnotes":""},"class_list":["post-512","page","type-page","status-publish"],"_links":{"self":[{"href":"https:\/\/wp.unil.ch\/vettiger-lab\/wp-json\/wp\/v2\/pages\/512","targetHints":{"allow":["GET"]}}],"collection":[{"href":"https:\/\/wp.unil.ch\/vettiger-lab\/wp-json\/wp\/v2\/pages"}],"about":[{"href":"https:\/\/wp.unil.ch\/vettiger-lab\/wp-json\/wp\/v2\/types\/page"}],"author":[{"embeddable":true,"href":"https:\/\/wp.unil.ch\/vettiger-lab\/wp-json\/wp\/v2\/users\/1003082"}],"replies":[{"embeddable":true,"href":"https:\/\/wp.unil.ch\/vettiger-lab\/wp-json\/wp\/v2\/comments?post=512"}],"version-history":[{"count":2,"href":"https:\/\/wp.unil.ch\/vettiger-lab\/wp-json\/wp\/v2\/pages\/512\/revisions"}],"predecessor-version":[{"id":519,"href":"https:\/\/wp.unil.ch\/vettiger-lab\/wp-json\/wp\/v2\/pages\/512\/revisions\/519"}],"up":[{"embeddable":true,"href":"https:\/\/wp.unil.ch\/vettiger-lab\/wp-json\/wp\/v2\/pages\/263"}],"wp:attachment":[{"href":"https:\/\/wp.unil.ch\/vettiger-lab\/wp-json\/wp\/v2\/media?parent=512"}],"curies":[{"name":"wp","href":"https:\/\/api.w.org\/{rel}","templated":true}]}}