{"id":110,"date":"2018-02-12T18:04:01","date_gmt":"2018-02-12T17:04:01","guid":{"rendered":"http:\/\/wp.unil.ch\/vcl\/?page_id=110"},"modified":"2025-04-15T15:46:29","modified_gmt":"2025-04-15T13:46:29","slug":"about","status":"publish","type":"page","link":"https:\/\/wp.unil.ch\/vcl\/","title":{"rendered":"Visual Collaboration Lab"},"content":{"rendered":"\n<p>The visual collaboration lab is located at HEC Lausanne,&nbsp; University of Lausanne, Switzerland and headed by <a href=\"https:\/\/hec.unil.ch\/people\/smissonier?dyn_lang=fr\">Pr. St\u00e9phanie Missonier&nbsp;<\/a>.<\/p>\n\n\n\n<p>Our research focuses mainly on the development of visual collaborative tools that aim at supporting team in solving problems and\/or innovating.<\/p>\n\n\n\n<h5 class=\"wp-block-heading\">What are visual collaborative tools?<\/h5>\n\n\n\n<p>Visual collaborative tools have recently emerged and gained popularity to innovate and\/or address problems collaboratively within teams (<a href=\"https:\/\/scholarspace.manoa.hawaii.edu\/handle\/10125\/49940\">Avdiji et al., 2018<\/a>). By providing a shared language and\/or a shared visualisation (<a href=\"https:\/\/www.sciencedirect.com\/science\/article\/pii\/S0024630108001180\">Bresciani and Eppler, 2009<\/a>; <a href=\"https:\/\/www.emeraldinsight.com\/doi\/full\/10.1108\/CCSM-12-2015-0200\">Comi and Bresciani, 2017<\/a>), they support several challenges of collaboration related to sense-making and sense-giving and action planning in multi- or transfunctional teams. One of the goals of these tools is to assist teams to explore and\/or brainstorm on a given problem. This is especially useful in processes which need to generate new options and alternatives through design. These tools allow for better structuring and bounding of a problem and facilitate solution searches in innovative ways during collaboration (<a href=\"https:\/\/books.google.ch\/books?hl=fr&amp;lr=&amp;id=UzuTAwAAQBAJ&amp;oi=fnd&amp;pg=PA7&amp;dq=osterwalder+pigneur&amp;ots=yXCVDeI5Zu&amp;sig=GJnSj7xtp_L_8cr8g5FqVinZgk8#v=onepage&amp;q=osterwalder%20pigneur&amp;f=false\">Osterwalder and Pigneur, 2010<\/a>; <a href=\"https:\/\/books.google.ch\/books?hl=fr&amp;lr=&amp;id=nREPDQAAQBAJ&amp;oi=fnd&amp;pg=PT8&amp;dq=Vander+Pijl,+J.+Lokitz,+%26+L.+K.+Solomon+(Eds.),+How+to+design+a+better+business:+New+tools,skills,+and+mindset+for+strategy+and+innovation+(1st+ed.,+pp.125-152).+Hoboken,+NJ:John+Wiley+%26+Sons.&amp;ots=U5OAnP5HR0&amp;sig=2XQECGa9KYf32MDrFVO2wwwtLqE#v=onepage&amp;q&amp;f=false\">Van der Pijl et al., 2016<\/a>).<\/p>\n\n\n\n<hr class=\"wp-block-separator has-css-opacity is-style-wide\" \/>\n\n\n\n<h3 class=\"wp-block-heading\">Research programmes<\/h3>\n\n\n\n<div class=\"wp-block-group\"><div class=\"wp-block-group__inner-container is-layout-flow wp-block-group-is-layout-flow\">\n<h5 class=\"wp-block-heading\">The Agile Transformation Canvas<\/h5>\n\n\n\n<p>The <strong>Agile Transformation Canvas<\/strong> is a visual and collaborative tool designed to help teams navigate and drive their journey towards agility. By focusing on both current practices and future aspirations, this canvas supports discussions around team culture, goals, and obstacles. Whether you are initiating a large-scale agile transformation or refining your team\u2019s approach, this canvas provides a structured yet flexible framework to support your efforts. <a href=\"https:\/\/wp.unil.ch\/vcl\/agile-culture-conceptual-model\/\" data-type=\"page\" data-id=\"758\">Click here<\/a> to learn more.<br><br>Involved members: A. Roschnik and Prof. S. Missonier<\/p>\n\n\n\n<h5 class=\"wp-block-heading\">What narratives for ecological transformation? (re)Thinking technosolutionist and apocalyptic imaginaries for a more sustainable society<\/h5>\n\n\n\n<p>This project aims to analyze the impact of two types of dominant narratives &#8211; technosolutionist narratives and apocalyptic narratives &#8211; on the ecological and social transformation, with a particular focus on the cultural and economic\/managerial fields. By collecting and studying data from these two fields, and adopting an action-research approach, the project will intervene in the secondary and university education sector.<\/p>\n\n\n\n<p>The aim is to develop tools for deconstructing dominant narratives that would be demobilizing and potentially disempowering &#8211; \u00ab\u00a0technology will solve everything\u00a0\u00bb and \u00ab\u00a0all is lost\u00a0\u00bb &#8211; and to promote the emergence of alternative narratives carrying action and hope (so-called \u00ab\u00a0earth narratives\u00a0\u00bb). To learn more: visit the <a href=\"https:\/\/www.unil.ch\/strive\/en\/home\/menuinst\/les%20projets\/recits.html\" data-type=\"link\" data-id=\"https:\/\/www.unil.ch\/strive\/en\/home\/menuinst\/les%20projets\/recits.html\">project website<\/a> and watch the <a href=\"https:\/\/youtu.be\/2jr53VwZPAo\" data-type=\"link\" data-id=\"https:\/\/youtu.be\/2jr53VwZPAo\">presentation video<\/a>.<\/p>\n\n\n\n<p>Involved researchers: St\u00e9phanie\u00a0Missonier\u00a0(HEC), Estefania Amer (HEC), Rapha\u00ebl Baroni (Lettres), Gr\u00e9goire Zimmermann (SSP), with the collaboration of Marc Aud\u00e9tat (SSP) and PhD student Hans Durosier (HEC).<\/p>\n\n\n\n<h5 class=\"wp-block-heading\">Tools to collectively solve wicked-problems<\/h5>\n\n\n\n<p>In 2017, we worked on a theorisation of these new types of management tools such as the Business Model Canvas, the Value Propositions and the <a href=\"https:\/\/wp.unil.ch\/vcl\/team-alignment-map\/\" data-type=\"page\" data-id=\"224\">TAM \u2013 Team Alignement Map<\/a>. We named these tools Visual Inquiry Tools and developed a new theory&nbsp;: the Design theory for Visual Inquiry Tools. This theory aims to 1) provide solid theoretical foundations in view of the abundance of such type of tools in the professional environment and 2) help researchers and practitioners to develop such visual tools to collectively solve complex managerial issues.This research led to the creation of this visual collaboration lab and <a href=\"https:\/\/wp.unil.ch\/vcl\/publications\/\" data-type=\"page\" data-id=\"281\">publications<\/a> in: an A-ranking journal in information systems&nbsp;: Journal of the Association of Information Systems (JAIS), several conference papers, specific track over 2 years in a large international information system\u2019s conference (HICSS).<br><br>Involved members: Prof. S. Missonier, Prof. Y. Pigneur, Dr. H. Avdiji, and Dr. D. Elikan<\/p>\n<\/div><\/div>\n\n\n\n<hr class=\"wp-block-separator has-css-opacity is-style-wide\" \/>\n","protected":false},"excerpt":{"rendered":"<p>The visual collaboration lab is located at HEC Lausanne,&nbsp; University of Lausanne, Switzerland and headed by Pr. St\u00e9phanie Missonier&nbsp;. Our research focuses mainly on the development of visual collaborative tools that aim at supporting team in solving problems and\/or innovating. What are visual collaborative tools? Visual collaborative tools have recently emerged and gained popularity to [&hellip;]<\/p>\n","protected":false},"author":1002194,"featured_media":0,"parent":0,"menu_order":0,"comment_status":"closed","ping_status":"closed","template":"","meta":{"_seopress_robots_primary_cat":"","_seopress_titles_title":"","_seopress_titles_desc":"","_seopress_robots_index":"","footnotes":""},"class_list":["post-110","page","type-page","status-publish"],"_links":{"self":[{"href":"https:\/\/wp.unil.ch\/vcl\/wp-json\/wp\/v2\/pages\/110","targetHints":{"allow":["GET"]}}],"collection":[{"href":"https:\/\/wp.unil.ch\/vcl\/wp-json\/wp\/v2\/pages"}],"about":[{"href":"https:\/\/wp.unil.ch\/vcl\/wp-json\/wp\/v2\/types\/page"}],"author":[{"embeddable":true,"href":"https:\/\/wp.unil.ch\/vcl\/wp-json\/wp\/v2\/users\/1002194"}],"replies":[{"embeddable":true,"href":"https:\/\/wp.unil.ch\/vcl\/wp-json\/wp\/v2\/comments?post=110"}],"version-history":[{"count":3,"href":"https:\/\/wp.unil.ch\/vcl\/wp-json\/wp\/v2\/pages\/110\/revisions"}],"predecessor-version":[{"id":995,"href":"https:\/\/wp.unil.ch\/vcl\/wp-json\/wp\/v2\/pages\/110\/revisions\/995"}],"wp:attachment":[{"href":"https:\/\/wp.unil.ch\/vcl\/wp-json\/wp\/v2\/media?parent=110"}],"curies":[{"name":"wp","href":"https:\/\/api.w.org\/{rel}","templated":true}]}}