{"id":8,"date":"2016-06-16T22:31:05","date_gmt":"2016-06-16T20:31:05","guid":{"rendered":"http:\/\/wp.unil.ch\/vallondenant\/?page_id=8"},"modified":"2023-09-25T11:48:34","modified_gmt":"2023-09-25T09:48:34","slug":"le-vallon","status":"publish","type":"page","link":"https:\/\/wp.unil.ch\/vallondenant\/le-vallon\/","title":{"rendered":"Le Vallon"},"content":{"rendered":"\n<figure class=\"wp-block-gallery aligncenter has-nested-images columns-4 is-cropped wp-block-gallery-1 is-layout-flex wp-block-gallery-is-layout-flex\">\n<figure class=\"wp-block-image size-medium\"><a href=\"https:\/\/wp.unil.ch\/vallondenant\/files\/2019\/02\/nant4.jpeg\"><img alt=\"\" loading=\"lazy\" decoding=\"async\" width=\"500\" height=\"375\" data-id=\"121\" src=\"https:\/\/wp.unil.ch\/vallondenant\/files\/2019\/02\/nant4-500x375.jpeg\" alt=\"\" class=\"wp-image-121\" srcset=\"https:\/\/wp.unil.ch\/vallondenant\/files\/2019\/02\/nant4-500x375.jpeg 500w, https:\/\/wp.unil.ch\/vallondenant\/files\/2019\/02\/nant4-768x576.jpeg 768w, https:\/\/wp.unil.ch\/vallondenant\/files\/2019\/02\/nant4-1024x768.jpeg 1024w, https:\/\/wp.unil.ch\/vallondenant\/files\/2019\/02\/nant4-293x220.jpeg 293w, https:\/\/wp.unil.ch\/vallondenant\/files\/2019\/02\/nant4.jpeg 1280w\" sizes=\"auto, (max-width: 500px) 100vw, 500px\" \/><\/a><\/figure>\n\n\n\n<figure class=\"wp-block-image size-medium\"><a href=\"https:\/\/wp.unil.ch\/vallondenant\/files\/2019\/02\/nant3.jpeg\"><img alt=\"\" loading=\"lazy\" decoding=\"async\" width=\"500\" height=\"281\" data-id=\"120\" src=\"https:\/\/wp.unil.ch\/vallondenant\/files\/2019\/02\/nant3-500x281.jpeg\" alt=\"\" class=\"wp-image-120\" srcset=\"https:\/\/wp.unil.ch\/vallondenant\/files\/2019\/02\/nant3-500x281.jpeg 500w, https:\/\/wp.unil.ch\/vallondenant\/files\/2019\/02\/nant3-768x432.jpeg 768w, https:\/\/wp.unil.ch\/vallondenant\/files\/2019\/02\/nant3-1024x576.jpeg 1024w, https:\/\/wp.unil.ch\/vallondenant\/files\/2019\/02\/nant3-391x220.jpeg 391w, https:\/\/wp.unil.ch\/vallondenant\/files\/2019\/02\/nant3.jpeg 1280w\" sizes=\"auto, (max-width: 500px) 100vw, 500px\" \/><\/a><\/figure>\n\n\n\n<figure class=\"wp-block-image size-medium\"><a href=\"https:\/\/wp.unil.ch\/vallondenant\/files\/2019\/02\/nant2.jpeg\"><img alt=\"\" loading=\"lazy\" decoding=\"async\" width=\"500\" height=\"281\" data-id=\"119\" src=\"https:\/\/wp.unil.ch\/vallondenant\/files\/2019\/02\/nant2-500x281.jpeg\" alt=\"\" class=\"wp-image-119\" srcset=\"https:\/\/wp.unil.ch\/vallondenant\/files\/2019\/02\/nant2-500x281.jpeg 500w, https:\/\/wp.unil.ch\/vallondenant\/files\/2019\/02\/nant2-768x432.jpeg 768w, https:\/\/wp.unil.ch\/vallondenant\/files\/2019\/02\/nant2-1024x576.jpeg 1024w, https:\/\/wp.unil.ch\/vallondenant\/files\/2019\/02\/nant2-391x220.jpeg 391w, https:\/\/wp.unil.ch\/vallondenant\/files\/2019\/02\/nant2.jpeg 1280w\" sizes=\"auto, (max-width: 500px) 100vw, 500px\" \/><\/a><\/figure>\n\n\n\n<figure class=\"wp-block-image size-medium\"><a href=\"https:\/\/wp.unil.ch\/vallondenant\/files\/2019\/02\/nant1.jpeg\"><img alt=\"\" loading=\"lazy\" decoding=\"async\" width=\"500\" height=\"281\" data-id=\"118\" src=\"https:\/\/wp.unil.ch\/vallondenant\/files\/2019\/02\/nant1-500x281.jpeg\" alt=\"\" class=\"wp-image-118\" srcset=\"https:\/\/wp.unil.ch\/vallondenant\/files\/2019\/02\/nant1-500x281.jpeg 500w, https:\/\/wp.unil.ch\/vallondenant\/files\/2019\/02\/nant1-768x432.jpeg 768w, https:\/\/wp.unil.ch\/vallondenant\/files\/2019\/02\/nant1-1024x576.jpeg 1024w, https:\/\/wp.unil.ch\/vallondenant\/files\/2019\/02\/nant1-391x220.jpeg 391w, https:\/\/wp.unil.ch\/vallondenant\/files\/2019\/02\/nant1.jpeg 1280w\" sizes=\"auto, (max-width: 500px) 100vw, 500px\" \/><\/a><\/figure>\n<\/figure>\n\n\n\n<div class=\"wp-block-group\"><div class=\"wp-block-group__inner-container is-layout-flow wp-block-group-is-layout-flow\">\n<div class=\"wp-block-columns is-layout-flex wp-container-core-columns-is-layout-9d6595d7 wp-block-columns-is-layout-flex\">\n<div class=\"wp-block-column is-layout-flow wp-block-column-is-layout-flow\" style=\"flex-basis:66.66%\">\n<p>Le Vallon de Nant est une vall\u00e9e glaciaire d\u2019une longueur de 6 km environ, situ\u00e9e au-dessus de Bex, sur le territoire de cette commune. Orient\u00e9e vers le nord-est, elle est travers\u00e9e par un cours d\u2019eau, l\u2019Avan\u00e7on de Nant, qui a sa source sous les Dents de Morcles, dans le glacier des Martinets.<\/p>\n\n\n\n<h5 class=\"wp-block-heading\"><strong>Coordonn\u00e9es<\/strong><\/h5>\n\n\n\n<p>46\u00b014\u2019 14\u2019\u2019 Nord<br>7\u00b007\u201910\u2019\u2019 Est<\/p>\n\n\n\n<h5 class=\"wp-block-heading\"><strong>G\u00e9oguide<\/strong><\/h5>\n\n\n\n<p>Il existe depuis les Dix Ans de la FGSE et r\u00e9alis\u00e9 \u00e0 cette occasion, un <a href=\"https:\/\/wp.unil.ch\/vallondenant\/geoguide-nant\/\" data-type=\"page\" data-id=\"151\">g\u00e9oguide<\/a> t\u00e9l\u00e9chargeable sur iPhone, Smartphone sur le Vallon de Nant.<\/p>\n<\/div>\n\n\n\n<div class=\"wp-block-column is-layout-flow wp-block-column-is-layout-flow\" style=\"flex-basis:33.33%\">\n<h5 class=\"wp-block-heading\">Liens<\/h5>\n\n\n\n<ul class=\"wp-block-list\">\n<li><a href=\"https:\/\/wp.unil.ch\/vallondenant\/files\/2021\/05\/Vallon-de-Nant_propositions_suivis-scientifiques.pdf\">Quelques propositions de sujets\/th\u00e8mes de recherche pour les \u00e9tudiants (PDF)<\/a><\/li>\n\n\n\n<li><a href=\"https:\/\/www.musees.vd.ch\/fr\/musee-et-jardins-botaniques\/jardin-de-pont-de-nant\/accueil\/\">Thomasia<\/a>, jardin botanique<\/li>\n\n\n\n<li><a href=\"https:\/\/www.bex.ch\/N150\/tourisme-culture-et-loisirs.html\" target=\"_blank\" rel=\"noreferrer noopener\">Office du tourisme de Bex<\/a><\/li>\n\n\n\n<li><a href=\"https:\/\/rechalp.unil.ch\" target=\"_blank\" rel=\"noreferrer noopener\">Rechalp<\/a>&nbsp;est une base de donn\u00e9es g\u00e9o-r\u00e9f\u00e9renc\u00e9es, qui recense plus largement les donn\u00e9es sur les recherches intervenues dans les Alpes vaudoises, principalement.<\/li>\n<\/ul>\n\n\n\n<div class=\"wp-block-group\"><div class=\"wp-block-group__inner-container is-layout-flow wp-block-group-is-layout-flow\">\n<h5 class=\"wp-block-heading\">Contact<\/h5>\n\n\n\n<ul class=\"wp-block-list\"><li><a href=\"mailto:coordin-nant@unil.ch\">coordin-nant@unil.ch<\/a><\/li><\/ul>\n<\/div><\/div>\n<\/div>\n<\/div>\n<\/div><\/div>\n","protected":false},"excerpt":{"rendered":"<p>Le Vallon de Nant est une vall\u00e9e glaciaire d\u2019une longueur de 6 km environ, situ\u00e9e au-dessus de Bex, sur le territoire de cette commune. Orient\u00e9e vers le nord-est,&hellip;<\/p>\n","protected":false},"author":47,"featured_media":121,"parent":0,"menu_order":0,"comment_status":"closed","ping_status":"closed","template":"template-full-width-cover.php","meta":{"_seopress_robots_primary_cat":"","_seopress_titles_title":"","_seopress_titles_desc":"","_seopress_robots_index":"","footnotes":""},"class_list":["post-8","page","type-page","status-publish","has-post-thumbnail"],"_links":{"self":[{"href":"https:\/\/wp.unil.ch\/vallondenant\/wp-json\/wp\/v2\/pages\/8","targetHints":{"allow":["GET"]}}],"collection":[{"href":"https:\/\/wp.unil.ch\/vallondenant\/wp-json\/wp\/v2\/pages"}],"about":[{"href":"https:\/\/wp.unil.ch\/vallondenant\/wp-json\/wp\/v2\/types\/page"}],"author":[{"embeddable":true,"href":"https:\/\/wp.unil.ch\/vallondenant\/wp-json\/wp\/v2\/users\/47"}],"replies":[{"embeddable":true,"href":"https:\/\/wp.unil.ch\/vallondenant\/wp-json\/wp\/v2\/comments?post=8"}],"version-history":[{"count":0,"href":"https:\/\/wp.unil.ch\/vallondenant\/wp-json\/wp\/v2\/pages\/8\/revisions"}],"wp:featuredmedia":[{"embeddable":true,"href":"https:\/\/wp.unil.ch\/vallondenant\/wp-json\/wp\/v2\/media\/121"}],"wp:attachment":[{"href":"https:\/\/wp.unil.ch\/vallondenant\/wp-json\/wp\/v2\/media?parent=8"}],"curies":[{"name":"wp","href":"https:\/\/api.w.org\/{rel}","templated":true}]}}