{"id":170,"date":"2018-02-15T12:28:22","date_gmt":"2018-02-15T11:28:22","guid":{"rendered":"http:\/\/wp.unil.ch\/urbanrepair\/?page_id=170"},"modified":"2018-02-23T16:27:34","modified_gmt":"2018-02-23T15:27:34","slug":"description-du-projet","status":"publish","type":"page","link":"https:\/\/wp.unil.ch\/urbanrepair\/info\/description-du-projet\/","title":{"rendered":"\u00c0 propos"},"content":{"rendered":"<h4><span style=\"color: #ff0000\">New project<\/span><\/h4>\n<h3>Taking care of heating, ventilation and air conditioning in times of energy transition: or how repair and maintenance shape energy infrastructure<\/h3>\n<p><a href=\"https:\/\/wp.unil.ch\/urbanrepair\/description-du-projet\/\">Fran\u00e7ais<\/a>\u00a0\/ <a href=\"https:\/\/wp.unil.ch\/urbanrepair\/projektbeschreibung\/\">Deutsch<\/a> \/ <a href=\"https:\/\/wp.unil.ch\/urbanrepair\/info\/project-description\/\">English<\/a><\/p>\n<p>&nbsp;<\/p>\n<p>Un projet de recherche ethnographique \u00e0 l\u2019<a href=\"https:\/\/www.unil.ch\/igd\/\" target=\"_blank\" rel=\"noopener\">Institut de G\u00e9ographie et Durabilit\u00e9 de l\u2019Universit\u00e9 de Lausanne<\/a> qui examine :<\/p>\n<ul>\n<li>la r\u00e9paration et la maintenance des infrastructures \u00e9nerg\u00e9tiques de transition;<\/li>\n<li>les circonstances de ce travail;<\/li>\n<li>\u00a0les implications sociales et spatiales de la r\u00e9paration et de la maintenance.<\/li>\n<\/ul>\n<p>Le projet examine les pratiques de travail li\u00e9es au chauffage, \u00e0 la ventilation et \u00e0 la climatisation (CVC), et l\u2019aborde comme un aspect peu \u00e9tudi\u00e9 mais central de la transition des infrastructures et du changement social. Il s\u2019agira d\u2019\u00e9tudier les interventions de routine et d\u2019urgence des techniciens et les interactions qu\u2019ils effectueront avec des usagers, habitants, propri\u00e9taires, coll\u00e8gues de travail, sp\u00e9cialistes etc. Comment les ouvriers de fournisseurs complet de Facility Service et d\u2019entreprises sp\u00e9cialis\u00e9 en CVC r\u00e9pondent ils aux demandes en termes de chaleur, de fra\u00eecheur et de qualit\u00e9 de vie auxquelles ils sont confront\u00e9s durant leur travail, et quels sont les acteurs qui \u00e9mettent ces demandes ? Comment les probl\u00e8mes sont-ils r\u00e9solus et quels ajustements techniques sont-ils mis en place? Quelle est enfin la contribution de la r\u00e9paration et de la maintenance \u00e0 la coh\u00e9sion des infrastructures et de nos paysages urbains?<\/p>\n<p>Ce projet de recherche pr\u00e9sente un int\u00e9r\u00eat pour l\u2019industrie et la politique, et plus particuli\u00e8rement pour les acteurs suivants:<\/p>\n<ul>\n<li>Les d\u00e9cideurs, qui privil\u00e9gient les technologies efficientes sur le plan \u00e9nerg\u00e9tique, mais ne sont pas pleinement conscients des charges qu\u2019elles repr\u00e9sentent pour les entreprises.<\/li>\n<li>Les entreprises de service, qui doivent ajuster leurs proc\u00e9dures de travail \u00e0 de nouvelles technologies et \u00e0 de nouvelles exigences<\/li>\n<li>Les associations professionnelles, qui suivent de pr\u00e8s l\u2019\u00e9volution des conditions de travail et de l\u2019organisation du travail<\/li>\n<li>Les designers et planificateurs, qui sont convaincus du potentiel de cr\u00e9ativit\u00e9 que rec\u00e8le la r\u00e9paration<\/li>\n<li>Les consommateurs, qui souhaitent r\u00e9parer plut\u00f4t que jeter<\/li>\n<li>\u00a0Les chercheurs, qui aimeraient en savoir plus sur les cons\u00e9quences de la maintenance et de la r\u00e9paration, ainsi que sur leur contribution \u00e0 l\u2019ensemble de la soci\u00e9t\u00e9<\/li>\n<\/ul>\n<p>Ce projet est <a href=\"https:\/\/p3.snf.ch\/Project-165718\" target=\"_blank\" rel=\"noopener\">financ\u00e9 par le fonds national suisse de la recherche scientifique (FNS)<\/a>.<\/p>\n","protected":false},"excerpt":{"rendered":"<p>New project Taking care of heating, ventilation and air conditioning in times of energy transition: or how repair and maintenance shape energy infrastructure Fran\u00e7ais\u00a0\/ Deutsch \/ English &nbsp; Un projet de recherche ethnographique \u00e0 l\u2019Institut de G\u00e9ographie et Durabilit\u00e9 de<\/p>\n","protected":false},"author":1001711,"featured_media":0,"parent":190,"menu_order":0,"comment_status":"closed","ping_status":"closed","template":"","meta":{"_seopress_robots_primary_cat":"","_seopress_titles_title":"","_seopress_titles_desc":"","_seopress_robots_index":"","footnotes":""},"class_list":["post-170","page","type-page","status-publish"],"_links":{"self":[{"href":"https:\/\/wp.unil.ch\/urbanrepair\/wp-json\/wp\/v2\/pages\/170","targetHints":{"allow":["GET"]}}],"collection":[{"href":"https:\/\/wp.unil.ch\/urbanrepair\/wp-json\/wp\/v2\/pages"}],"about":[{"href":"https:\/\/wp.unil.ch\/urbanrepair\/wp-json\/wp\/v2\/types\/page"}],"author":[{"embeddable":true,"href":"https:\/\/wp.unil.ch\/urbanrepair\/wp-json\/wp\/v2\/users\/1001711"}],"replies":[{"embeddable":true,"href":"https:\/\/wp.unil.ch\/urbanrepair\/wp-json\/wp\/v2\/comments?post=170"}],"version-history":[{"count":0,"href":"https:\/\/wp.unil.ch\/urbanrepair\/wp-json\/wp\/v2\/pages\/170\/revisions"}],"up":[{"embeddable":true,"href":"https:\/\/wp.unil.ch\/urbanrepair\/wp-json\/wp\/v2\/pages\/190"}],"wp:attachment":[{"href":"https:\/\/wp.unil.ch\/urbanrepair\/wp-json\/wp\/v2\/media?parent=170"}],"curies":[{"name":"wp","href":"https:\/\/api.w.org\/{rel}","templated":true}]}}

À propos

<h4><span style="color: #ff0000">New project</span></h4>
<h3>Taking care of heating, ventilation and air conditioning in times of energy transition: or how repair and maintenance shape energy infrastructure</h3>
<p><a href="https://wp.unil.ch/urbanrepair/description-du-projet/">Français</a> / <a href="https://wp.unil.ch/urbanrepair/projektbeschreibung/">Deutsch</a> / <a href="https://wp.unil.ch/urbanrepair/info/project-description/">English</a></p>
<p>&nbsp;</p>
<p>Un projet de recherche ethnographique à l’<a href="https://www.unil.ch/igd/" target="_blank" rel="noopener">Institut de Géographie et Durabilité de l’Université de Lausanne</a> qui examine :</p>
<ul>
<li>la réparation et la maintenance des infrastructures énergétiques de transition;</li>
<li>les circonstances de ce travail;</li>
<li> les implications sociales et spatiales de la réparation et de la maintenance.</li>
</ul>
<p>Le projet examine les pratiques de travail liées au chauffage, à la ventilation et à la climatisation (CVC), et l’aborde comme un aspect peu étudié mais central de la transition des infrastructures et du changement social. Il s’agira d’étudier les interventions de routine et d’urgence des techniciens et les interactions qu’ils effectueront avec des usagers, habitants, propriétaires, collègues de travail, spécialistes etc. Comment les ouvriers de fournisseurs complet de Facility Service et d’entreprises spécialisé en CVC répondent ils aux demandes en termes de chaleur, de fraîcheur et de qualité de vie auxquelles ils sont confrontés durant leur travail, et quels sont les acteurs qui émettent ces demandes ? Comment les problèmes sont-ils résolus et quels ajustements techniques sont-ils mis en place? Quelle est enfin la contribution de la réparation et de la maintenance à la cohésion des infrastructures et de nos paysages urbains?</p>
<p>Ce projet de recherche présente un intérêt pour l’industrie et la politique, et plus particulièrement pour les acteurs suivants:</p>
<ul>
<li>Les décideurs, qui privilégient les technologies efficientes sur le plan énergétique, mais ne sont pas pleinement conscients des charges qu’elles représentent pour les entreprises.</li>
<li>Les entreprises de service, qui doivent ajuster leurs procédures de travail à de nouvelles technologies et à de nouvelles exigences</li>
<li>Les associations professionnelles, qui suivent de près l’évolution des conditions de travail et de l’organisation du travail</li>
<li>Les designers et planificateurs, qui sont convaincus du potentiel de créativité que recèle la réparation</li>
<li>Les consommateurs, qui souhaitent réparer plutôt que jeter</li>
<li> Les chercheurs, qui aimeraient en savoir plus sur les conséquences de la maintenance et de la réparation, ainsi que sur leur contribution à l’ensemble de la société</li>
</ul>
<p>Ce projet est <a href="https://p3.snf.ch/Project-165718" target="_blank" rel="noopener">financé par le fonds national suisse de la recherche scientifique (FNS)</a>.</p>

<p>New project Taking care of heating, ventilation and air conditioning in times of energy transition: or how repair and maintenance shape energy infrastructure Français / Deutsch / English &nbsp; Un projet de recherche ethnographique à l’Institut de Géographie et Durabilité de</p>
