{"id":656,"date":"2025-08-05T15:12:23","date_gmt":"2025-08-05T13:12:23","guid":{"rendered":"https:\/\/wp.unil.ch\/unis-arc-en-ciel\/?page_id=656"},"modified":"2025-09-23T14:01:21","modified_gmt":"2025-09-23T12:01:21","slug":"le-projet","status":"publish","type":"page","link":"https:\/\/wp.unil.ch\/unis-arc-en-ciel\/le-projet\/","title":{"rendered":"Le projet"},"content":{"rendered":"\n<div style=\"height:50px\" aria-hidden=\"true\" class=\"wp-block-spacer\"><\/div>\n\n\n\n<h1 class=\"wp-block-heading has-text-align-left\">Le projet<\/h1>\n\n\n\n<div style=\"height:50px\" aria-hidden=\"true\" class=\"wp-block-spacer\"><\/div>\n\n\n\n<p><strong>Vers des Unis Arc-en-ciel<\/strong> vise \u00e0 promouvoir la diversit\u00e9 et l\u2019inclusion des personnes LGBTIQ dans les hautes \u00e9coles universitaires (HEU) romandes. Le projet cherche \u00e0 renforcer la reconnaissance de la diversit\u00e9 d\u2019orientation affective et sexuelle, des identit\u00e9s et expressions de genre, et des caract\u00e9ristiques de sexe.<\/p>\n\n\n\n<p>Port\u00e9 par un r\u00e9seau d\u2019expert\u00b7es et ouvert sur la cit\u00e9, <strong>Vers des Unis Arc-en-ciel<\/strong> s\u2019attache \u00e0 d\u00e9velopper des collaborations et \u00e0 favoriser les \u00e9changes de bonnes pratiques au sein des institutions partenaires et \u00e0 toute haute \u00e9cole qui en manifeste l\u2019int\u00e9r\u00eat.<\/p>\n\n\n\n<p><strong>Vers des Unis Arc-en-ciel<\/strong> r\u00e9pond aux besoins de visibilit\u00e9, de sensibilisation et de formation aux questions LGBTIQ et participe \u00e0 offrir un environnement de travail et d\u2019\u00e9tudes inclusif et respectueux.<\/p>\n\n\n\n<div style=\"height:50px\" aria-hidden=\"true\" class=\"wp-block-spacer\"><\/div>\n\n\n\n<h2 class=\"wp-block-heading\">Vers des Unis Arc-en-ciel ambitionne de :<\/h2>\n\n\n\n<ul class=\"wp-block-list is-style-default\">\n<li>Offrir des opportunit\u00e9s de sensibilisation, de formations et d\u2019\u00e9change de savoirs autour des th\u00e9matiques LGBTIQ.<\/li>\n\n\n\n<li>Favoriser l\u2019\u00e9change de bonnes pratiques ainsi que la mise en commun de ressources et de savoir-faire entre les partenaires et permettre le d\u00e9veloppement d\u2019outils et de ressources partag\u00e9es.<\/li>\n\n\n\n<li class=\"has-custom-accent-1-color has-text-color has-link-color wp-elements-3e559d7c7a5cd2eb954b3dc4e9d88a4f\" style=\"border-radius:51px\">Ancrer les questions LGBTIQ dans le d\u00e9veloppement organisationnel des bureaux et services de l\u2019\u00e9galit\u00e9, diversit\u00e9 et inclusion des hautes \u00e9coles universitaires partenaires.<\/li>\n\n\n\n<li>Positionner chaque haute \u00e9cole universitaire partenaire comme institution publique qui promeut activement l\u2019\u00e9galit\u00e9 de traitement ainsi que l\u2019\u00e9galit\u00e9 d\u2019acc\u00e8s et de succ\u00e8s pour l\u2019ensemble de ses membres.<\/li>\n<\/ul>\n\n\n\n<div style=\"height:50px\" aria-hidden=\"true\" class=\"wp-block-spacer\"><\/div>\n\n\n\n<h2 class=\"wp-block-heading\">Th\u00e9matiques LGBTIQ<\/h2>\n\n\n\n<p>Les th\u00e9matiques LGBTIQ regroupent les enjeux, exp\u00e9riences et repr\u00e9sentations li\u00e9s aux personnes lesbiennes, gays, bisexuelles, trans, intersexes et queer ou en questionnement. Elles concernent les orientations affectives et sexuelles, les identit\u00e9s et expressions de genre et les caract\u00e9ristiques de sexe.<\/p>\n\n\n\n<p>Ces th\u00e9matiques explorent aussi les dynamiques sociales entourant la visibilit\u00e9, l\u2019inclusion et la protection des personnes LGBTIQ. Mettre en lumi\u00e8re ces th\u00e9matiques a pour objectif de d\u00e9construire des normes sociales et pr\u00e9jug\u00e9s qui sont vecteurs de discriminations \u00e0 l\u2019encontre des personnes LGBTIQ. Cela favorise \u00e9galement la reconnaissance et la l\u00e9gitimit\u00e9 de la pluralit\u00e9 des parcours de vie.<\/p>\n\n\n\n<div style=\"height:51px\" aria-hidden=\"true\" class=\"wp-block-spacer\"><\/div>\n\n\n\n<h2 class=\"wp-block-heading\">Partenaires du projet<\/h2>\n\n\n\n<ul class=\"wp-block-list\">\n<li>Universit\u00e9 de Fribourg<\/li>\n\n\n\n<li>Universit\u00e9 de Gen\u00e8ve<\/li>\n\n\n\n<li>Universit\u00e9 de Lausanne<\/li>\n\n\n\n<li>Universit\u00e9 de Neuch\u00e2tel<\/li>\n\n\n\n<li>\u00c9cole Polytechnique F\u00e9d\u00e9rale de Lausanne<\/li>\n<\/ul>\n\n\n\n<div style=\"height:50px\" aria-hidden=\"true\" class=\"wp-block-spacer\"><\/div>\n\n\n\n<div class=\"wp-block-group alignwide is-vertical is-layout-flex wp-container-core-group-is-layout-1866313d wp-block-group-is-layout-flex\" style=\"border-width:4px;margin-top:0;margin-bottom:0;padding-top:var(--wp--preset--spacing--40);padding-right:var(--wp--preset--spacing--40);padding-bottom:var(--wp--preset--spacing--40);padding-left:var(--wp--preset--spacing--40)\">\n<h2 class=\"wp-block-heading\">Avertissement et recommandation<\/h2>\n\n\n\n<p>Les bureaux et services de l&rsquo;\u00e9galit\u00e9 ne sont pas en mesure d\u2019assurer une prise en charge des situations de d\u00e9tresse psychologique ou d\u2019urgence. En cas d&rsquo;urgence, contactez :<strong>\u00a0<a href=\"https:\/\/www.chuv.ch\/fr\/144\/\" data-type=\"link\" data-id=\"https:\/\/www.chuv.ch\/fr\/144\/\" target=\"_blank\" rel=\"noreferrer noopener\">Urgences m\u00e9dicales<\/a><\/strong> : <strong><a href=\"tel:144\">144<\/a>\u00a0|\u00a0<a href=\"https:\/\/polizei.ch\/fr\" data-type=\"link\" data-id=\"https:\/\/polizei.ch\/fr\" target=\"_blank\" rel=\"noreferrer noopener\">Police<\/a> <\/strong>: <a href=\"tel:117\"><strong>117<\/strong><\/a><strong> |\u00a0<\/strong><a href=\"https:\/\/www.hug-ge.ch\/urgences\/secteur-psychiatrique\" target=\"_blank\" rel=\"noreferrer noopener\"><strong>La Main Tendue<\/strong><\/a> :\u00a0<strong><a href=\"tel:+41223723862\">143 <\/a><\/strong><\/p>\n<\/div>\n\n\n\n<div style=\"height:50px\" aria-hidden=\"true\" class=\"wp-block-spacer\"><\/div>\n","protected":false},"excerpt":{"rendered":"<p>Le projet Vers des Unis Arc-en-ciel vise \u00e0 promouvoir la diversit\u00e9 et l\u2019inclusion des personnes LGBTIQ dans les hautes \u00e9coles universitaires (HEU) romandes. Le projet cherche \u00e0 renforcer la reconnaissance de la diversit\u00e9 d\u2019orientation affective et sexuelle, des identit\u00e9s et expressions de genre, et des caract\u00e9ristiques de sexe. Port\u00e9 par un r\u00e9seau d\u2019expert\u00b7es et ouvert [&hellip;]<\/p>\n","protected":false},"author":1002422,"featured_media":0,"parent":0,"menu_order":0,"comment_status":"closed","ping_status":"closed","template":"wp-custom-template-mod-le-accueil-1","meta":{"_seopress_robots_primary_cat":"","_seopress_titles_title":"","_seopress_titles_desc":"","_seopress_robots_index":"","footnotes":""},"class_list":["post-656","page","type-page","status-publish"],"_links":{"self":[{"href":"https:\/\/wp.unil.ch\/unis-arc-en-ciel\/wp-json\/wp\/v2\/pages\/656","targetHints":{"allow":["GET"]}}],"collection":[{"href":"https:\/\/wp.unil.ch\/unis-arc-en-ciel\/wp-json\/wp\/v2\/pages"}],"about":[{"href":"https:\/\/wp.unil.ch\/unis-arc-en-ciel\/wp-json\/wp\/v2\/types\/page"}],"author":[{"embeddable":true,"href":"https:\/\/wp.unil.ch\/unis-arc-en-ciel\/wp-json\/wp\/v2\/users\/1002422"}],"replies":[{"embeddable":true,"href":"https:\/\/wp.unil.ch\/unis-arc-en-ciel\/wp-json\/wp\/v2\/comments?post=656"}],"version-history":[{"count":5,"href":"https:\/\/wp.unil.ch\/unis-arc-en-ciel\/wp-json\/wp\/v2\/pages\/656\/revisions"}],"predecessor-version":[{"id":1105,"href":"https:\/\/wp.unil.ch\/unis-arc-en-ciel\/wp-json\/wp\/v2\/pages\/656\/revisions\/1105"}],"wp:attachment":[{"href":"https:\/\/wp.unil.ch\/unis-arc-en-ciel\/wp-json\/wp\/v2\/media?parent=656"}],"curies":[{"name":"wp","href":"https:\/\/api.w.org\/{rel}","templated":true}]}}