{"id":632,"date":"2025-07-11T10:49:42","date_gmt":"2025-07-11T08:49:42","guid":{"rendered":"https:\/\/wp.unil.ch\/unis-arc-en-ciel\/?page_id=632"},"modified":"2025-09-23T14:41:40","modified_gmt":"2025-09-23T12:41:40","slug":"reconnaissance-de-lidentite-de-genre","status":"publish","type":"page","link":"https:\/\/wp.unil.ch\/unis-arc-en-ciel\/reconnaissance-de-lidentite-de-genre\/","title":{"rendered":"Reconnaissance de l&rsquo;identit\u00e9 de genre"},"content":{"rendered":"\n<div style=\"height:50px\" aria-hidden=\"true\" class=\"wp-block-spacer\"><\/div>\n\n\n<h2 class=\"wp-block-post-title\">Reconnaissance de l&rsquo;identit\u00e9 de genre<\/h2>\n\n\n<div style=\"height:50px\" aria-hidden=\"true\" class=\"wp-block-spacer\"><\/div>\n\n\n\n<p>La possibilit\u00e9 de changer de pr\u00e9nom constitue un enjeu fondamental pour les droits des personnes LGBTIQ, en particulier pour les personnes trans et\/ou non binaires. Le changement de pr\u00e9nom est souvent une \u00e9tape importante de la transition sociale. Il permet aux personnes trans et\/ou non binaires d\u2019avoir un pr\u00e9nom en ad\u00e9quation avec leur identit\u00e9 profonde.&nbsp;&nbsp;&nbsp;<\/p>\n\n\n\n<p>Pouvoir mettre \u00e0 jour son pr\u00e9nom sur certains documents comme la carte d\u2019\u00e9tudiant\u00b7ex permet \u00e0 la personne concern\u00e9e de vivre son identit\u00e9 en \u00e9tant sur un pied d\u2019\u00e9galit\u00e9 par rapport \u00e0 toute personne qui n\u2019a pas d\u00fb passer par un processus similaire.\u00a0\u00a0<\/p>\n\n\n\n<p>De plus, il s\u2019agit de prot\u00e9ger la vie priv\u00e9e, ainsi que l\u2019int\u00e9grit\u00e9 de la personne concern\u00e9e. En particulier, si elle a d\u00e9j\u00e0 entrepris d\u2019autres d\u00e9marches d\u2019affirmation de genre, r\u00e9duisant ainsi les risques de discrimination, de stigmatisation et de rejet. Utiliser le pr\u00e9nom de naissance ou des pronoms contre la volont\u00e9 de la personne est une atteinte \u00e0 la dignit\u00e9 et \u00e0 la vie priv\u00e9e.&nbsp;&nbsp;<\/p>\n\n\n\n<p>En Suisse, toute personne peut changer son pr\u00e9nom et\/ou la mention de sexe par simple d\u00e9claration \u00e0 l\u2019\u00e9tat civil. Toutefois, la reconnaissance est limit\u00e9e aux cat\u00e9gories binaires (homme\/femme), excluant les identit\u00e9s non binaires. &nbsp;<\/p>\n\n\n\n<h3 class=\"wp-block-heading\">(Pr\u00e9)nom d&rsquo;usage<\/h3>\n\n\n\n<p>Utiliser un (pr\u00e9)nom qui diff\u00e8re de celui inscrit dans le registre de l\u2019\u00e9tat civil au sein de son institution de travail, d\u2019\u00e9tudes ou de recherche, ainsi que faire adapter certains documents, participe \u00e0 la reconnaissance de l\u2019identit\u00e9 de genre de toutes les personnes. <\/p>\n\n\n\n<div style=\"height:49px\" aria-hidden=\"true\" class=\"wp-block-spacer\"><\/div>\n\n\n\n<h3 class=\"wp-block-heading has-text-align-center\">Diff\u00e9rentes proc\u00e9dures existent au sein des Unis Arc-en-ciel afin de formaliser et faciliter l\u2019acc\u00e8s \u00e0 cette demande :<\/h3>\n\n\n\n<div style=\"height:53px\" aria-hidden=\"true\" class=\"wp-block-spacer\"><\/div>\n\n\n\n<div class=\"wp-block-buttons alignwide is-horizontal is-content-justification-center is-layout-flex wp-container-core-buttons-is-layout-6fcff4c6 wp-block-buttons-is-layout-flex\">\n<div class=\"wp-block-button\"><a class=\"wp-block-button__link wp-element-button\" href=\"https:\/\/www.unine.ch\/egalite\/universite-inclusive\/lgbtiq\/\" style=\"border-radius:0px\" target=\"_blank\" rel=\"noreferrer noopener\">Universit\u00e9 de Neuch\u00e2tel<\/a><\/div>\n\n\n\n<div class=\"wp-block-button\"><a class=\"wp-block-button__link wp-element-button\" href=\"https:\/\/www.epfl.ch\/about\/equality\/fr\/projets\/nom-dusage-inclusif\/\" style=\"border-radius:0px\" target=\"_blank\" rel=\"noreferrer noopener\">EPFL<\/a><\/div>\n\n\n\n<div class=\"wp-block-button\"><a class=\"wp-block-button__link wp-element-button\" href=\"https:\/\/www.unifr.ch\/egalite\/fr\/actions\/lgbtiq.html\" style=\"border-style:none;border-width:0px;border-radius:0px\" target=\"_blank\" rel=\"noreferrer noopener\">Universit\u00e9 de Fribourg<\/a><\/div>\n\n\n\n<div class=\"wp-block-button\"><a class=\"wp-block-button__link wp-element-button\" href=\"https:\/\/www.unil.ch\/unil\/fr\/home\/menuinst\/universite\/egalite-diversite-inclusion\/lgbtiq\/transidentite.html\" style=\"border-radius:0px\" target=\"_blank\" rel=\"noreferrer noopener\">Universit\u00e9 de Lausanne<\/a><\/div>\n\n\n\n<div class=\"wp-block-button\"><a class=\"wp-block-button__link wp-element-button\" href=\"https:\/\/www.unige.ch\/rectorat\/egalite\/thematiques\/diversite\/questions-lgbtiq-a-lunige\/la-nouvelle-directive-prenom-nom-et-genre-dusage\/\" style=\"border-radius:0px\" target=\"_blank\" rel=\"noreferrer noopener\">Universit\u00e9 de Gen\u00e8ve<\/a><\/div>\n<\/div>\n\n\n\n<div style=\"height:53px\" aria-hidden=\"true\" class=\"wp-block-spacer\"><\/div>\n","protected":false},"excerpt":{"rendered":"<p>La possibilit\u00e9 de changer de pr\u00e9nom constitue un enjeu fondamental pour les droits des personnes LGBTIQ, en particulier pour les personnes trans et\/ou non binaires. Le changement de pr\u00e9nom est souvent une \u00e9tape importante de la transition sociale. Il permet aux personnes trans et\/ou non binaires d\u2019avoir un pr\u00e9nom en ad\u00e9quation avec leur identit\u00e9 profonde.&nbsp;&nbsp;&nbsp; [&hellip;]<\/p>\n","protected":false},"author":1002422,"featured_media":0,"parent":0,"menu_order":0,"comment_status":"closed","ping_status":"closed","template":"wp-custom-template-mod-le-accueil-1","meta":{"_seopress_robots_primary_cat":"","_seopress_titles_title":"","_seopress_titles_desc":"","_seopress_robots_index":"","footnotes":""},"class_list":["post-632","page","type-page","status-publish"],"_links":{"self":[{"href":"https:\/\/wp.unil.ch\/unis-arc-en-ciel\/wp-json\/wp\/v2\/pages\/632","targetHints":{"allow":["GET"]}}],"collection":[{"href":"https:\/\/wp.unil.ch\/unis-arc-en-ciel\/wp-json\/wp\/v2\/pages"}],"about":[{"href":"https:\/\/wp.unil.ch\/unis-arc-en-ciel\/wp-json\/wp\/v2\/types\/page"}],"author":[{"embeddable":true,"href":"https:\/\/wp.unil.ch\/unis-arc-en-ciel\/wp-json\/wp\/v2\/users\/1002422"}],"replies":[{"embeddable":true,"href":"https:\/\/wp.unil.ch\/unis-arc-en-ciel\/wp-json\/wp\/v2\/comments?post=632"}],"version-history":[{"count":5,"href":"https:\/\/wp.unil.ch\/unis-arc-en-ciel\/wp-json\/wp\/v2\/pages\/632\/revisions"}],"predecessor-version":[{"id":1128,"href":"https:\/\/wp.unil.ch\/unis-arc-en-ciel\/wp-json\/wp\/v2\/pages\/632\/revisions\/1128"}],"wp:attachment":[{"href":"https:\/\/wp.unil.ch\/unis-arc-en-ciel\/wp-json\/wp\/v2\/media?parent=632"}],"curies":[{"name":"wp","href":"https:\/\/api.w.org\/{rel}","templated":true}]}}