{"id":250,"date":"2025-04-10T14:49:15","date_gmt":"2025-04-10T12:49:15","guid":{"rendered":"https:\/\/wp.unil.ch\/unis-arc-en-ciel\/?page_id=250"},"modified":"2025-09-09T16:04:45","modified_gmt":"2025-09-09T14:04:45","slug":"agenda","status":"publish","type":"page","link":"https:\/\/wp.unil.ch\/unis-arc-en-ciel\/agenda\/","title":{"rendered":"Ev\u00e9nements"},"content":{"rendered":"\n<div style=\"height:50px\" aria-hidden=\"true\" class=\"wp-block-spacer\"><\/div>\n\n\n\n<h1 class=\"wp-block-heading alignfull\">\u00c9v\u00e9nements<\/h1>\n\n\n\n<div style=\"height:50px\" aria-hidden=\"true\" class=\"wp-block-spacer\"><\/div>\n\n\n\n<div class=\"wp-block-query alignfull is-layout-flow wp-block-query-is-layout-flow\"><ul class=\"wp-block-post-template is-layout-flow wp-block-post-template-is-layout-flow\"><li class=\"wp-block-post post-996 post type-post status-publish format-standard has-post-thumbnail category-evenements tag-conference\">\n\n<div class=\"wp-block-columns alignwide is-layout-flex wp-container-core-columns-is-layout-28f84493 wp-block-columns-is-layout-flex\">\n<div class=\"wp-block-column is-layout-flow wp-block-column-is-layout-flow\" style=\"flex-basis:30%\"><figure class=\"wp-block-post-featured-image\"><a href=\"https:\/\/wp.unil.ch\/unis-arc-en-ciel\/vers-des-unis-arc-en-ciel-conference-en-ligne\/\" target=\"_self\"  ><img loading=\"lazy\" decoding=\"async\" width=\"2486\" height=\"940\" src=\"https:\/\/wp.unil.ch\/unis-arc-en-ciel\/files\/2025\/08\/banniere3_essai4.png\" class=\"attachment-post-thumbnail size-post-thumbnail wp-post-image\" alt=\"Lancement du site Vers des Unis Arc-en-ciel\" style=\"object-fit:cover;\" srcset=\"https:\/\/wp.unil.ch\/unis-arc-en-ciel\/files\/2025\/08\/banniere3_essai4.png 2486w, https:\/\/wp.unil.ch\/unis-arc-en-ciel\/files\/2025\/08\/banniere3_essai4-300x113.png 300w, https:\/\/wp.unil.ch\/unis-arc-en-ciel\/files\/2025\/08\/banniere3_essai4-1024x387.png 1024w, https:\/\/wp.unil.ch\/unis-arc-en-ciel\/files\/2025\/08\/banniere3_essai4-768x290.png 768w, https:\/\/wp.unil.ch\/unis-arc-en-ciel\/files\/2025\/08\/banniere3_essai4-1536x581.png 1536w, https:\/\/wp.unil.ch\/unis-arc-en-ciel\/files\/2025\/08\/banniere3_essai4-2048x774.png 2048w\" sizes=\"auto, (max-width: 2486px) 100vw, 2486px\" \/><\/a><\/figure>\n\n\n<p class=\"has-text-align-left\"><strong>9 octobre &#8211; 16h30<\/strong><\/p>\n<\/div>\n\n\n\n<div class=\"wp-block-column is-layout-flow wp-block-column-is-layout-flow\" style=\"flex-basis:70%\"><div style=\"border-radius:0px;border-style:none;border-width:0px;padding-top:0;padding-bottom:0\" class=\"taxonomy-post_tag is-style-post-terms-1 is-style-post-terms-1--1 wp-block-post-terms\"><a href=\"https:\/\/wp.unil.ch\/unis-arc-en-ciel\/tag\/conference\/\" rel=\"tag\">Conf\u00e9rence<\/a><\/div>\n\n<h2 class=\"wp-block-post-title\"><a href=\"https:\/\/wp.unil.ch\/unis-arc-en-ciel\/vers-des-unis-arc-en-ciel-conference-en-ligne\/\" target=\"_self\" >Lancement du site Vers des Unis Arc-en-ciel<\/a><\/h2>\n\n<div class=\"has-link-color wp-elements-51c0f9e8edee79312a5370f6e446a218 wp-block-post-excerpt\"><p class=\"wp-block-post-excerpt__excerpt\">Les hautes \u00e9coles universitaires romandes ont le plaisir de vous inviter \u00e0 un \u00e9v\u00e9nement en ligne \u00e0 l&rsquo;occasion du lancement officiel du site internet Vers des Unis Arc-en-ciel. Ce moment d&rsquo;\u00e9changes constitue une \u00e9tape importante dans l\u2019engagement des hautes \u00e9coles en faveur de campus plus inclusifs.\u2026 <a class=\"wp-block-post-excerpt__more-link\" href=\"https:\/\/wp.unil.ch\/unis-arc-en-ciel\/vers-des-unis-arc-en-ciel-conference-en-ligne\/\">Lire la suite<\/a><\/p><\/div><\/div>\n<\/div>\n\n<\/li><\/ul><\/div>\n\n\n\n<div style=\"height:50px\" aria-hidden=\"true\" class=\"wp-block-spacer\"><\/div>\n","protected":false},"excerpt":{"rendered":"<p>\u00c9v\u00e9nements<\/p>\n","protected":false},"author":1002422,"featured_media":0,"parent":0,"menu_order":0,"comment_status":"closed","ping_status":"closed","template":"wp-custom-template-mod-le-accueil-1","meta":{"_seopress_robots_primary_cat":"","_seopress_titles_title":"","_seopress_titles_desc":"","_seopress_robots_index":"","footnotes":""},"class_list":["post-250","page","type-page","status-publish"],"_links":{"self":[{"href":"https:\/\/wp.unil.ch\/unis-arc-en-ciel\/wp-json\/wp\/v2\/pages\/250","targetHints":{"allow":["GET"]}}],"collection":[{"href":"https:\/\/wp.unil.ch\/unis-arc-en-ciel\/wp-json\/wp\/v2\/pages"}],"about":[{"href":"https:\/\/wp.unil.ch\/unis-arc-en-ciel\/wp-json\/wp\/v2\/types\/page"}],"author":[{"embeddable":true,"href":"https:\/\/wp.unil.ch\/unis-arc-en-ciel\/wp-json\/wp\/v2\/users\/1002422"}],"replies":[{"embeddable":true,"href":"https:\/\/wp.unil.ch\/unis-arc-en-ciel\/wp-json\/wp\/v2\/comments?post=250"}],"version-history":[{"count":5,"href":"https:\/\/wp.unil.ch\/unis-arc-en-ciel\/wp-json\/wp\/v2\/pages\/250\/revisions"}],"predecessor-version":[{"id":1065,"href":"https:\/\/wp.unil.ch\/unis-arc-en-ciel\/wp-json\/wp\/v2\/pages\/250\/revisions\/1065"}],"wp:attachment":[{"href":"https:\/\/wp.unil.ch\/unis-arc-en-ciel\/wp-json\/wp\/v2\/media?parent=250"}],"curies":[{"name":"wp","href":"https:\/\/api.w.org\/{rel}","templated":true}]}}