{"id":23,"date":"2013-04-09T17:24:00","date_gmt":"2013-04-09T15:24:00","guid":{"rendered":"http:\/\/wp.unil.ch\/unimedia\/?page_id=23"},"modified":"2014-09-24T20:21:57","modified_gmt":"2014-09-24T18:21:57","slug":"unimedia-en-bref","status":"publish","type":"page","link":"https:\/\/wp.unil.ch\/unimedia\/unimedia-en-bref\/","title":{"rendered":"Unimedia en bref"},"content":{"rendered":"<h4>L\u2019espace audiovisuel et multim\u00e9dia de l\u2019Universit\u00e9 de Lausanne<\/h4>\n<p>Unimedia, vitrine du patrimoine audiovisuel de l&rsquo;UNIL, effectue une mue importante en ouvrant un nouveau site web. Celui-ci souhaite offrir \u00e0 ses visiteurs une navigation affin\u00e9e, ainsi que des images et des vid\u00e9os de haute qualit\u00e9.<\/p>\n<p>En lien avec ses activit\u00e9s de recherche et d&rsquo;enseignement, l&rsquo;UNIL a rassembl\u00e9, tout au long de son histoire et plus particuli\u00e8rement depuis le 19\u00e8me si\u00e8cle et les d\u00e9buts de la photographie, de nombreux documents iconographiques. La plupart de ces collections (photos, illustrations, vid\u00e9os ou documents multim\u00e9dia) ont \u00e9t\u00e9 r\u00e9alis\u00e9s par nos chercheurs. D&rsquo;autres tr\u00e9sors sont issus de donations de familles ou d&rsquo;institutions, qui voyaient en l\u2019UNIL, entit\u00e9 symbolique du savoir, le lieu le plus adapt\u00e9 pour les conserver et les valoriser.<\/p>\n<p>Aujourd&rsquo;hui, \u00e0 l\u2019\u00e8re du num\u00e9rique, ces anciens fonds trouvent une seconde vocation dans la cr\u00e9ation de nouvelles connaissances. Ainsi \u00e0 l\u2019Universit\u00e9 de Lausanne, d\u2019importants programmes de num\u00e9risation et de documentation ont \u00e9t\u00e9 initi\u00e9s en histoire de l\u2019art, en arch\u00e9ologie, en litt\u00e9rature et en sciences.<\/p>\n<p>Rassembler, valoriser et r\u00e9v\u00e9ler ce patrimoine unique constitue la mission d&rsquo;Unimedia. Ses partenaires potentiels sont l&rsquo;ensemble de la communaut\u00e9 universitaire, professeurs, assistants ou \u00e9tudiants. Unimedia travaille \u00e9galement avec des partenaires externes : mus\u00e9es, fondations ou instituts de recherche. Relevons que plusieurs projets, d&rsquo;importance nationale et internationale, ont b\u00e9n\u00e9fici\u00e9 du soutien de Memoriav, l&rsquo;Association pour la sauvegarde de la m\u00e9moire audiovisuelle suisse.<\/p>\n<p>Unimedia souhaite promouvoir le rapprochement entre la cit\u00e9 et l&rsquo;universit\u00e9 en diffusant le savoir vivant. L\u2019Universit\u00e9 de Lausanne se profile pour d\u00e9montrer que ce savoir est universel, qu\u2019il appartient \u00e0 chacun d\u2019entre nous. Ces collections sont ainsi mises \u00e0 disposition sur notre site web \u00e0 l&rsquo;attention des chercheurs, des \u00e9coles et de tous les esprits curieux.<\/p>\n<h4>Historique<\/h4>\n<p>1996 Unimage (banque d&rsquo;images): projet Cumulus (CGI Web)<\/p>\n<p>2001 Lancement du Projet Unimedia: Base de donn\u00e9es m\u00e9dia multi-fonds (Oracle et Sun)<\/p>\n<p>2003 Unimedia : mise en service, puis seconde \u00e9tape de d\u00e9veloppement<\/p>\n<p>2006 Fusion de la banque d&rsquo;images et des productions multim\u00e9dia en un site\u00a0Jahia, nomm\u00e9 toujours Unim\u00e9dia:\u00a0l&rsquo;espace image, son et vid\u00e9o de l&rsquo;Universit\u00e9 de Lausanne<\/p>\n<p>2007 -&gt;\u00a0D\u00e9veloppement de bases de donn\u00e9es en relation avec de nombreux\u00a0partenaires et fonds iconographiques<\/p>\n<p>2008 Une nouvelle base de donn\u00e9e \u00ab\u00a0Fotbase\u00a0\u00bb est cr\u00e9e et aliment\u00e9e\u00a0par Unicom pour classer rapidement les images, toujours plus nombreuses, utilis\u00e9es tant dans les publications papier, que les sites web, ou encore prises lors d&rsquo;\u00e9v\u00e9nements de l&rsquo;Universit\u00e9.<\/p>\n<p>2012 Migration de la banque d&rsquo;images Unimedia vers Serval<\/p>\n<p>2014 Cr\u00e9ation, synth\u00e8se et migration des contenus vers Unimedia WordPress, r\u00e9alis\u00e9e principalement par Jean-Jacques Strahm <a href=\"https:\/\/www.stramatakis.ch\">\u00ab\u00a0Stramatakis\u00a0\u00bb<\/a>.\u00a0Unimedia devient l&rsquo;espace audiovisuel et multim\u00e9dia de l&rsquo;Universit\u00e9 de Lausanne.<\/p>\n<h4>L&rsquo;\u00e9quipe<\/h4>\n<p>Responsable Service Unicom: <a href=\"mailto:Philippe.Gagnebin@unil.ch?subject=Site Web Unimedia\">Philippe Gagnebin<\/a><br \/>\nResponsable multim\u00e9dia Unicom:\u00a0<a href=\"mailto:Yannick Meyer@unil.ch?subject=Site Web Unimedia&amp;cc=Floriane.Beetschen@unil.ch\">Yannick Meyer<\/a><br \/>\nResponsable web Unim\u00e9dia: <a href=\"mailto:Floriane.Beetschen@unil.ch?subject=Site Web Unimedia&amp;cc=Yannick.Meyer@unil.ch\">Floriane Beetschen<\/a><\/p>\n","protected":false},"excerpt":{"rendered":"<p>L\u2019espace audiovisuel et multim\u00e9dia de l\u2019Universit\u00e9 de Lausanne Unimedia, vitrine du patrimoine audiovisuel de l&rsquo;UNIL, effectue une mue importante en ouvrant un nouveau site web. Celui-ci souhaite offrir&hellip;<\/p>\n","protected":false},"author":47,"featured_media":0,"parent":0,"menu_order":0,"comment_status":"closed","ping_status":"closed","template":"","meta":{"_seopress_robots_primary_cat":"","_seopress_titles_title":"","_seopress_titles_desc":"","_seopress_robots_index":"","footnotes":""},"class_list":["post-23","page","type-page","status-publish","has-post-thumbnail"],"_links":{"self":[{"href":"https:\/\/wp.unil.ch\/unimedia\/wp-json\/wp\/v2\/pages\/23","targetHints":{"allow":["GET"]}}],"collection":[{"href":"https:\/\/wp.unil.ch\/unimedia\/wp-json\/wp\/v2\/pages"}],"about":[{"href":"https:\/\/wp.unil.ch\/unimedia\/wp-json\/wp\/v2\/types\/page"}],"author":[{"embeddable":true,"href":"https:\/\/wp.unil.ch\/unimedia\/wp-json\/wp\/v2\/users\/47"}],"replies":[{"embeddable":true,"href":"https:\/\/wp.unil.ch\/unimedia\/wp-json\/wp\/v2\/comments?post=23"}],"version-history":[{"count":0,"href":"https:\/\/wp.unil.ch\/unimedia\/wp-json\/wp\/v2\/pages\/23\/revisions"}],"wp:attachment":[{"href":"https:\/\/wp.unil.ch\/unimedia\/wp-json\/wp\/v2\/media?parent=23"}],"curies":[{"name":"wp","href":"https:\/\/api.w.org\/{rel}","templated":true}]}}