{"id":415,"date":"2026-03-02T16:42:30","date_gmt":"2026-03-02T15:42:30","guid":{"rendered":"https:\/\/wp.unil.ch\/transition-juste\/?page_id=415"},"modified":"2026-03-05T09:07:49","modified_gmt":"2026-03-05T08:07:49","slug":"les-videos","status":"publish","type":"page","link":"https:\/\/wp.unil.ch\/transition-juste\/les-videos\/","title":{"rendered":"LES VID\u00c9OS"},"content":{"rendered":"\n<div class=\"wp-block-columns is-layout-flex wp-container-core-columns-is-layout-9d6595d7 wp-block-columns-is-layout-flex\">\n<div class=\"wp-block-column is-layout-flow wp-block-column-is-layout-flow\">\n<h4 class=\"wp-block-heading\">Gouverner les transitions justes. Vers l\u2019\u00c9tat social-\u00e9cologique<\/h4>\n\n\n\n<p><strong>Dre. Aurore Fransolet (ULB, Belgique)<\/strong><br>25 novembre 2025<\/p>\n\n\n\n<figure class=\"wp-block-embed is-type-video is-provider-youtube wp-block-embed-youtube wp-embed-aspect-16-9 wp-has-aspect-ratio\"><div class=\"wp-block-embed__wrapper\">\n<iframe loading=\"lazy\" title=\"Gouverner les transitions justes. Vers l\u2019\u00c9tat social-\u00e9cologique -  Dre. Aurore Fransolet (ULB)\" width=\"580\" height=\"326\" src=\"https:\/\/www.youtube.com\/embed\/-PLaYl6cXks?feature=oembed\" frameborder=\"0\" allow=\"accelerometer; autoplay; clipboard-write; encrypted-media; gyroscope; picture-in-picture; web-share\" referrerpolicy=\"strict-origin-when-cross-origin\" allowfullscreen><\/iframe>\n<\/div><\/figure>\n\n\n\n<p>Alors que la crise climatique s&rsquo;aggrave, le concept de \u201c<em>Transition Juste<\/em>\u201d a gagn\u00e9 en popularit\u00e9 \u00e0 l&rsquo;\u00e9chelle mondiale, mais ses dimensions sociales restent peu explor\u00e9es, en particulier en Suisse.<\/p>\n\n\n\n<p>Dans cette conf\u00e9rence, Aurore Fransolet, chercheuse senior en \u00e9conomie \u00e9cologique et titulaire de la chaire <em>Transition Juste<\/em> \u00e0 l&rsquo;Universit\u00e9 Libre de Bruxelles, examine comment la justice peut \u00eatre int\u00e9gr\u00e9e dans la transformation \u00e9cologique, en mettant l&rsquo;accent sur les exp\u00e9riences politiques men\u00e9es en Belgique et la vision d&rsquo;un \u00c9tat socio-\u00e9cologique. <\/p>\n\n\n\n<p>Aurore Fransolet s&rsquo;appuie sur son travail en tant qu&rsquo;auteure principale du rapport historique \u00ab&nbsp;Just Transition in Belgium: Concepts, Issues at Stake, and Policy Levers&nbsp;\u00bb, command\u00e9 par le gouvernement f\u00e9d\u00e9ral belge. Elle r\u00e9fl\u00e9chit \u00e9galement aux lacunes de la recherche et aux orientations futures pour int\u00e9grer l&rsquo;\u00e9quit\u00e9 sociale dans la gouvernance environnementale. <\/p>\n\n\n\n<p>Chercheuse postdoctorale \u00e0 l&rsquo;OFCE (Sciences Po Paris) et ancienne experte en politique climatique pour le gouvernement belge, le travail de la Dre. Fransolet fait le pont entre la th\u00e9orie acad\u00e9mique et la politique publique, offrant des perspectives critiques aux soci\u00e9t\u00e9s confront\u00e9es \u00e0 des crises \u00e9cologiques et sociales qui se chevauchent.<\/p>\n<\/div>\n\n\n\n<div class=\"wp-block-column is-layout-flow wp-block-column-is-layout-flow\">\n<h4 class=\"wp-block-heading\">qui contr\u00f4le l&rsquo;\u00e9nergie ? pouvoir, in\u00e9galit\u00e9s et transition \u00e9cologique<\/h4>\n\n\n\n<p><strong>Prof. Lucas Chancel<\/strong> <strong>(Sciences Po, France)<\/strong><br>4 mars 2026<\/p>\n\n\n\n<figure class=\"wp-block-embed is-type-video is-provider-youtube wp-block-embed-youtube wp-embed-aspect-16-9 wp-has-aspect-ratio\"><div class=\"wp-block-embed__wrapper\">\n<iframe loading=\"lazy\" title=\"Conf\u00e9rence inaugurale du cycle \u00ab Transition Juste \u00bb \u2013 avec Lucas Chancel\" width=\"580\" height=\"326\" src=\"https:\/\/www.youtube.com\/embed\/_A0WcgnvUE4?feature=oembed\" frameborder=\"0\" allow=\"accelerometer; autoplay; clipboard-write; encrypted-media; gyroscope; picture-in-picture; web-share\" referrerpolicy=\"strict-origin-when-cross-origin\" allowfullscreen><\/iframe>\n<\/div><\/figure>\n\n\n\n<p>Dans son dernier ouvrage, <em>\u00c9nergie et In\u00e9galit\u00e9s : Une Histoire Politique<\/em> (\u00c9ditions du Seuil, 2025) , Lucas Chancel montre que l\u2019histoire de l\u2019\u00e9nergie est indissociable de celle des in\u00e9galit\u00e9s sociales. Depuis la pr\u00e9histoire, les choix \u00e9nerg\u00e9tiques fa\u00e7onnent les hi\u00e9rarchies sociales, les structures \u00e9conomiques et les rapports de pouvoir entre groupes sociaux et nations. La propri\u00e9t\u00e9 des ressources et des infrastructures \u00e9nerg\u00e9tiques constitue un enjeu central de luttes sociales et politiques : selon qui contr\u00f4le l\u2019\u00e9nergie, des trajectoires de d\u00e9veloppement radicalement diff\u00e9rentes deviennent possibles. <\/p>\n\n\n\n<p>Il analyse notamment les in\u00e9galit\u00e9s de revenus et de patrimoines \u00e0 l\u2019\u00e9chelle mondiale, ainsi que les in\u00e9galit\u00e9s en mati\u00e8re de pollution, en mobilisant des donn\u00e9es fiscales, des enqu\u00eates aupr\u00e8s des m\u00e9nages et des comptes nationaux. Cette conf\u00e9rence propose une mise en perspective historique et politique des d\u00e9bats actuels sur la transition \u00e9nerg\u00e9tique. Elle offre des cl\u00e9s d\u2019analyse essentielles pour penser des politiques climatiques capables de conjuguer transformation \u00e9cologique et justice sociale.<\/p>\n\n\n\n<p>Lucas Chancel est professeur \u00e0 Sciences Po, au sein du Centre de recherche sur les in\u00e9galit\u00e9s sociales, et co-directeur du Laboratoire sur les In\u00e9galit\u00e9s Mondiales \u00e0 l\u2019\u00c9cole d&rsquo;\u00e9conomie de Paris. Ses travaux portent sur l\u2019\u00e9tude des in\u00e9galit\u00e9s \u00e9conomiques, leurs interactions avec les mod\u00e8les de d\u00e9veloppement non durables, ainsi que sur la mise en \u0153uvre de politiques sociales et \u00e9cologiques. <\/p>\n<\/div>\n\n\n\n<div class=\"wp-block-column is-layout-flow wp-block-column-is-layout-flow\"><\/div>\n<\/div>\n","protected":false},"excerpt":{"rendered":"<p>Gouverner les transitions justes. Vers l\u2019\u00c9tat social-\u00e9cologique Dre. Aurore Fransolet (ULB, Belgique)25 novembre 2025 Alors que la crise climatique s&rsquo;aggrave, le concept de \u201cTransition Juste\u201d a gagn\u00e9 en&hellip;<\/p>\n","protected":false},"author":1002526,"featured_media":0,"parent":0,"menu_order":0,"comment_status":"closed","ping_status":"closed","template":"template-full-width.php","meta":{"_seopress_robots_primary_cat":"","_seopress_titles_title":"","_seopress_titles_desc":"","_seopress_robots_index":"","_uag_custom_page_level_css":"","footnotes":""},"class_list":["post-415","page","type-page","status-publish","has-post-thumbnail"],"uagb_featured_image_src":{"full":false,"thumbnail":false,"medium":false,"medium_large":false,"large":false,"1536x1536":false,"2048x2048":false,"post-thumbnail":false,"chaplin_preview_image_low_resolution":false,"chaplin_preview_image_high_resolution":false,"chaplin_fullscreen":false},"uagb_author_info":{"display_name":"Niccolo Panozzo","author_link":"https:\/\/wp.unil.ch\/transition-juste\/author\/npanozzo\/"},"uagb_comment_info":0,"uagb_excerpt":"Gouverner les transitions justes. Vers l\u2019\u00c9tat social-\u00e9cologique Dre. Aurore Fransolet (ULB, Belgique)25 novembre 2025 Alors que la crise climatique s&rsquo;aggrave, le concept de \u201cTransition Juste\u201d a gagn\u00e9 en&hellip;","_links":{"self":[{"href":"https:\/\/wp.unil.ch\/transition-juste\/wp-json\/wp\/v2\/pages\/415","targetHints":{"allow":["GET"]}}],"collection":[{"href":"https:\/\/wp.unil.ch\/transition-juste\/wp-json\/wp\/v2\/pages"}],"about":[{"href":"https:\/\/wp.unil.ch\/transition-juste\/wp-json\/wp\/v2\/types\/page"}],"author":[{"embeddable":true,"href":"https:\/\/wp.unil.ch\/transition-juste\/wp-json\/wp\/v2\/users\/1002526"}],"replies":[{"embeddable":true,"href":"https:\/\/wp.unil.ch\/transition-juste\/wp-json\/wp\/v2\/comments?post=415"}],"version-history":[{"count":4,"href":"https:\/\/wp.unil.ch\/transition-juste\/wp-json\/wp\/v2\/pages\/415\/revisions"}],"predecessor-version":[{"id":436,"href":"https:\/\/wp.unil.ch\/transition-juste\/wp-json\/wp\/v2\/pages\/415\/revisions\/436"}],"wp:attachment":[{"href":"https:\/\/wp.unil.ch\/transition-juste\/wp-json\/wp\/v2\/media?parent=415"}],"curies":[{"name":"wp","href":"https:\/\/api.w.org\/{rel}","templated":true}]}}