{"id":244,"date":"2026-01-27T16:27:30","date_gmt":"2026-01-27T15:27:30","guid":{"rendered":"https:\/\/wp.unil.ch\/transition-juste\/?page_id=244"},"modified":"2026-03-26T10:55:42","modified_gmt":"2026-03-26T09:55:42","slug":"les-protagonistes","status":"publish","type":"page","link":"https:\/\/wp.unil.ch\/transition-juste\/les-protagonistes\/","title":{"rendered":"LES PROTAGONISTES"},"content":{"rendered":"\n<div class=\"wp-block-uagb-container uagb-block-a1bef772 alignfull uagb-is-root-container\"><div class=\"uagb-container-inner-blocks-wrap\">\n<div class=\"wp-block-uagb-container uagb-block-639f8a73\">\n<figure class=\"wp-block-image size-medium is-style-default\"><img loading=\"lazy\" decoding=\"async\" width=\"300\" height=\"300\" src=\"https:\/\/wp.unil.ch\/transition-juste\/files\/2026\/02\/design-sans-titre-1-300x300.png\" alt=\"design sans titre\" class=\"wp-image-402\" style=\"aspect-ratio:1;object-fit:cover\" srcset=\"https:\/\/wp.unil.ch\/transition-juste\/files\/2026\/02\/design-sans-titre-1-300x300.png 300w, https:\/\/wp.unil.ch\/transition-juste\/files\/2026\/02\/design-sans-titre-1-150x150.png 150w, https:\/\/wp.unil.ch\/transition-juste\/files\/2026\/02\/design-sans-titre-1-768x768.png 768w, https:\/\/wp.unil.ch\/transition-juste\/files\/2026\/02\/design-sans-titre-1-540x540.png 540w, https:\/\/wp.unil.ch\/transition-juste\/files\/2026\/02\/design-sans-titre-1.png 1000w\" sizes=\"auto, (max-width: 300px) 100vw, 300px\" \/><\/figure>\n\n\n\n<h2 class=\"wp-block-heading\">aurore fransolet<\/h2>\n\n\n\n<p>Aurore Fransolet est chercheuse senior en \u00e9conomie \u00e9cologique et politiques \u00e9cosociales. Ses recherches adoptent des approches transdisciplinaires et interdisciplinaires pour \u00e9tudier la gouvernance des transitions justes dans une perspective post-croissance et la mani\u00e8re dont les soci\u00e9t\u00e9s peuvent aborder de mani\u00e8re int\u00e9gr\u00e9e les in\u00e9galit\u00e9s sociales et les crises \u00e9cologiques simultan\u00e9es. Elle est titulaire de la chaire \u00ab Transition juste \u00bb au sein du groupe de recherche sur la dynamique socio-environnementale (SONYA) de l&rsquo;Universit\u00e9 Libre de Bruxelles et occupe un poste de post-doctorante au Centre de recherche \u00e9conomique (OFCE) de Sciences Po Paris. <\/p>\n\n\n\n<p>Aurore Fransolet a pr\u00e9c\u00e9demment travaill\u00e9 comme experte en politique climatique pour le d\u00e9partement f\u00e9d\u00e9ral belge charg\u00e9 du changement climatique et participe activement aux discussions sur l&rsquo;\u00e9laboration de politiques publiques pour une transition juste en Belgique.<\/p>\n\n\n\n<div class=\"wp-block-buttons is-layout-flex wp-block-buttons-is-layout-flex\">\n<div class=\"wp-block-button\"><a class=\"wp-block-button__link wp-element-button\" href=\"https:\/\/wp.unil.ch\/transition-juste\/la-transition-juste-cest-assurer-le-bien-etre-de-toutes-les-formes-de-vie\/\" style=\"border-top-left-radius:10px;border-top-right-radius:10px;border-bottom-left-radius:10px;border-bottom-right-radius:10px\">Revivez sa conf\u00e9rence<\/a><\/div>\n<\/div>\n<\/div>\n\n\n\n<div class=\"wp-block-uagb-container uagb-block-f5691e4f\">\n<figure class=\"wp-block-image size-medium\"><img loading=\"lazy\" decoding=\"async\" width=\"300\" height=\"300\" src=\"https:\/\/wp.unil.ch\/transition-juste\/files\/2026\/02\/design-sans-titre1-300x300.png\" alt=\"design sans titre(1)\" class=\"wp-image-399\" srcset=\"https:\/\/wp.unil.ch\/transition-juste\/files\/2026\/02\/design-sans-titre1-300x300.png 300w, https:\/\/wp.unil.ch\/transition-juste\/files\/2026\/02\/design-sans-titre1-150x150.png 150w, https:\/\/wp.unil.ch\/transition-juste\/files\/2026\/02\/design-sans-titre1-768x768.png 768w, https:\/\/wp.unil.ch\/transition-juste\/files\/2026\/02\/design-sans-titre1-540x540.png 540w, https:\/\/wp.unil.ch\/transition-juste\/files\/2026\/02\/design-sans-titre1.png 1000w\" sizes=\"auto, (max-width: 300px) 100vw, 300px\" \/><\/figure>\n\n\n\n<h2 class=\"wp-block-heading\">lucas chancel<\/h2>\n\n\n\n<p>Lucas Chancel est professeur \u00e0 Sciences Po, au sein du Centre de recherche sur les in\u00e9galit\u00e9s sociales, et co-directeur du World Inequality Lab \u00e0 l\u2019\u00c9cole d\u2019\u00e9conomie de Paris.<\/p>\n\n\n\n<p>Ses travaux portent sur l\u2019\u00e9tude des in\u00e9galit\u00e9s \u00e9conomiques, leurs interactions avec les mod\u00e8les de d\u00e9veloppement non durables, ainsi que sur la mise en \u0153uvre de politiques sociales et \u00e9cologiques. Il analyse notamment les in\u00e9galit\u00e9s de revenus et de patrimoines \u00e0 l\u2019\u00e9chelle mondiale, ainsi que les in\u00e9galit\u00e9s en mati\u00e8re de pollution, en mobilisant des donn\u00e9es fiscales, des enqu\u00eates aupr\u00e8s des m\u00e9nages et des comptes nationaux.<\/p>\n\n\n\n<div class=\"wp-block-buttons is-layout-flex wp-block-buttons-is-layout-flex\">\n<div class=\"wp-block-button\"><a class=\"wp-block-button__link wp-element-button\" href=\"https:\/\/www.youtube.com\/watch?v=_A0WcgnvUE4&amp;t=5s\" style=\"border-top-left-radius:10px;border-top-right-radius:10px;border-bottom-left-radius:10px;border-bottom-right-radius:10px\">Revivez sa conf\u00e9rence\u00a0!<\/a><\/div>\n<\/div>\n<\/div>\n\n\n\n<div class=\"wp-block-uagb-container uagb-block-361a7624\">\n<figure class=\"wp-block-image size-medium\"><img loading=\"lazy\" decoding=\"async\" width=\"300\" height=\"300\" src=\"https:\/\/wp.unil.ch\/transition-juste\/files\/2026\/02\/design-sans-titre2-300x300.png\" alt=\"design sans titre(2)\" class=\"wp-image-401\" srcset=\"https:\/\/wp.unil.ch\/transition-juste\/files\/2026\/02\/design-sans-titre2-300x300.png 300w, https:\/\/wp.unil.ch\/transition-juste\/files\/2026\/02\/design-sans-titre2-150x150.png 150w, https:\/\/wp.unil.ch\/transition-juste\/files\/2026\/02\/design-sans-titre2-768x768.png 768w, https:\/\/wp.unil.ch\/transition-juste\/files\/2026\/02\/design-sans-titre2-540x540.png 540w, https:\/\/wp.unil.ch\/transition-juste\/files\/2026\/02\/design-sans-titre2.png 1000w\" sizes=\"auto, (max-width: 300px) 100vw, 300px\" \/><\/figure>\n\n\n\n<h2 class=\"wp-block-heading\">Olivier De Schutter<\/h2>\n\n\n\n<p><strong>Olivier De Schutter<\/strong>&nbsp;est professeur de droit international \u00e0 l\u2019UCLouvain.<\/p>\n\n\n\n<p>Au long de sa carri\u00e8re, il a couvert nombreuses positions au sein des Nations Unies :<\/p>\n\n\n\n<ul class=\"wp-block-list\">\n<li>Rapporteur sp\u00e9cial de l\u2019ONU sur le droit \u00e0 l\u2019alimentation (2008\u20132014) ;<\/li>\n\n\n\n<li>Membre du Comit\u00e9 des droits \u00e9conomiques, sociaux et culturels (2015\u20132020) ;<\/li>\n\n\n\n<li>Co-pr\u00e9sident du Panel international d\u2019experts sur les syst\u00e8mes alimentaires durables (IPES-Food) ;<\/li>\n\n\n\n<li><strong>Depuis 2020, Rapporteur sp\u00e9cial sur les droits de l\u2019homme et l\u2019extr\u00eame pauvret\u00e9.<\/strong><\/li>\n<\/ul>\n\n\n\n<p>Ses travaux contribuent \u00e0 d\u00e9finir les conditions d\u2019une&nbsp;<strong>transition \u00e9cologique sociale<\/strong>, attentive aux droits fondamentaux, aux syst\u00e8mes alimentaires durables et \u00e0 la redistribution du pouvoir \u00e9conomique.<\/p>\n\n\n\n<div class=\"wp-block-buttons is-layout-flex wp-block-buttons-is-layout-flex\">\n<div class=\"wp-block-button\"><a class=\"wp-block-button__link wp-element-button\" href=\"https:\/\/events.unil.ch\/register\/647\" style=\"border-top-left-radius:10px;border-top-right-radius:10px;border-bottom-left-radius:10px;border-bottom-right-radius:10px\">Participez \u00e0 sa conf\u00e9rence&nbsp;!<\/a><\/div>\n<\/div>\n<\/div>\n\n\n\n<div class=\"wp-block-uagb-container uagb-block-acd00477\">\n<p><\/p>\n<\/div>\n<\/div><\/div>\n","protected":false},"excerpt":{"rendered":"<p>aurore fransolet Aurore Fransolet est chercheuse senior en \u00e9conomie \u00e9cologique et politiques \u00e9cosociales. Ses recherches adoptent des approches transdisciplinaires et interdisciplinaires pour \u00e9tudier la gouvernance des transitions justes&hellip;<\/p>\n","protected":false},"author":1002526,"featured_media":0,"parent":0,"menu_order":0,"comment_status":"closed","ping_status":"closed","template":"template-full-width.php","meta":{"_seopress_robots_primary_cat":"","_seopress_titles_title":"","_seopress_titles_desc":"","_seopress_robots_index":"","_uag_custom_page_level_css":"","footnotes":""},"class_list":["post-244","page","type-page","status-publish","has-post-thumbnail"],"uagb_featured_image_src":{"full":false,"thumbnail":false,"medium":false,"medium_large":false,"large":false,"1536x1536":false,"2048x2048":false,"post-thumbnail":false,"chaplin_preview_image_low_resolution":false,"chaplin_preview_image_high_resolution":false,"chaplin_fullscreen":false},"uagb_author_info":{"display_name":"Niccolo Panozzo","author_link":"https:\/\/wp.unil.ch\/transition-juste\/author\/npanozzo\/"},"uagb_comment_info":0,"uagb_excerpt":"aurore fransolet Aurore Fransolet est chercheuse senior en \u00e9conomie \u00e9cologique et politiques \u00e9cosociales. Ses recherches adoptent des approches transdisciplinaires et interdisciplinaires pour \u00e9tudier la gouvernance des transitions justes&hellip;","_links":{"self":[{"href":"https:\/\/wp.unil.ch\/transition-juste\/wp-json\/wp\/v2\/pages\/244","targetHints":{"allow":["GET"]}}],"collection":[{"href":"https:\/\/wp.unil.ch\/transition-juste\/wp-json\/wp\/v2\/pages"}],"about":[{"href":"https:\/\/wp.unil.ch\/transition-juste\/wp-json\/wp\/v2\/types\/page"}],"author":[{"embeddable":true,"href":"https:\/\/wp.unil.ch\/transition-juste\/wp-json\/wp\/v2\/users\/1002526"}],"replies":[{"embeddable":true,"href":"https:\/\/wp.unil.ch\/transition-juste\/wp-json\/wp\/v2\/comments?post=244"}],"version-history":[{"count":5,"href":"https:\/\/wp.unil.ch\/transition-juste\/wp-json\/wp\/v2\/pages\/244\/revisions"}],"predecessor-version":[{"id":456,"href":"https:\/\/wp.unil.ch\/transition-juste\/wp-json\/wp\/v2\/pages\/244\/revisions\/456"}],"wp:attachment":[{"href":"https:\/\/wp.unil.ch\/transition-juste\/wp-json\/wp\/v2\/media?parent=244"}],"curies":[{"name":"wp","href":"https:\/\/api.w.org\/{rel}","templated":true}]}}