{"id":232,"date":"2026-01-27T16:04:58","date_gmt":"2026-01-27T15:04:58","guid":{"rendered":"https:\/\/wp.unil.ch\/transition-juste\/?page_id=232"},"modified":"2026-04-15T09:52:10","modified_gmt":"2026-04-15T07:52:10","slug":"le-concept","status":"publish","type":"page","link":"https:\/\/wp.unil.ch\/transition-juste\/le-concept\/","title":{"rendered":"LE CONCEPT"},"content":{"rendered":"\n<div class=\"wp-block-columns is-layout-flex wp-container-core-columns-is-layout-9d6595d7 wp-block-columns-is-layout-flex\">\n<div class=\"wp-block-column is-layout-flow wp-block-column-is-layout-flow\" style=\"flex-basis:66.66%\">\n<p>La transition \u00e9cologique est d\u00e9sormais incontournable. Face \u00e0 l\u2019urgence climatique, \u00e0 l\u2019effondrement de la biodiversit\u00e9 et \u00e0 la pression croissante sur les ressources, les soci\u00e9t\u00e9s doivent changer en profondeur. Mais une question centrale demeure&nbsp;: <strong>comment transformer nos modes de vie, d\u2019organisation et d\u2019\u00e9conomie sans laisser personne de c\u00f4t\u00e9&nbsp;?<\/strong><\/p>\n\n\n\n<p>C\u2019est \u00e0 cette question que r\u00e9pond le concept de <b style=\"font-family:ubuntu;color:#ff345f\">transition juste<\/b> (TJ), qui prend une importance croissante en Suisse, en Europe et au niveau international. Il souligne que la transition \u00e9cologique ne peut r\u00e9ussir que si elle est <strong>inclusive<\/strong>, <strong>\u00e9quitable<\/strong> et <strong>socialement soutenable<\/strong>.<\/p>\n\n\n\n<p>En 2023, le Centre de comp\u00e9tences en durabilit\u00e9 (CCD) de l\u2019Universit\u00e9 de Lausanne a r\u00e9uni chercheur\u00b7euses et expert\u00b7es autour de ces enjeux dans le cadre du symposium STRIVE. Les discussions ont mis en lumi\u00e8re un point fondamental&nbsp;: <strong>justice sociale et durabilit\u00e9 sont indissociables<\/strong>. Pourtant, la transition juste reste encore peu \u00e9tudi\u00e9e dans le contexte suisse.<\/p>\n\n\n\n<blockquote class=\"wp-block-quote is-style-default is-layout-flow wp-block-quote-is-layout-flow\">\n<p><strong>C\u2019est pour combler ce manque que le CCD lance un cycle de conf\u00e9rences ouvert \u00e0 la communaut\u00e9 universitaire et au grand public.<\/strong><\/p>\n<\/blockquote>\n\n\n\n<hr class=\"wp-block-separator has-alpha-channel-opacity\" \/>\n\n\n\n<h3 class=\"wp-block-heading\"><strong>Qu\u2019est-ce qu\u2019une transition juste ?<\/strong><\/h3>\n\n\n\n<p>Nous d\u00e9finissons la transition juste comme un <b style=\"font-family:ubuntu;color:#ff345f\">processus de changement<\/b><strong> structurel et transformateur<\/strong> qui vise \u00e0&nbsp;:<\/p>\n\n\n\n<ul class=\"wp-block-list\">\n<li>ramener nos soci\u00e9t\u00e9s <strong>\u00e0 l\u2019int\u00e9rieur des limites \u00e9cologiques<\/strong>&nbsp;;<\/li>\n\n\n\n<li>garantir <strong>l\u2019am\u00e9lioration de la qualit\u00e9 de vie<\/strong> et l\u2019\u00e9panouissement de toutes et tous&nbsp;;<\/li>\n\n\n\n<li><strong>\u00e9liminer les injustices structurelles<\/strong> existantes&nbsp;;<\/li>\n\n\n\n<li>\u00e9viter que les politiques de transition ne cr\u00e9ent de nouvelles in\u00e9galit\u00e9s.<\/li>\n<\/ul>\n\n\n\n<p>Autrement dit, une transition est juste lorsqu\u2019elle tient compte \u00e0 la fois des impacts sociaux, des responsabilit\u00e9s diff\u00e9renci\u00e9es et des cons\u00e9quences des politiques de transformation. Elle implique un dialogue ouvert, la participation des populations concern\u00e9es et une r\u00e9flexion sur la r\u00e9partition des efforts comme des b\u00e9n\u00e9fices.<\/p>\n\n\n\n<hr class=\"wp-block-separator has-alpha-channel-opacity\" \/>\n\n\n\n<h3 class=\"wp-block-heading\"><strong>Trois dimensions indissociables de l\u2019injustice<\/strong><\/h3>\n\n\n\n<p>La transition juste repose sur trois dimensions interd\u00e9pendantes, qui s\u2019inscrivent toutes dans un contexte social o\u00f9 existent d\u00e9j\u00e0 des in\u00e9galit\u00e9s.<\/p>\n\n\n\n<ol style=\"font-style:normal;font-weight:600\" class=\"wp-block-list\">\n<li><strong>Les injustices dans les causes&nbsp;: les responsabilit\u00e9s diff\u00e9renci\u00e9es<\/strong><\/li>\n<\/ol>\n\n\n\n<p>Tous les groupes sociaux ne contribuent pas de la m\u00eame mani\u00e8re \u00e0 la crise environnementale. Certains consomment et \u00e9mettent beaucoup plus que d\u2019autres. Reconna\u00eetre ces responsabilit\u00e9s historiques et actuelles est essentiel pour d\u00e9finir des politiques \u00e9quitables.<\/p>\n\n\n\n<ol start=\"2\" style=\"font-style:normal;font-weight:600\" class=\"wp-block-list\">\n<li><strong>Les injustices face aux risques environnementaux<\/strong><\/li>\n<\/ol>\n\n\n\n<p>Les dommages li\u00e9s au d\u00e9r\u00e8glement climatique, \u00e0 la pollution ou \u00e0 la d\u00e9gradation des milieux touchent davantage les personnes d\u00e9j\u00e0 vuln\u00e9rables ou marginalis\u00e9es. Elles sont plus expos\u00e9es, moins prot\u00e9g\u00e9es et disposent de moins de moyens pour s\u2019adapter.<\/p>\n\n\n\n<ol start=\"3\" style=\"font-style:normal;font-weight:600\" class=\"wp-block-list\">\n<li><strong>Les injustices cr\u00e9\u00e9es par les politiques de transition<\/strong><\/li>\n<\/ol>\n\n\n\n<p>Certaines initiatives cens\u00e9es \u00eatre durables peuvent aggraver des in\u00e9galit\u00e9s ou en g\u00e9n\u00e9rer de nouvelles&nbsp;: augmentation des co\u00fbts de l\u2019\u00e9nergie, projets d\u2019infrastructures impos\u00e9s sans consultation, r\u00e9partition in\u00e9gale des b\u00e9n\u00e9fices de la transition. Une transition juste vise \u00e0 pr\u00e9venir ces effets et \u00e0 inclure les communaut\u00e9s concern\u00e9es dans les processus de d\u00e9cision.<\/p>\n\n\n\n<p>Une <b style=\"font-family:ubuntu;color:#ff345f\">r\u00e9cente publication<\/b> du Centre de comp\u00e9tences en durabilit\u00e9 donne un aper\u00e7u du concept de transition juste en synth\u00e9tisant la litt\u00e9rature universitaire et grise, dans le but d&rsquo;offrir une base th\u00e9orique pour les futures recherches sur la TJ.&nbsp;<\/p>\n\n\n\n<div class=\"wp-block-buttons is-content-justification-center is-layout-flex wp-container-core-buttons-is-layout-16018d1d wp-block-buttons-is-layout-flex\">\n<div class=\"wp-block-button\"><a class=\"wp-block-button__link wp-element-button\" href=\"https:\/\/www.unil.ch\/files\/live\/sites\/unil\/files\/02-universite\/0204-organisation\/020404-unites-et-services\/CCD\/publications\/260225_JT_VF.pdf\" style=\"border-top-left-radius:15px;border-top-right-radius:15px;border-bottom-left-radius:15px;border-bottom-right-radius:15px\">Just Transition. Understanding and Implementation.<\/a><\/div>\n<\/div>\n<\/div>\n\n\n\n<div class=\"wp-block-column is-layout-flow wp-block-column-is-layout-flow\" style=\"flex-basis:33.33%\">\n<p><\/p>\n<\/div>\n<\/div>\n\n\n\n<p><\/p>\n","protected":false},"excerpt":{"rendered":"<p>La transition \u00e9cologique est d\u00e9sormais incontournable. Face \u00e0 l\u2019urgence climatique, \u00e0 l\u2019effondrement de la biodiversit\u00e9 et \u00e0 la pression croissante sur les ressources, les soci\u00e9t\u00e9s doivent changer en&hellip;<\/p>\n","protected":false},"author":1002526,"featured_media":0,"parent":0,"menu_order":0,"comment_status":"closed","ping_status":"closed","template":"template-full-width.php","meta":{"_seopress_robots_primary_cat":"","_seopress_titles_title":"","_seopress_titles_desc":"","_seopress_robots_index":"","_uag_custom_page_level_css":"","footnotes":""},"class_list":["post-232","page","type-page","status-publish","has-post-thumbnail"],"uagb_featured_image_src":{"full":false,"thumbnail":false,"medium":false,"medium_large":false,"large":false,"1536x1536":false,"2048x2048":false,"post-thumbnail":false,"chaplin_preview_image_low_resolution":false,"chaplin_preview_image_high_resolution":false,"chaplin_fullscreen":false},"uagb_author_info":{"display_name":"Niccolo Panozzo","author_link":"https:\/\/wp.unil.ch\/transition-juste\/author\/npanozzo\/"},"uagb_comment_info":0,"uagb_excerpt":"La transition \u00e9cologique est d\u00e9sormais incontournable. Face \u00e0 l\u2019urgence climatique, \u00e0 l\u2019effondrement de la biodiversit\u00e9 et \u00e0 la pression croissante sur les ressources, les soci\u00e9t\u00e9s doivent changer en&hellip;","_links":{"self":[{"href":"https:\/\/wp.unil.ch\/transition-juste\/wp-json\/wp\/v2\/pages\/232","targetHints":{"allow":["GET"]}}],"collection":[{"href":"https:\/\/wp.unil.ch\/transition-juste\/wp-json\/wp\/v2\/pages"}],"about":[{"href":"https:\/\/wp.unil.ch\/transition-juste\/wp-json\/wp\/v2\/types\/page"}],"author":[{"embeddable":true,"href":"https:\/\/wp.unil.ch\/transition-juste\/wp-json\/wp\/v2\/users\/1002526"}],"replies":[{"embeddable":true,"href":"https:\/\/wp.unil.ch\/transition-juste\/wp-json\/wp\/v2\/comments?post=232"}],"version-history":[{"count":5,"href":"https:\/\/wp.unil.ch\/transition-juste\/wp-json\/wp\/v2\/pages\/232\/revisions"}],"predecessor-version":[{"id":458,"href":"https:\/\/wp.unil.ch\/transition-juste\/wp-json\/wp\/v2\/pages\/232\/revisions\/458"}],"wp:attachment":[{"href":"https:\/\/wp.unil.ch\/transition-juste\/wp-json\/wp\/v2\/media?parent=232"}],"curies":[{"name":"wp","href":"https:\/\/api.w.org\/{rel}","templated":true}]}}