{"id":6,"date":"2019-11-28T16:00:19","date_gmt":"2019-11-28T15:00:19","guid":{"rendered":"http:\/\/wp.unil.ch\/modele\/?page_id=6"},"modified":"2025-12-18T08:22:36","modified_gmt":"2025-12-18T07:22:36","slug":"home","status":"publish","type":"page","link":"https:\/\/wp.unil.ch\/toxic\/","title":{"rendered":"Accueil"},"content":{"rendered":"\n<h2 class=\"wp-block-heading\"><mark style=\"background-color:#ffffff\" class=\"has-inline-color has-accent-color\">Toxic. Les pollutions en questions<\/mark><\/h2>\n\n\n\n<div class=\"wp-block-columns is-layout-flex wp-container-core-columns-is-layout-9d6595d7 wp-block-columns-is-layout-flex\">\n<div class=\"wp-block-column is-layout-flow wp-block-column-is-layout-flow\">\n<p>Quel est le point commun entre le L\u00e9man, un incin\u00e9rateur d&rsquo;ordures, un bouquet de fleurs ou encore les vignes du Lavaux? Tous nous ram\u00e8nent \u00e0 la pr\u00e9sence de substances nocives dans notre environnement quotidien. Microplastiques, dioxines, pesticides, PFAS&#8230; Ces polluants font d\u00e9sormais l&rsquo;objet de discussions r\u00e9guli\u00e8res dans les m\u00e9dias.<\/p>\n\n\n\n<p class=\"has-normal-font-size\">Quelles questions leur pr\u00e9sence pose-t-elle quant \u00e0 la pr\u00e9servation de notre environnement et de notre sant\u00e9? Comment se prennent les d\u00e9cisions en la mati\u00e8re et quelles sont les in\u00e9galit\u00e9s sociales face au risque d&rsquo;exposition? Le projet de m\u00e9diation scientifique \u00abToxic\u00bb&nbsp;invite le public \u00e0 se saisir de ces questions \u00e0 travers des activit\u00e9s accessibles et vari\u00e9es, en dialogue avec des scientifiques travaillant sur ces th\u00e9matiques.<\/p>\n\n\n\n<p>Pour mettre en lumi\u00e8re les enjeux actuels li\u00e9s aux pollutions environnementales, de nombreux \u00e9v\u00e9nements ancr\u00e9s dans la cit\u00e9 seront organis\u00e9s de novembre 2025 \u00e0 juillet 2026 :<\/p>\n<\/div>\n\n\n\n<div class=\"wp-block-column is-layout-flow wp-block-column-is-layout-flow\">\n<figure class=\"wp-block-image size-large\"><img loading=\"lazy\" decoding=\"async\" width=\"1024\" height=\"1024\" src=\"https:\/\/wp.unil.ch\/toxic\/files\/2025\/10\/toxic_wordpress_moyen-1-1024x1024.jpg\" alt=\"toxic wordpress moyen\" class=\"wp-image-1013\" srcset=\"https:\/\/wp.unil.ch\/toxic\/files\/2025\/10\/toxic_wordpress_moyen-1-1024x1024.jpg 1024w, https:\/\/wp.unil.ch\/toxic\/files\/2025\/10\/toxic_wordpress_moyen-1-300x300.jpg 300w, https:\/\/wp.unil.ch\/toxic\/files\/2025\/10\/toxic_wordpress_moyen-1-150x150.jpg 150w, https:\/\/wp.unil.ch\/toxic\/files\/2025\/10\/toxic_wordpress_moyen-1-768x768.jpg 768w, https:\/\/wp.unil.ch\/toxic\/files\/2025\/10\/toxic_wordpress_moyen-1-540x540.jpg 540w, https:\/\/wp.unil.ch\/toxic\/files\/2025\/10\/toxic_wordpress_moyen-1-1080x1080.jpg 1080w, https:\/\/wp.unil.ch\/toxic\/files\/2025\/10\/toxic_wordpress_moyen-1.jpg 1200w\" sizes=\"auto, (max-width: 1024px) 100vw, 1024px\" \/><figcaption class=\"wp-element-caption\">Pollutions visibles et invisibles <em>\u00a9<\/em> Ultrastudio<\/figcaption><\/figure>\n<\/div>\n<\/div>\n\n\n\n<p><\/p>\n\n\n\n<div class=\"wp-block-columns alignwide are-vertically-aligned-top is-layout-flex wp-container-core-columns-is-layout-9d6595d7 wp-block-columns-is-layout-flex\">\n<div class=\"wp-block-column is-vertically-aligned-top has-buttons-background-background-color has-background is-layout-flow wp-block-column-is-layout-flow\">\n<div class=\"wp-block-columns is-layout-flex wp-container-core-columns-is-layout-9d6595d7 wp-block-columns-is-layout-flex\">\n<div class=\"wp-block-column is-layout-flow wp-block-column-is-layout-flow\" style=\"flex-basis:2%\"><\/div>\n\n\n\n<div class=\"wp-block-column is-layout-flow wp-block-column-is-layout-flow\" style=\"flex-basis:23%\">\n<p><\/p>\n\n\n\n<h4 class=\"wp-block-heading\"><a href=\"https:\/\/wp.unil.ch\/toxic\/table-ronde-2\/\" data-type=\"page\" data-id=\"174\">Table ronde<\/a><\/h4>\n\n\n\n<p>Participez \u00e0 une discussion entre scientifiques et expert\u00b7es de la soci\u00e9t\u00e9 civile<\/p>\n\n\n\n<p><\/p>\n<\/div>\n\n\n\n<div class=\"wp-block-column is-layout-flow wp-block-column-is-layout-flow\" style=\"flex-basis:23%\">\n<p><\/p>\n\n\n\n<h4 class=\"wp-block-heading\"><a href=\"https:\/\/wp.unil.ch\/toxic\/expositions\/\" data-type=\"page\" data-id=\"232\">Expos<\/a><\/h4>\n\n\n\n<p>Parcourez des expositions en plein air et au Mus\u00e9e Historique Lausanne<\/p>\n\n\n\n<p><\/p>\n<\/div>\n\n\n\n<div class=\"wp-block-column is-layout-flow wp-block-column-is-layout-flow\" style=\"flex-basis:23%\">\n<p><\/p>\n\n\n\n<h4 class=\"wp-block-heading\"><a href=\"https:\/\/wp.unil.ch\/toxic\/toxic-tours\/\" data-type=\"page\" data-id=\"231\">Toxic tours<\/a><\/h4>\n\n\n\n<p>Prenez part \u00e0 des rencontres itin\u00e9rantes sur les traces des pollutions \u00e0 Lausanne, Monthey et Morges<\/p>\n\n\n\n<p><\/p>\n<\/div>\n\n\n\n<div class=\"wp-block-column is-layout-flow wp-block-column-is-layout-flow\" style=\"flex-basis:22%\">\n<p><\/p>\n\n\n\n<h4 class=\"wp-block-heading\"><a href=\"https:\/\/wp.unil.ch\/toxic\/spectacle\/\" data-type=\"page\" data-id=\"233\">Spectacle<\/a><\/h4>\n\n\n\n<p>Assistez \u00e0 une cr\u00e9ation artistique jou\u00e9e \u00e0 La Grange \u2013 Unil et lors du Festival de la Cit\u00e9<\/p>\n\n\n\n<p><\/p>\n<\/div>\n\n\n\n<div class=\"wp-block-column is-layout-flow wp-block-column-is-layout-flow\" style=\"flex-basis:2%\"><\/div>\n<\/div>\n<\/div>\n<\/div>\n\n\n\n<p>Gr\u00e2ce au projet \u00abToxic\u00bb, informez-vous sur un sujet crucial et prenez part \u00e0 des discussions aux enjeux d\u00e9mocratiques majeurs!<\/p>\n\n\n\n<figure class=\"wp-block-embed alignwide is-type-video is-provider-youtube wp-block-embed-youtube wp-embed-aspect-16-9 wp-has-aspect-ratio\"><div class=\"wp-block-embed__wrapper\">\n<iframe loading=\"lazy\" title=\"CROSS TOXIC VF HIGHR\" width=\"580\" height=\"326\" src=\"https:\/\/www.youtube.com\/embed\/LdbxKBnUxaQ?feature=oembed\" frameborder=\"0\" allow=\"accelerometer; autoplay; clipboard-write; encrypted-media; gyroscope; picture-in-picture; web-share\" referrerpolicy=\"strict-origin-when-cross-origin\" allowfullscreen><\/iframe>\n<\/div><\/figure>\n\n\n\n<p><\/p>\n","protected":false},"excerpt":{"rendered":"<p>Toxic. Les pollutions en questions Quel est le point commun entre le L\u00e9man, un incin\u00e9rateur d&rsquo;ordures, un bouquet de fleurs ou encore les vignes du Lavaux? Tous nous&hellip;<\/p>\n","protected":false},"author":108,"featured_media":1197,"parent":0,"menu_order":0,"comment_status":"closed","ping_status":"closed","template":"template-full-width-cover.php","meta":{"_seopress_robots_primary_cat":"","_seopress_titles_title":"","_seopress_titles_desc":"","_seopress_robots_index":"","footnotes":""},"class_list":["post-6","page","type-page","status-publish","has-post-thumbnail"],"_links":{"self":[{"href":"https:\/\/wp.unil.ch\/toxic\/wp-json\/wp\/v2\/pages\/6","targetHints":{"allow":["GET"]}}],"collection":[{"href":"https:\/\/wp.unil.ch\/toxic\/wp-json\/wp\/v2\/pages"}],"about":[{"href":"https:\/\/wp.unil.ch\/toxic\/wp-json\/wp\/v2\/types\/page"}],"author":[{"embeddable":true,"href":"https:\/\/wp.unil.ch\/toxic\/wp-json\/wp\/v2\/users\/108"}],"replies":[{"embeddable":true,"href":"https:\/\/wp.unil.ch\/toxic\/wp-json\/wp\/v2\/comments?post=6"}],"version-history":[{"count":5,"href":"https:\/\/wp.unil.ch\/toxic\/wp-json\/wp\/v2\/pages\/6\/revisions"}],"predecessor-version":[{"id":1089,"href":"https:\/\/wp.unil.ch\/toxic\/wp-json\/wp\/v2\/pages\/6\/revisions\/1089"}],"wp:featuredmedia":[{"embeddable":true,"href":"https:\/\/wp.unil.ch\/toxic\/wp-json\/wp\/v2\/media\/1197"}],"wp:attachment":[{"href":"https:\/\/wp.unil.ch\/toxic\/wp-json\/wp\/v2\/media?parent=6"}],"curies":[{"name":"wp","href":"https:\/\/api.w.org\/{rel}","templated":true}]}}