{"id":496,"date":"2025-10-12T17:39:20","date_gmt":"2025-10-12T15:39:20","guid":{"rendered":"https:\/\/wp.unil.ch\/toxic\/?page_id=496"},"modified":"2025-10-27T14:45:16","modified_gmt":"2025-10-27T13:45:16","slug":"exposition-a-la-cite","status":"publish","type":"page","link":"https:\/\/wp.unil.ch\/toxic\/exposition-a-la-cite\/","title":{"rendered":"Exposition \u00abUn bouquet de polluants\u00bb: l&rsquo;\u00e9pineux cas des fleurs coup\u00e9es"},"content":{"rendered":"\n<div class=\"wp-block-columns alignwide is-layout-flex wp-container-core-columns-is-layout-9d6595d7 wp-block-columns-is-layout-flex\">\n<div class=\"wp-block-column is-layout-flow wp-block-column-is-layout-flow\">\n<p><strong>Une exposition en plein air et en acc\u00e8s libre, du 4 mai au 5 juillet 2026 au Gymnase de la Cit\u00e9<\/strong><\/p>\n\n\n\n<p>Install\u00e9e dans la Cour de l\u2019Ancienne Acad\u00e9mie \u00e0 Lausanne, l&rsquo;exposition \u00abUn bouquet de polluants\u00bb propose de r\u00e9v\u00e9ler la face cach\u00e9e des fleurs vendues dans le commerce.<\/p>\n\n\n\n<p>Loin de se r\u00e9duire \u00e0 des produits de consommation, les fleurs coup\u00e9es agr\u00e9mentent notre quotidien depuis toujours. Pourtant, la production et la vente de ces v\u00e9g\u00e9taux n\u2019\u00e9chappent pas aux r\u00e8gles du commerce international ni \u00e0 l\u2019usage des pesticides.<\/p>\n\n\n\n<p>D\u2019o\u00f9 viennent les fleurs que nous achetons? Quelles substances contiennent-elles? Avec quels risques pour celles et ceux \u00e0 travers le monde qui les produisent, les revendent et les ach\u00e8tent? Quelles mesures mettre en place pour favoriser une culture responsable et durable?<\/p>\n\n\n\n<p>En partant d&rsquo;un objet ordinaire, cette exposition propose une immersion dans les m\u00e9andres de la consommation de notre monde globalis\u00e9.<\/p>\n<\/div>\n<\/div>\n\n\n\n<h6 class=\"wp-block-heading has-small-font-size\">En partenariat avec<\/h6>\n\n\n\n<div class=\"wp-block-columns is-not-stacked-on-mobile is-layout-flex wp-container-core-columns-is-layout-9d6595d7 wp-block-columns-is-layout-flex\">\n<div class=\"wp-block-column is-layout-flow wp-block-column-is-layout-flow\" style=\"flex-basis:30%\">\n<a href=\"https:\/\/www.amisdelacite.ch\/\">\n  <img decoding=\"async\" src=\"https:\/\/wp.unil.ch\/toxic\/files\/2025\/10\/thumbnail_logo-amis-cite.png\" alt=\"Description de l'image cliquable\">\n<\/a>\n<\/div>\n\n\n\n<div class=\"wp-block-column is-layout-flow wp-block-column-is-layout-flow\" style=\"flex-basis:140%\">\n<a href=\"https:\/\/www.gymnasecite.ch\/\">\n  <img decoding=\"async\" src=\"https:\/\/wp.unil.ch\/toxic\/files\/2025\/10\/thumbnail_image001.png\" alt=\"Description de l'image cliquable\">\n<\/a>\n<\/div>\n\n\n\n<div class=\"wp-block-column is-layout-flow wp-block-column-is-layout-flow\"><\/div>\n<\/div>\n","protected":false},"excerpt":{"rendered":"<p>Une exposition en plein air et en acc\u00e8s libre, du 4 mai au 5 juillet 2026 au Gymnase de la Cit\u00e9 Install\u00e9e dans la Cour de l\u2019Ancienne Acad\u00e9mie&hellip;<\/p>\n","protected":false},"author":1003038,"featured_media":265,"parent":0,"menu_order":0,"comment_status":"closed","ping_status":"closed","template":"","meta":{"_seopress_robots_primary_cat":"","_seopress_titles_title":"","_seopress_titles_desc":"","_seopress_robots_index":"","footnotes":""},"class_list":["post-496","page","type-page","status-publish","has-post-thumbnail"],"_links":{"self":[{"href":"https:\/\/wp.unil.ch\/toxic\/wp-json\/wp\/v2\/pages\/496","targetHints":{"allow":["GET"]}}],"collection":[{"href":"https:\/\/wp.unil.ch\/toxic\/wp-json\/wp\/v2\/pages"}],"about":[{"href":"https:\/\/wp.unil.ch\/toxic\/wp-json\/wp\/v2\/types\/page"}],"author":[{"embeddable":true,"href":"https:\/\/wp.unil.ch\/toxic\/wp-json\/wp\/v2\/users\/1003038"}],"replies":[{"embeddable":true,"href":"https:\/\/wp.unil.ch\/toxic\/wp-json\/wp\/v2\/comments?post=496"}],"version-history":[{"count":5,"href":"https:\/\/wp.unil.ch\/toxic\/wp-json\/wp\/v2\/pages\/496\/revisions"}],"predecessor-version":[{"id":1118,"href":"https:\/\/wp.unil.ch\/toxic\/wp-json\/wp\/v2\/pages\/496\/revisions\/1118"}],"wp:featuredmedia":[{"embeddable":true,"href":"https:\/\/wp.unil.ch\/toxic\/wp-json\/wp\/v2\/media\/265"}],"wp:attachment":[{"href":"https:\/\/wp.unil.ch\/toxic\/wp-json\/wp\/v2\/media?parent=496"}],"curies":[{"name":"wp","href":"https:\/\/api.w.org\/{rel}","templated":true}]}}