{"id":422,"date":"2025-10-12T13:29:58","date_gmt":"2025-10-12T11:29:58","guid":{"rendered":"https:\/\/wp.unil.ch\/toxic\/?page_id=422"},"modified":"2026-03-10T13:19:32","modified_gmt":"2026-03-10T12:19:32","slug":"balade-pesticides","status":"publish","type":"page","link":"https:\/\/wp.unil.ch\/toxic\/balade-pesticides\/","title":{"rendered":"Toxic tour \u00abPesticides\u00bb"},"content":{"rendered":"\n<h2 class=\"wp-block-heading alignwide\">Du traitement \u00e0 la vigne<\/h2>\n\n\n\n<figure class=\"wp-block-image alignwide size-full is-style-default\"><img loading=\"lazy\" decoding=\"async\" width=\"1800\" height=\"1200\" src=\"https:\/\/wp.unil.ch\/toxic\/files\/2026\/03\/cave_signal_1800_1200.jpeg\" alt=\"cave signal 1800 1200\" class=\"wp-image-1221\" srcset=\"https:\/\/wp.unil.ch\/toxic\/files\/2026\/03\/cave_signal_1800_1200.jpeg 1800w, https:\/\/wp.unil.ch\/toxic\/files\/2026\/03\/cave_signal_1800_1200-300x200.jpeg 300w, https:\/\/wp.unil.ch\/toxic\/files\/2026\/03\/cave_signal_1800_1200-1024x683.jpeg 1024w, https:\/\/wp.unil.ch\/toxic\/files\/2026\/03\/cave_signal_1800_1200-768x512.jpeg 768w, https:\/\/wp.unil.ch\/toxic\/files\/2026\/03\/cave_signal_1800_1200-1536x1024.jpeg 1536w, https:\/\/wp.unil.ch\/toxic\/files\/2026\/03\/cave_signal_1800_1200-540x360.jpeg 540w, https:\/\/wp.unil.ch\/toxic\/files\/2026\/03\/cave_signal_1800_1200-1080x720.jpeg 1080w\" sizes=\"auto, (max-width: 1800px) 100vw, 1800px\" \/><figcaption class=\"wp-element-caption\">Cave du Signal, Echichens\/Morges<\/figcaption><\/figure>\n\n\n\n<div class=\"wp-block-columns is-layout-flex wp-container-core-columns-is-layout-9d6595d7 wp-block-columns-is-layout-flex\">\n<div class=\"wp-block-column is-layout-flow wp-block-column-is-layout-flow\" style=\"flex-basis:100%\">\n<h4 class=\"wp-block-heading\">Protection des vignobles et protection de la sant\u00e9&nbsp;: quels choix pour demain ?<\/h4>\n\n\n\n<h5 class=\"wp-block-heading\">Jeudi 4 juin 2026 \u00e0 18 heures, Cave du Signal, Echichens\/Morges<\/h5>\n\n\n\n<p>Cette rencontre au c\u0153ur du vignoble de la cave du Signal&nbsp;\u00e0&nbsp;Echichens&nbsp;propose d\u2019aborder la question des pesticides sur le terrain, au plus pr\u00e8s des pratiques.&nbsp;<\/p>\n\n\n\n<p>Le viticulteur Lionel Widmer partagera sa philosophie : observer, se reconnecter au vivant et ne traiter les vignes que lorsque cela est strictement n\u00e9cessaire. \u00c9viter les interventions inutiles, c\u2019est \u00e0 la fois pr\u00e9server la plante \u2013 qu\u2019un exc\u00e8s de traitements peut affaiblir \u2013 et maintenir un savoir-faire ancr\u00e9 dans la pr\u00e9sence quotidienne \u00e0 la vigne. En parcourant les rangs de vigne, d\u00e9couvrez comment identifier les maladies, comprendre leur d\u00e9veloppement et saisir les choix concrets qui guident les d\u00e9cisions au quotidien.<\/p>\n\n\n\n<p>Cette rencontre vous permettra \u00e9galement de clarifier ce que sont les pesticides : des substances issues de la chimie ou de la biologie, mais aux usages et aux impacts vari\u00e9s. Aux c\u00f4t\u00e9s de la toxicologue Aur\u00e9lie&nbsp;Berthet (Unil et Unisant\u00e9), d\u00e9couvrez les caract\u00e9ristiques des produits utilis\u00e9s en viticulture, leurs usages et leurs potentiels risques pour la sant\u00e9 des professionnel\u00b7les expos\u00e9\u00b7es de longues heures, des riverain\u00b7es et des consommateur\u00b7trices.<\/p>\n\n\n\n<p>Au-del\u00e0 des aspects techniques, la politiste C\u00e9line Mavrot (Unil) ouvrira un \u00e9change en dialogue avec Lionel Widmer sur les contraintes \u00e9conomiques, r\u00e9glementaires et sociales qui p\u00e8sent sur la viticulture contemporaine : co\u00fbts des traitements, pression des labels, lobbying des industries productrices de pesticides, quotas, normes, \u00e9volution de la consommation et concurrence internationale. Comment concilier viabilit\u00e9 \u00e9conomique, qualit\u00e9 de la production, sant\u00e9 et respect des sols \u2013 parfois d\u00e9j\u00e0 marqu\u00e9s par l\u2019accumulation de cuivre ?&nbsp;<\/p>\n\n\n\n<p>Entre id\u00e9aux, r\u00e9alit\u00e9s du m\u00e9tier et incertitudes du march\u00e9, cette rencontre invite \u00e0 penser autrement la place des pesticides et les futurs possibles du vignoble.<\/p>\n\n\n\n<p><em>La balade sera suivie d&rsquo;une d\u00e9gustation de vins et d&rsquo;un ap\u00e9ritif.<\/em><\/p>\n\n\n\n<div class=\"wp-block-buttons is-layout-flex wp-block-buttons-is-layout-flex\">\n<div class=\"wp-block-button\"><a class=\"wp-block-button__link wp-element-button\" href=\"https:\/\/ep-adultes.mapado.com\/event\/675283-pesticides-du-traitement-a-la-vigne-toxic-tour\">Inscription recommand\u00e9e, cliquez ici<\/a><\/div>\n<\/div>\n\n\n\n<div class=\"wp-block-columns is-layout-flex wp-container-core-columns-is-layout-9d6595d7 wp-block-columns-is-layout-flex\">\n<div class=\"wp-block-column is-layout-flow wp-block-column-is-layout-flow\" style=\"flex-basis:66.66%\">\n<p><strong>Intervenant\u00b7es <\/strong><\/p>\n\n\n\n<ul class=\"wp-block-list\">\n<li>Lionel Widmer&nbsp;&#8211;&nbsp;Viticulteur<em>&nbsp;<\/em>&nbsp;<br><em><a href=\"https:\/\/www.cavedusignal.ch\">Cave du Signal<\/a>,&nbsp;domaine&nbsp;cultiv\u00e9&nbsp;en biodynamie<\/em>&nbsp;<\/li>\n\n\n\n<li>C\u00e9line&nbsp;Mavrot&nbsp;\u2013 Politiste&nbsp;<br><em>Professeure assistante&nbsp;&#8211;&nbsp;Facult\u00e9 des sciences sociales et politiques&nbsp;&#8211;&nbsp;Universit\u00e9 de Lausanne&nbsp;(Unil)&nbsp;<\/em><\/li>\n\n\n\n<li>Aur\u00e9lie Berthet&nbsp;\u2013&nbsp;Biologiste et toxicologue&nbsp;<br><em>Responsable de l\u2019unit\u00e9 Sant\u00e9 environnementale&nbsp;&#8211; D\u00e9partement&nbsp;Sant\u00e9,&nbsp;Travail&nbsp;et&nbsp;Environnement&nbsp;&#8211;&nbsp;Unisant\u00e9&nbsp;et Universit\u00e9 de Lausanne&nbsp;(Unil)&nbsp;&nbsp;<\/em><\/li>\n<\/ul>\n<\/div>\n\n\n\n<div class=\"wp-block-column is-layout-flow wp-block-column-is-layout-flow\" style=\"flex-basis:33.33%\">\n<p><strong>Lieu de <strong><strong>rendez-vous<\/strong><\/strong><\/strong><br><br>Cave du Signal,&nbsp;Chemin du Signal 7,&nbsp;CH-1115&nbsp;Echichens\/Morges<br><a href=\"https:\/\/maps.app.goo.gl\/e1xj4ZUjs7Rd1Rnx8\">https:\/\/maps.app.goo.gl\/e1xj4ZUjs7Rd1Rnx8<\/a>&nbsp;<\/p>\n\n\n\n<p><strong>Acc\u00e8s <\/strong><br><br>\u00c0&nbsp;3 arr\u00eats&nbsp;de la gare CFF de Morges par le bus 740, arr\u00eat&nbsp;<em>Echichens, Signal<\/em>, ou bus 730, arr\u00eat <em>Echichens, Crois\u00e9e<\/em>.<\/p>\n<\/div>\n<\/div>\n\n\n\n<p>La rencontre sera&nbsp;report\u00e9e&nbsp;au&nbsp;mercredi 10 juin \u00e0 18 heures&nbsp;<strong>en cas de mauvais temps<\/strong>.<\/p>\n\n\n\n<h5 class=\"wp-block-heading\">En partenariat avec<\/h5>\n\n\n\n<div class=\"wp-block-columns is-layout-flex wp-container-core-columns-is-layout-9d6595d7 wp-block-columns-is-layout-flex\">\n<div class=\"wp-block-column is-vertically-aligned-center is-layout-flow wp-block-column-is-layout-flow\" style=\"flex-basis:100%\">\n<div class=\"wp-block-group alignwide is-nowrap is-layout-flex wp-container-core-group-is-layout-e3e06330 wp-block-group-is-layout-flex\">\n<figure class=\"wp-block-image size-medium is-resized\"><a href=\"https:\/\/www.eprouvette-unil.ch\"><img loading=\"lazy\" decoding=\"async\" width=\"300\" height=\"147\" src=\"https:\/\/wp.unil.ch\/toxic\/files\/2025\/10\/eprouvette_complet_noir-300x147.png\" alt=\"eprouvette complet noir\" class=\"wp-image-476\" style=\"width:180px\" srcset=\"https:\/\/wp.unil.ch\/toxic\/files\/2025\/10\/eprouvette_complet_noir-300x147.png 300w, https:\/\/wp.unil.ch\/toxic\/files\/2025\/10\/eprouvette_complet_noir-1024x502.png 1024w, https:\/\/wp.unil.ch\/toxic\/files\/2025\/10\/eprouvette_complet_noir-768x376.png 768w, https:\/\/wp.unil.ch\/toxic\/files\/2025\/10\/eprouvette_complet_noir-540x264.png 540w, https:\/\/wp.unil.ch\/toxic\/files\/2025\/10\/eprouvette_complet_noir.png 1074w\" sizes=\"auto, (max-width: 300px) 100vw, 300px\" \/><\/a><\/figure>\n\n\n\n<div style=\"height:100px;width:0px\" aria-hidden=\"true\" class=\"wp-block-spacer wp-container-content-b0b89ccb\"><\/div>\n\n\n\n<figure class=\"wp-block-image size-medium is-resized\"><a href=\"https:\/\/www.sauvageons-en-ville.ch\"><img loading=\"lazy\" decoding=\"async\" width=\"300\" height=\"160\" src=\"https:\/\/wp.unil.ch\/toxic\/files\/2025\/10\/logo_sauvageons_noir-300x160.jpg\" alt=\"logo sauvageons noir\" class=\"wp-image-998\" style=\"width:180px\" srcset=\"https:\/\/wp.unil.ch\/toxic\/files\/2025\/10\/logo_sauvageons_noir-300x160.jpg 300w, https:\/\/wp.unil.ch\/toxic\/files\/2025\/10\/logo_sauvageons_noir-768x409.jpg 768w, https:\/\/wp.unil.ch\/toxic\/files\/2025\/10\/logo_sauvageons_noir-540x287.jpg 540w, https:\/\/wp.unil.ch\/toxic\/files\/2025\/10\/logo_sauvageons_noir.jpg 887w\" sizes=\"auto, (max-width: 300px) 100vw, 300px\" \/><\/a><\/figure>\n\n\n\n<div style=\"height:100px;width:0px\" aria-hidden=\"true\" class=\"wp-block-spacer wp-container-content-b0b89ccb\"><\/div>\n\n\n\n<figure class=\"wp-block-image size-medium is-resized\"><a href=\"https:\/\/www.morges.ch\"><img loading=\"lazy\" decoding=\"async\" width=\"300\" height=\"69\" src=\"https:\/\/wp.unil.ch\/toxic\/files\/2025\/10\/4.-logo_morges_noir_noir_40mm_png-300x69.png\" alt=\"4. logo morges noir noir 40mm png\" class=\"wp-image-996\" style=\"width:180px\" srcset=\"https:\/\/wp.unil.ch\/toxic\/files\/2025\/10\/4.-logo_morges_noir_noir_40mm_png-300x69.png 300w, https:\/\/wp.unil.ch\/toxic\/files\/2025\/10\/4.-logo_morges_noir_noir_40mm_png.png 475w\" sizes=\"auto, (max-width: 300px) 100vw, 300px\" \/><\/a><\/figure>\n<\/div>\n<\/div>\n<\/div>\n<\/div>\n<\/div>\n","protected":false},"excerpt":{"rendered":"<p>Du traitement \u00e0 la vigne Protection des vignobles et protection de la sant\u00e9&nbsp;: quels choix pour demain ? Jeudi 4 juin 2026 \u00e0 18 heures, Cave du Signal,&hellip;<\/p>\n","protected":false},"author":1003038,"featured_media":0,"parent":0,"menu_order":0,"comment_status":"closed","ping_status":"closed","template":"","meta":{"_seopress_robots_primary_cat":"","_seopress_titles_title":"","_seopress_titles_desc":"","_seopress_robots_index":"","footnotes":""},"class_list":["post-422","page","type-page","status-publish","has-post-thumbnail"],"_links":{"self":[{"href":"https:\/\/wp.unil.ch\/toxic\/wp-json\/wp\/v2\/pages\/422","targetHints":{"allow":["GET"]}}],"collection":[{"href":"https:\/\/wp.unil.ch\/toxic\/wp-json\/wp\/v2\/pages"}],"about":[{"href":"https:\/\/wp.unil.ch\/toxic\/wp-json\/wp\/v2\/types\/page"}],"author":[{"embeddable":true,"href":"https:\/\/wp.unil.ch\/toxic\/wp-json\/wp\/v2\/users\/1003038"}],"replies":[{"embeddable":true,"href":"https:\/\/wp.unil.ch\/toxic\/wp-json\/wp\/v2\/comments?post=422"}],"version-history":[{"count":5,"href":"https:\/\/wp.unil.ch\/toxic\/wp-json\/wp\/v2\/pages\/422\/revisions"}],"predecessor-version":[{"id":1258,"href":"https:\/\/wp.unil.ch\/toxic\/wp-json\/wp\/v2\/pages\/422\/revisions\/1258"}],"wp:attachment":[{"href":"https:\/\/wp.unil.ch\/toxic\/wp-json\/wp\/v2\/media?parent=422"}],"curies":[{"name":"wp","href":"https:\/\/api.w.org\/{rel}","templated":true}]}}