{"id":231,"date":"2025-10-09T22:48:49","date_gmt":"2025-10-09T20:48:49","guid":{"rendered":"https:\/\/wp.unil.ch\/toxic\/?page_id=231"},"modified":"2026-03-16T18:40:22","modified_gmt":"2026-03-16T17:40:22","slug":"toxic-tours","status":"publish","type":"page","link":"https:\/\/wp.unil.ch\/toxic\/toxic-tours\/","title":{"rendered":"Toxic tours"},"content":{"rendered":"\n<h2 class=\"wp-block-heading\"><mark style=\"background-color:#ffffff\" class=\"has-inline-color has-accent-color\">Sur les traces des pollutions (in)visibles<\/mark><\/h2>\n\n\n\n<p>Participez \u00e0 des \u00abtoxic tours\u00bb, une s\u00e9rie de balades pour discuter des pollutions environnementales de mani\u00e8re originale et itin\u00e9rante. Ces balades permettront d&rsquo;\u00e9changer sur la pr\u00e9sence des substances toxiques dans notre quotidien, y compris sur des sites o\u00f9 la beaut\u00e9 des paysages contribue \u00e0 les invisibiliser.<\/p>\n\n\n\n<p>Chaque balade sera l&rsquo;occasion de dialoguer avec des scientifiques, des associations locales et des sp\u00e9cialistes de terrain autour de diff\u00e9rentes substances (microplastiques, dioxines, pesticides&#8230;). Les \u00abtoxic tours\u00bb sont un outil citoyen pour mieux comprendre les enjeux de pollution et de justice environnementale, en donnant la parole \u00e0 diff\u00e9rents acteurs.<\/p>\n\n\n\n<p><strong>En mai et juin 2026, \u00e0 Lausanne, Morges et Monthey<\/strong><\/p>\n\n\n\n<div class=\"wp-block-cover alignfull is-light\"><span aria-hidden=\"true\" class=\"wp-block-cover__background has-buttons-background-background-color has-background-dim-100 has-background-dim\"><\/span><div class=\"wp-block-cover__inner-container is-layout-constrained wp-block-cover-is-layout-constrained\">\n<div class=\"wp-block-columns is-layout-flex wp-container-core-columns-is-layout-9d6595d7 wp-block-columns-is-layout-flex\">\n<div class=\"wp-block-column is-layout-flow wp-block-column-is-layout-flow\">\n<div class=\"wp-block-cover\"><img loading=\"lazy\" decoding=\"async\" width=\"1024\" height=\"1024\" class=\"wp-block-cover__image-background wp-image-469\" alt=\"pfas carr\u00e9\" src=\"https:\/\/wp.unil.ch\/toxic\/files\/2025\/10\/pfas-carre-1024x1024.png\" style=\"object-position:100% 100%\" data-object-fit=\"cover\" data-object-position=\"100% 100%\" srcset=\"https:\/\/wp.unil.ch\/toxic\/files\/2025\/10\/pfas-carre-1024x1024.png 1024w, https:\/\/wp.unil.ch\/toxic\/files\/2025\/10\/pfas-carre-300x300.png 300w, https:\/\/wp.unil.ch\/toxic\/files\/2025\/10\/pfas-carre-150x150.png 150w, https:\/\/wp.unil.ch\/toxic\/files\/2025\/10\/pfas-carre-768x768.png 768w, https:\/\/wp.unil.ch\/toxic\/files\/2025\/10\/pfas-carre-540x540.png 540w, https:\/\/wp.unil.ch\/toxic\/files\/2025\/10\/pfas-carre-1080x1080.png 1080w, https:\/\/wp.unil.ch\/toxic\/files\/2025\/10\/pfas-carre.png 1280w\" sizes=\"auto, (max-width: 1024px) 100vw, 1024px\" \/><span aria-hidden=\"true\" class=\"wp-block-cover__background has-background-dim\"><\/span><div class=\"wp-block-cover__inner-container is-layout-flow wp-block-cover-is-layout-flow\">\n<p class=\"has-text-align-center has-large-font-size\"><a href=\"https:\/\/wp.unil.ch\/toxic\/balade-pfas-polluants-industriels\/\">Balades PFAS &amp; polluants industriels<br><\/a><em>De la chimie \u00e0 l&rsquo;\u00e9tang<\/em><br>Jeudi 21 mai 2026<\/p>\n<\/div><\/div>\n<\/div>\n\n\n\n<div class=\"wp-block-column is-layout-flow wp-block-column-is-layout-flow\">\n<div class=\"wp-block-cover\"><img loading=\"lazy\" decoding=\"async\" width=\"1024\" height=\"1024\" class=\"wp-block-cover__image-background wp-image-468\" alt=\"dioxines carr\u00e9\" src=\"https:\/\/wp.unil.ch\/toxic\/files\/2025\/10\/dioxines-carre-1024x1024.png\" style=\"object-position:100% 100%\" data-object-fit=\"cover\" data-object-position=\"100% 100%\" srcset=\"https:\/\/wp.unil.ch\/toxic\/files\/2025\/10\/dioxines-carre-1024x1024.png 1024w, https:\/\/wp.unil.ch\/toxic\/files\/2025\/10\/dioxines-carre-300x300.png 300w, https:\/\/wp.unil.ch\/toxic\/files\/2025\/10\/dioxines-carre-150x150.png 150w, https:\/\/wp.unil.ch\/toxic\/files\/2025\/10\/dioxines-carre-768x769.png 768w, https:\/\/wp.unil.ch\/toxic\/files\/2025\/10\/dioxines-carre-540x540.png 540w, https:\/\/wp.unil.ch\/toxic\/files\/2025\/10\/dioxines-carre-1080x1081.png 1080w, https:\/\/wp.unil.ch\/toxic\/files\/2025\/10\/dioxines-carre.png 1199w\" sizes=\"auto, (max-width: 1024px) 100vw, 1024px\" \/><span aria-hidden=\"true\" class=\"wp-block-cover__background has-background-dim\"><\/span><div class=\"wp-block-cover__inner-container is-layout-flow wp-block-cover-is-layout-flow\">\n<div class=\"wp-block-group is-vertical is-content-justification-center is-layout-flex wp-container-core-group-is-layout-4b2eccd6 wp-block-group-is-layout-flex\">\n<p class=\"has-text-align-left has-large-font-size\"><a href=\"https:\/\/wp.unil.ch\/toxic\/balade-dioxines\/\" data-type=\"page\" data-id=\"419\">Balade dioxines<\/a><\/p>\n\n\n\n<p class=\"has-text-align-center has-large-font-size\"><em>De l\u2019incin\u00e9rateur de d\u00e9chets <\/em><br><em>au jardin potager<\/em><br>Jeudi 28 mai 2026<\/p>\n<\/div>\n<\/div><\/div>\n<\/div>\n<\/div>\n\n\n\n<div class=\"wp-block-columns is-layout-flex wp-container-core-columns-is-layout-9d6595d7 wp-block-columns-is-layout-flex\">\n<div class=\"wp-block-column is-layout-flow wp-block-column-is-layout-flow\">\n<div class=\"wp-block-cover\"><img loading=\"lazy\" decoding=\"async\" width=\"1024\" height=\"1024\" class=\"wp-block-cover__image-background wp-image-467\" alt=\"pesticides carr\u00e9\" src=\"https:\/\/wp.unil.ch\/toxic\/files\/2025\/10\/pesticides-carre-1024x1024.png\" style=\"object-position:100% 100%\" data-object-fit=\"cover\" data-object-position=\"100% 100%\" srcset=\"https:\/\/wp.unil.ch\/toxic\/files\/2025\/10\/pesticides-carre-1024x1024.png 1024w, https:\/\/wp.unil.ch\/toxic\/files\/2025\/10\/pesticides-carre-300x300.png 300w, https:\/\/wp.unil.ch\/toxic\/files\/2025\/10\/pesticides-carre-150x150.png 150w, https:\/\/wp.unil.ch\/toxic\/files\/2025\/10\/pesticides-carre-768x768.png 768w, https:\/\/wp.unil.ch\/toxic\/files\/2025\/10\/pesticides-carre-540x540.png 540w, https:\/\/wp.unil.ch\/toxic\/files\/2025\/10\/pesticides-carre.png 1066w\" sizes=\"auto, (max-width: 1024px) 100vw, 1024px\" \/><span aria-hidden=\"true\" class=\"wp-block-cover__background has-background-dim\"><\/span><div class=\"wp-block-cover__inner-container is-layout-flow wp-block-cover-is-layout-flow\">\n<div class=\"wp-block-group is-vertical is-content-justification-center is-layout-flex wp-container-core-group-is-layout-4b2eccd6 wp-block-group-is-layout-flex\">\n<p class=\"has-text-align-center has-large-font-size\"><a href=\"https:\/\/wp.unil.ch\/toxic\/balade-pesticides\/\" data-type=\"page\" data-id=\"422\">Balade pesticides<\/a><\/p>\n\n\n\n<p class=\"has-text-align-center has-large-font-size\"><em>Du traitement \u00e0 la vigne<\/em><br>Jeudi 4 juin 2026<\/p>\n<\/div>\n<\/div><\/div>\n<\/div>\n\n\n\n<div class=\"wp-block-column is-layout-flow wp-block-column-is-layout-flow\">\n<div class=\"wp-block-cover\"><img loading=\"lazy\" decoding=\"async\" width=\"1024\" height=\"1024\" class=\"wp-block-cover__image-background wp-image-466\" alt=\"microplastiques carr\u00e9\" src=\"https:\/\/wp.unil.ch\/toxic\/files\/2025\/10\/microplastiques-carre-1024x1024.png\" style=\"object-position:100% 100%\" data-object-fit=\"cover\" data-object-position=\"100% 100%\" srcset=\"https:\/\/wp.unil.ch\/toxic\/files\/2025\/10\/microplastiques-carre-1024x1024.png 1024w, https:\/\/wp.unil.ch\/toxic\/files\/2025\/10\/microplastiques-carre-300x300.png 300w, https:\/\/wp.unil.ch\/toxic\/files\/2025\/10\/microplastiques-carre-150x150.png 150w, https:\/\/wp.unil.ch\/toxic\/files\/2025\/10\/microplastiques-carre-768x768.png 768w, https:\/\/wp.unil.ch\/toxic\/files\/2025\/10\/microplastiques-carre-540x540.png 540w, https:\/\/wp.unil.ch\/toxic\/files\/2025\/10\/microplastiques-carre-1080x1080.png 1080w, https:\/\/wp.unil.ch\/toxic\/files\/2025\/10\/microplastiques-carre.png 1200w\" sizes=\"auto, (max-width: 1024px) 100vw, 1024px\" \/><span aria-hidden=\"true\" class=\"wp-block-cover__background has-background-dim\"><\/span><div class=\"wp-block-cover__inner-container is-layout-flow wp-block-cover-is-layout-flow\">\n<div class=\"wp-block-group is-vertical is-content-justification-center is-layout-flex wp-container-core-group-is-layout-4b2eccd6 wp-block-group-is-layout-flex\">\n<p class=\"has-text-align-center has-large-font-size\"><a href=\"https:\/\/wp.unil.ch\/toxic\/balade-microplastiques\/\" data-type=\"page\" data-id=\"421\">Balade microplastiques<\/a><\/p>\n\n\n\n<p class=\"has-text-align-center has-large-font-size\"><em>Du pneu \u00e0 l\u2019eau du lac<\/em><br>Jeudi 18 juin 2026<\/p>\n<\/div>\n<\/div><\/div>\n<\/div>\n<\/div>\n<\/div><\/div>\n\n\n\n<h6 class=\"wp-block-heading has-small-font-size\">En partenariat avec<\/h6>\n\n\n\n<div class=\"wp-block-columns is-not-stacked-on-mobile is-layout-flex wp-container-core-columns-is-layout-9d6595d7 wp-block-columns-is-layout-flex\">\n<div class=\"wp-block-column is-layout-flow wp-block-column-is-layout-flow\" style=\"flex-basis:17%\">\n<a href=\"https:\/\/www.eprouvette-unil.ch\/\">\n  <img decoding=\"async\" src=\"https:\/\/wp.unil.ch\/toxic\/files\/2025\/10\/eprouvette_complet_noir.png\" alt=\"Description de l'image cliquable\">\n<\/a>\n<\/div>\n\n\n\n<div class=\"wp-block-column is-layout-flow wp-block-column-is-layout-flow\" style=\"flex-basis:42.47%\"><\/div>\n\n\n\n<div class=\"wp-block-column is-layout-flow wp-block-column-is-layout-flow\" style=\"flex-basis:33.33%\"><\/div>\n<\/div>\n","protected":false},"excerpt":{"rendered":"<p>Sur les traces des pollutions (in)visibles Participez \u00e0 des \u00abtoxic tours\u00bb, une s\u00e9rie de balades pour discuter des pollutions environnementales de mani\u00e8re originale et itin\u00e9rante. Ces balades permettront&hellip;<\/p>\n","protected":false},"author":1003038,"featured_media":1253,"parent":0,"menu_order":0,"comment_status":"closed","ping_status":"closed","template":"template-full-width-cover.php","meta":{"_seopress_robots_primary_cat":"","_seopress_titles_title":"","_seopress_titles_desc":"","_seopress_robots_index":"","footnotes":""},"class_list":["post-231","page","type-page","status-publish","has-post-thumbnail"],"_links":{"self":[{"href":"https:\/\/wp.unil.ch\/toxic\/wp-json\/wp\/v2\/pages\/231","targetHints":{"allow":["GET"]}}],"collection":[{"href":"https:\/\/wp.unil.ch\/toxic\/wp-json\/wp\/v2\/pages"}],"about":[{"href":"https:\/\/wp.unil.ch\/toxic\/wp-json\/wp\/v2\/types\/page"}],"author":[{"embeddable":true,"href":"https:\/\/wp.unil.ch\/toxic\/wp-json\/wp\/v2\/users\/1003038"}],"replies":[{"embeddable":true,"href":"https:\/\/wp.unil.ch\/toxic\/wp-json\/wp\/v2\/comments?post=231"}],"version-history":[{"count":5,"href":"https:\/\/wp.unil.ch\/toxic\/wp-json\/wp\/v2\/pages\/231\/revisions"}],"predecessor-version":[{"id":1274,"href":"https:\/\/wp.unil.ch\/toxic\/wp-json\/wp\/v2\/pages\/231\/revisions\/1274"}],"wp:featuredmedia":[{"embeddable":true,"href":"https:\/\/wp.unil.ch\/toxic\/wp-json\/wp\/v2\/media\/1253"}],"wp:attachment":[{"href":"https:\/\/wp.unil.ch\/toxic\/wp-json\/wp\/v2\/media?parent=231"}],"curies":[{"name":"wp","href":"https:\/\/api.w.org\/{rel}","templated":true}]}}