{"id":1091,"date":"2025-10-27T15:40:08","date_gmt":"2025-10-27T14:40:08","guid":{"rendered":"https:\/\/wp.unil.ch\/toxic\/?page_id=1091"},"modified":"2026-01-12T09:28:47","modified_gmt":"2026-01-12T08:28:47","slug":"atelier-territoire-toxique-lhistoire-de-lausanne-a-travers-ses-dechets","status":"publish","type":"page","link":"https:\/\/wp.unil.ch\/toxic\/atelier-territoire-toxique-lhistoire-de-lausanne-a-travers-ses-dechets\/","title":{"rendered":"Atelier \u00ab\u00a0Territoire toxique? L\u2019histoire de Lausanne \u00e0 travers ses d\u00e9chets\u00a0\u00bb"},"content":{"rendered":"\n<p><strong>Un atelier \u00e0 destination des scolaires, \u00e0 partir du 18 mars 2026 au Mus\u00e9e Historique Lausanne<\/strong><\/p>\n\n\n\n<div class=\"wp-block-columns is-layout-flex wp-container-core-columns-is-layout-9d6595d7 wp-block-columns-is-layout-flex\">\n<div class=\"wp-block-column is-layout-flow wp-block-column-is-layout-flow\">\n<p>L\u2019association Ville en t\u00eate propose un atelier qui met en lien le d\u00e9veloppement urbain et la pollution, dans l\u2019histoire r\u00e9cente de la Ville de Lausanne, en collaboration avec le Mus\u00e9e Historique Lausanne.<\/p>\n\n\n\n<p>\u00c0 travers un atelier ludique et interactif, les \u00e9l\u00e8ves sont invit\u00e9\u00b7e\u00b7s \u00e0 remonter le fil de l\u2019histoire lausannoise pour comprendre comment nos modes de vie, et plus particuli\u00e8rement comment le traitement de nos d\u00e9chets, ont transform\u00e9 le territoire de la Vall\u00e9e du Flon.<\/p>\n\n\n\n<p>Jeux de cartes, enqu\u00eates et discussions les am\u00e8nent \u00e0 questionner les notions de pollution, de d\u00e9chets et de ressource. L\u2019atelier interroge les responsabilit\u00e9s collectives et propose aux \u00e9l\u00e8ves d\u2019envisager ensemble de futurs sc\u00e9narios alternatifs.<\/p>\n<\/div>\n\n\n\n<div class=\"wp-block-column is-layout-flow wp-block-column-is-layout-flow\">\n<figure class=\"wp-block-image size-large\"><img loading=\"lazy\" decoding=\"async\" width=\"1024\" height=\"683\" src=\"https:\/\/wp.unil.ch\/toxic\/files\/2025\/10\/p071_semaine-enac_cville-en-tete-1024x683.jpg\" alt=\"p071 semaine enac (c)ville en tete\" class=\"wp-image-1101\" srcset=\"https:\/\/wp.unil.ch\/toxic\/files\/2025\/10\/p071_semaine-enac_cville-en-tete-1024x683.jpg 1024w, https:\/\/wp.unil.ch\/toxic\/files\/2025\/10\/p071_semaine-enac_cville-en-tete-300x200.jpg 300w, https:\/\/wp.unil.ch\/toxic\/files\/2025\/10\/p071_semaine-enac_cville-en-tete-768x512.jpg 768w, https:\/\/wp.unil.ch\/toxic\/files\/2025\/10\/p071_semaine-enac_cville-en-tete-1536x1024.jpg 1536w, https:\/\/wp.unil.ch\/toxic\/files\/2025\/10\/p071_semaine-enac_cville-en-tete-540x360.jpg 540w, https:\/\/wp.unil.ch\/toxic\/files\/2025\/10\/p071_semaine-enac_cville-en-tete-1080x720.jpg 1080w, https:\/\/wp.unil.ch\/toxic\/files\/2025\/10\/p071_semaine-enac_cville-en-tete.jpg 1800w\" sizes=\"auto, (max-width: 1024px) 100vw, 1024px\" \/><figcaption class=\"wp-element-caption\">Les ateliers permettront de sensibiliser les jeunes g\u00e9n\u00e9rations aux probl\u00e9matiques environnementales \u00a9 Ville en t\u00eate<\/figcaption><\/figure>\n<\/div>\n<\/div>\n\n\n\n<ul class=\"wp-block-list\">\n<li>Pour les classes de 8p et 9-10s du Canton de Vaud, atelier de 90 minutes<\/li>\n\n\n\n<li>Lieu : Mus\u00e9e Historique Lausanne, Place de la Cath\u00e9drale 4, 1005 Lausanne<\/li>\n\n\n\n<li>Inscriptions via le secr\u00e9tariat du Mus\u00e9e Historique Lausanne : musee.historique@lausanne.ch \/ 021 315 41 01<\/li>\n<\/ul>\n\n\n\n<p>L&rsquo;atelier est gratuit, dans la limite des places disponibles. Il peut \u00eatre prolong\u00e9 par une visite du mus\u00e9e.<\/p>\n\n\n\n<h6 class=\"wp-block-heading has-small-font-size\">En partenariat avec<\/h6>\n\n\n\n<div class=\"wp-block-columns is-not-stacked-on-mobile is-layout-flex wp-container-core-columns-is-layout-9d6595d7 wp-block-columns-is-layout-flex\">\n<div class=\"wp-block-column is-layout-flow wp-block-column-is-layout-flow\" style=\"flex-basis:17%\">\n<a href=\"https:\/\/www.ville-en-tete.ch\/\">\n  <img decoding=\"async\" src=\"https:\/\/wp.unil.ch\/toxic\/files\/2025\/10\/logo-ville-en-tete-2.png\" alt=\"Description de l'image cliquable\">\n<\/a>\n<\/div>\n\n\n\n<div class=\"wp-block-column is-layout-flow wp-block-column-is-layout-flow\" style=\"flex-basis:13%\">\n<a href=\"https:\/\/www.lausanne.ch\/vie-pratique\/culture\/musees\/mhl\">\n<img decoding=\"async\" src=\"https:\/\/wp.unil.ch\/toxic\/files\/2025\/10\/logo_mhl-1.png\" alt=\"Description de l'image cliquable\">\n<\/a>\n<\/div>\n\n\n\n<div class=\"wp-block-column is-layout-flow wp-block-column-is-layout-flow\" style=\"flex-basis:33.33%\"><\/div>\n<\/div>\n\n\n\n<p class=\"has-small-font-size\"><em>Ville en t\u00eate est une association de sensibilisation \u00e0 la culture du b\u00e2ti dont l&rsquo;objectif est de sensibiliser un large public (enfants, politiques, professionnel\u00b7les, habitant\u00b7es, etc.) aux enjeux li\u00e9s aux espaces que nous habitons et d\u2019augmenter leurs potentiels d\u2019appropriation. Pour en savoir plus : <a href=\"https:\/\/www.ville-en-tete.ch\/\">www.ville-en-tete.ch<\/a><\/em><\/p>\n\n\n\n<p class=\"has-small-font-size\"><em>Au c\u0153ur du quartier de la Cit\u00e9, le MHL, mus\u00e9e de ville, est le lieu privil\u00e9gi\u00e9 pour d\u00e9couvrir l&rsquo;\u00e9volution de Lausanne, son histoire et la vie de sa population. Il offre \u00e0 voir un parcours th\u00e9matique, une magnifique maquette de la ville au 17e si\u00e8cle et propose des expositions temporaires traitant de sujets de soci\u00e9t\u00e9. L\u2019une de ses missions est de sensibiliser les publics aux enjeux pass\u00e9s et contemporains qui fa\u00e7onnent la ville, en offrant un regard \u00e9clair\u00e9 sur son histoire et ses transformations.<\/em><\/p>\n","protected":false},"excerpt":{"rendered":"<p>Un atelier \u00e0 destination des scolaires, \u00e0 partir du 18 mars 2026 au Mus\u00e9e Historique Lausanne L\u2019association Ville en t\u00eate propose un atelier qui met en lien le&hellip;<\/p>\n","protected":false},"author":1003070,"featured_media":0,"parent":0,"menu_order":0,"comment_status":"closed","ping_status":"closed","template":"","meta":{"_seopress_robots_primary_cat":"","_seopress_titles_title":"","_seopress_titles_desc":"","_seopress_robots_index":"","footnotes":""},"class_list":["post-1091","page","type-page","status-publish","has-post-thumbnail"],"_links":{"self":[{"href":"https:\/\/wp.unil.ch\/toxic\/wp-json\/wp\/v2\/pages\/1091","targetHints":{"allow":["GET"]}}],"collection":[{"href":"https:\/\/wp.unil.ch\/toxic\/wp-json\/wp\/v2\/pages"}],"about":[{"href":"https:\/\/wp.unil.ch\/toxic\/wp-json\/wp\/v2\/types\/page"}],"author":[{"embeddable":true,"href":"https:\/\/wp.unil.ch\/toxic\/wp-json\/wp\/v2\/users\/1003070"}],"replies":[{"embeddable":true,"href":"https:\/\/wp.unil.ch\/toxic\/wp-json\/wp\/v2\/comments?post=1091"}],"version-history":[{"count":5,"href":"https:\/\/wp.unil.ch\/toxic\/wp-json\/wp\/v2\/pages\/1091\/revisions"}],"predecessor-version":[{"id":1203,"href":"https:\/\/wp.unil.ch\/toxic\/wp-json\/wp\/v2\/pages\/1091\/revisions\/1203"}],"wp:attachment":[{"href":"https:\/\/wp.unil.ch\/toxic\/wp-json\/wp\/v2\/media?parent=1091"}],"curies":[{"name":"wp","href":"https:\/\/api.w.org\/{rel}","templated":true}]}}