{"id":633,"date":"2020-12-17T15:28:36","date_gmt":"2020-12-17T14:28:36","guid":{"rendered":"https:\/\/wp.unil.ch\/tourismeetdeveloppement\/?page_id=633"},"modified":"2020-12-17T16:17:12","modified_gmt":"2020-12-17T15:17:12","slug":"jour-4-et-5-poschiavo-brusio-tirano","status":"publish","type":"page","link":"https:\/\/wp.unil.ch\/tourismeetdeveloppement\/jour-4-et-5-poschiavo-brusio-tirano\/","title":{"rendered":"Jour 4 et 5 &#8211; Poschiavo \/ Brusio \/ Tirano"},"content":{"rendered":"\n<p><strong><em>Mercredi 21 et Jeudi 22 octobre 2020<\/em><\/strong><\/p>\n\n\n\n<p>Ces deux journ\u00e9es sont en quelque sorte le c\u0153ur du stage de terrain. Difficile de dire qui fait quoi exactement mais ce qui est s\u00fbr c\u2019est que les trois groupes sont lanc\u00e9s avec leurs questions et leurs m\u00e9thodes. Les strat\u00e9gies s\u2019affinent peu \u00e0 peu. Ils et elles se divisent et jonglent avec les langues (fran\u00e7ais, anglais, italien, allemand) pour r\u00e9colter au mieux leurs donn\u00e9es et mener parfois deux ou trois entretiens dans la journ\u00e9e. <\/p>\n\n\n\n<div class=\"wp-block-image is-style-default\"><figure class=\"aligncenter size-large\"><img alt=\"\" loading=\"lazy\" decoding=\"async\" width=\"502\" height=\"891\" src=\"https:\/\/wp.unil.ch\/tourismeetdeveloppement\/files\/2020\/12\/Sans-titre-17.png\" alt=\"\" class=\"wp-image-634\" srcset=\"https:\/\/wp.unil.ch\/tourismeetdeveloppement\/files\/2020\/12\/Sans-titre-17.png 502w, https:\/\/wp.unil.ch\/tourismeetdeveloppement\/files\/2020\/12\/Sans-titre-17-169x300.png 169w\" sizes=\"auto, (max-width: 502px) 100vw, 502px\" \/><figcaption>Figure 1 &#8211; Barrage du Lago Bianco<\/figcaption><\/figure><\/div>\n\n\n\n<p>Le Polo Poschiavo est tel un camp de base o\u00f9 tou.te.s passent \u00e0 un moment dans la journ\u00e9e, <em>a minima<\/em> r\u00e9cup\u00e9rer le lunch, parfois pour travailler plus longuement. <\/p>\n\n\n\n<figure class=\"wp-block-image size-large is-style-rounded\"><img alt=\"\" loading=\"lazy\" decoding=\"async\" width=\"945\" height=\"533\" src=\"https:\/\/wp.unil.ch\/tourismeetdeveloppement\/files\/2020\/12\/Sans-titre-18.png\" alt=\"\" class=\"wp-image-635\" srcset=\"https:\/\/wp.unil.ch\/tourismeetdeveloppement\/files\/2020\/12\/Sans-titre-18.png 945w, https:\/\/wp.unil.ch\/tourismeetdeveloppement\/files\/2020\/12\/Sans-titre-18-300x169.png 300w, https:\/\/wp.unil.ch\/tourismeetdeveloppement\/files\/2020\/12\/Sans-titre-18-768x433.png 768w\" sizes=\"auto, (max-width: 706px) 89vw, (max-width: 767px) 82vw, 740px\" \/><figcaption>Figure 2 &#8211; Le Valposchiavo vu depuis Alp Gr\u00fcm<\/figcaption><\/figure>\n\n\n\n<p>Ross fait le chauffeur pour conduire certain.e.s \u00e9tudiant.e.s \u00e0 des entretiens situ\u00e9s hors des deux villages principaux. <\/p>\n\n\n\n<div class=\"wp-block-image\"><figure class=\"aligncenter size-large\"><img alt=\"\" loading=\"lazy\" decoding=\"async\" width=\"472\" height=\"837\" src=\"https:\/\/wp.unil.ch\/tourismeetdeveloppement\/files\/2020\/12\/Sans-titre-19.png\" alt=\"\" class=\"wp-image-636\" srcset=\"https:\/\/wp.unil.ch\/tourismeetdeveloppement\/files\/2020\/12\/Sans-titre-19.png 472w, https:\/\/wp.unil.ch\/tourismeetdeveloppement\/files\/2020\/12\/Sans-titre-19-169x300.png 169w\" sizes=\"auto, (max-width: 472px) 100vw, 472px\" \/><figcaption>Figure 3 &#8211; Museo di Poschiavo<\/figcaption><\/figure><\/div>\n\n\n\n<p>Jeudi soir, les consignes sont donn\u00e9es par Samanta, prof d\u2019un soir, pour la restitution pr\u00e9vue le lendemain.<\/p>\n\n\n\n<figure class=\"wp-block-image size-large is-style-rounded\"><img alt=\"\" loading=\"lazy\" decoding=\"async\" width=\"945\" height=\"533\" src=\"https:\/\/wp.unil.ch\/tourismeetdeveloppement\/files\/2020\/12\/Sans-titre-20.png\" alt=\"\" class=\"wp-image-637\" srcset=\"https:\/\/wp.unil.ch\/tourismeetdeveloppement\/files\/2020\/12\/Sans-titre-20.png 945w, https:\/\/wp.unil.ch\/tourismeetdeveloppement\/files\/2020\/12\/Sans-titre-20-300x169.png 300w, https:\/\/wp.unil.ch\/tourismeetdeveloppement\/files\/2020\/12\/Sans-titre-20-768x433.png 768w\" sizes=\"auto, (max-width: 706px) 89vw, (max-width: 767px) 82vw, 740px\" \/><figcaption>Figure 4 &#8211; Village de San Carlo (Poschiavo)<\/figcaption><\/figure>\n\n\n\n<p><em>Texte et images : Dr. Marjolaine Gros-Balthazard et L\u00e9a Canevet<\/em><\/p>\n","protected":false},"excerpt":{"rendered":"<p>Mercredi 21 et Jeudi 22 octobre 2020 Ces deux journ\u00e9es sont en quelque sorte le c\u0153ur du stage de terrain. Difficile de dire qui fait quoi exactement mais ce qui est s\u00fbr c\u2019est que les trois groupes sont lanc\u00e9s avec leurs questions et leurs m\u00e9thodes. Les strat\u00e9gies s\u2019affinent peu \u00e0 peu. Ils et elles se &hellip; <\/p>\n<p class=\"link-more\"><a href=\"https:\/\/wp.unil.ch\/tourismeetdeveloppement\/jour-4-et-5-poschiavo-brusio-tirano\/\" class=\"more-link\">Continuer la lecture<span class=\"screen-reader-text\"> de &laquo;&nbsp;Jour 4 et 5 &#8211; Poschiavo \/ Brusio \/ Tirano&nbsp;&raquo;<\/span><\/a><\/p>\n","protected":false},"author":1002065,"featured_media":0,"parent":0,"menu_order":0,"comment_status":"closed","ping_status":"closed","template":"","meta":{"_seopress_robots_primary_cat":"","_seopress_titles_title":"","_seopress_titles_desc":"","_seopress_robots_index":"","footnotes":""},"class_list":["post-633","page","type-page","status-publish"],"_links":{"self":[{"href":"https:\/\/wp.unil.ch\/tourismeetdeveloppement\/wp-json\/wp\/v2\/pages\/633","targetHints":{"allow":["GET"]}}],"collection":[{"href":"https:\/\/wp.unil.ch\/tourismeetdeveloppement\/wp-json\/wp\/v2\/pages"}],"about":[{"href":"https:\/\/wp.unil.ch\/tourismeetdeveloppement\/wp-json\/wp\/v2\/types\/page"}],"author":[{"embeddable":true,"href":"https:\/\/wp.unil.ch\/tourismeetdeveloppement\/wp-json\/wp\/v2\/users\/1002065"}],"replies":[{"embeddable":true,"href":"https:\/\/wp.unil.ch\/tourismeetdeveloppement\/wp-json\/wp\/v2\/comments?post=633"}],"version-history":[{"count":0,"href":"https:\/\/wp.unil.ch\/tourismeetdeveloppement\/wp-json\/wp\/v2\/pages\/633\/revisions"}],"wp:attachment":[{"href":"https:\/\/wp.unil.ch\/tourismeetdeveloppement\/wp-json\/wp\/v2\/media?parent=633"}],"curies":[{"name":"wp","href":"https:\/\/api.w.org\/{rel}","templated":true}]}}