{"id":45,"date":"2017-01-27T12:44:38","date_gmt":"2017-01-27T11:44:38","guid":{"rendered":"http:\/\/wp.unil.ch\/tolerance\/?page_id=45"},"modified":"2020-10-16T14:04:50","modified_gmt":"2020-10-16T12:04:50","slug":"public-lectures","status":"publish","type":"page","link":"https:\/\/wp.unil.ch\/tolerance\/public-lectures\/","title":{"rendered":"Public lectures"},"content":{"rendered":"<p>The project regularly organises <strong>P<\/strong><strong>ublic lectures on tolerance, intolerance and discrimination<\/strong> at the\u00a0University of Lausanne, Facult\u00e9 des lettres, B\u00e2timent Anthropole, Room 5196 (<a href=\"https:\/\/planete.unil.ch\/plan\">map<\/a>) \u2013 <a href=\"https:\/\/wp.unil.ch\/tolerance\/files\/2018\/02\/AffichesTolerance2018P.pdf\">Poster<\/a><\/p>\n<ul>\n<li>Mai 22, 2018: Prof. Alain Petit (Universit\u00e9 Clermont Auvergne): &#8220;L&#8217;Universel \u00e0 l&#8217;\u00e9preuve de la Chine: Leibniz sur la religion naturelle&#8221;. You&#8217;ll find the poster <a href=\"https:\/\/wp.unil.ch\/tolerance\/files\/2018\/05\/AffichesTolerance2018AP.pdf\">here<\/a>.<\/li>\n<li>March 6, 2018: Prof. <a href=\"https:\/\/www.ptsem.edu\/people\/john-r-bowlin\">John Bowlin<\/a> (Princeton Theological Seminary): &#8220;When Virtue becomes Craft: Reconsidering Tolerance&#8221;. You&#8217;ll find the poster\u00a0<a href=\"https:\/\/wp.unil.ch\/tolerance\/files\/2018\/02\/AffichesTolerance2018P.pdf\">here<\/a>.\u00a0(For the meet the author workshop in Geneva on March 5, you find the poster\u00a0<a href=\"https:\/\/wp.unil.ch\/tolerance\/files\/2018\/01\/A3-ToleranceVirtues-05032018.pdf\">here<\/a>.)<\/li>\n<\/ul>\n<ul>\n<li>December 12, 2017:\u00a0Prof <a href=\"https:\/\/www.oefre.unibe.ch\/ueber_uns\/personen\/prof_dr_wyttenbach_judith\/index_ger.html\">Judith Wyttenbach<\/a> (Berne, droit):\u00a0&#8220;Religionsfreiheit und Diskriminierungsverbot: Von der sogenannten Mehrheitsgesellschaft und von Minderheiten, von Toleranz und Akzeptanz &#8211; und von ihren Grenzen&#8221; (in German)<\/li>\n<li>November 14, 2017: Dr <a href=\"https:\/\/literature.britishcouncil.org\/writer\/james-robertson\">James Robertson<\/a> (\u00e9crivain \u00e9cossais):\u00a0&#8220;\u2018Out of the strong came forth sweetness\u2019? Myths of intolerance and tolerance in Scottish history, and some literary responses.&#8221; (in English)<\/li>\n<li>October 31, 2017: Dr <a href=\"https:\/\/lettres.unifr.ch\/?id=2090\">Angela Martin<\/a> (Fribourg, philosophie): &#8220;Au-del\u00e0 de l&#8217;\u00e9gale consid\u00e9ration des int\u00e9r\u00eats: la discrimination positive pour les animaux?&#8221; (in French)<\/li>\n<li>October 17, 2017:\u00a0Dr <a href=\"https:\/\/nenadstojanovic.ch\">Nenad Stojanovic<\/a> (Lucerne, politologie):\u00a0&#8220;Quand est-ce qu\u2019une personne est discrimin\u00e9e?&#8221; (in French)<\/li>\n<\/ul>\n<ul>\n<li>May 30, 2017: Prof. <a href=\"https:\/\/ptsem.edu\/people\/l-gordon-graham\">Gordon Graham<\/a>\u00a0(Princeton Theological Seminary):\u00a0&#8220;Toleration, Multiculturalism, and Diversity&#8221; (in English)<\/li>\n<li>May 23, 2017: Prof. <a href=\"https:\/\/www.unil.ch\/philo\/fr\/home\/menuinst\/moderne-et-contemporaine\/collaborateurs\/simone-zurbuchen.html\">Simone Zurbuchen Pittlik<\/a> (Lausanne):\u00a0&#8220;Tol\u00e9rance et la\u00efcit\u00e9&#8221; (in French)<\/li>\n<li>May 2, 2017: Dr <a href=\"https:\/\/www.kcl.ac.uk\/artshums\/depts\/trs\/people\/staff\/academic\/milligan.aspx\">Tony Milligan<\/a> (King&#8217;s College London):\u00a0&#8220;Toleration and Partisanship&#8221; (in English)<\/li>\n<\/ul>\n<ul>\n<li>October 18, 2016: Prof. <a href=\"https:\/\/www.gla.ac.uk\/schools\/humanities\/staff\/alexanderbroadie\/#\/\">Alexander Broadie<\/a> (Glasgow), FRSE:\u00a0&#8220;The Virtue of Tolerance in the Scottish Enlightenment&#8221; (in English)<\/li>\n<\/ul>\n","protected":false},"excerpt":{"rendered":"<p>The project regularly organises Public lectures on tolerance, intolerance and discrimination at the\u00a0University of Lausanne, Facult\u00e9 des lettres, B\u00e2timent Anthropole, Room 5196 (map) \u2013 Poster Mai 22, 2018: Prof. Alain &hellip; <\/p>\n","protected":false},"author":1001500,"featured_media":0,"parent":0,"menu_order":0,"comment_status":"closed","ping_status":"closed","template":"","meta":{"_seopress_robots_primary_cat":"","_seopress_titles_title":"","_seopress_titles_desc":"","_seopress_robots_index":"","footnotes":""},"class_list":["post-45","page","type-page","status-publish"],"_links":{"self":[{"href":"https:\/\/wp.unil.ch\/tolerance\/wp-json\/wp\/v2\/pages\/45","targetHints":{"allow":["GET"]}}],"collection":[{"href":"https:\/\/wp.unil.ch\/tolerance\/wp-json\/wp\/v2\/pages"}],"about":[{"href":"https:\/\/wp.unil.ch\/tolerance\/wp-json\/wp\/v2\/types\/page"}],"author":[{"embeddable":true,"href":"https:\/\/wp.unil.ch\/tolerance\/wp-json\/wp\/v2\/users\/1001500"}],"replies":[{"embeddable":true,"href":"https:\/\/wp.unil.ch\/tolerance\/wp-json\/wp\/v2\/comments?post=45"}],"version-history":[{"count":0,"href":"https:\/\/wp.unil.ch\/tolerance\/wp-json\/wp\/v2\/pages\/45\/revisions"}],"wp:attachment":[{"href":"https:\/\/wp.unil.ch\/tolerance\/wp-json\/wp\/v2\/media?parent=45"}],"curies":[{"name":"wp","href":"https:\/\/api.w.org\/{rel}","templated":true}]}}