{"id":373,"date":"2023-02-10T13:56:48","date_gmt":"2023-02-10T12:56:48","guid":{"rendered":"https:\/\/wp.unil.ch\/techno-mondes\/?page_id=373"},"modified":"2023-04-04T10:19:58","modified_gmt":"2023-04-04T08:19:58","slug":"portrait","status":"publish","type":"page","link":"https:\/\/wp.unil.ch\/techno-mondes\/gafsou\/portrait\/","title":{"rendered":"Portrait de Matthieu Gafsou"},"content":{"rendered":"\n<p class=\"has-buttons-text-color has-accent-background-color has-text-color has-background\"><em><strong>Par Rebecca Onesti, Master en histoire de l\u2019art et en sciences historiques de la culture, UNIL<\/strong><\/em><\/p>\n\n\n\n<div class=\"wp-block-columns is-layout-flex wp-container-core-columns-is-layout-9d6595d7 wp-block-columns-is-layout-flex\">\n<div class=\"wp-block-column is-layout-flow wp-block-column-is-layout-flow\">\n<p>Matthieu Gafsou est n\u00e9 \u00e0 Lausanne en 1981. Apr\u00e8s des \u00e9tudes \u00e0 l\u2019Universit\u00e9 de Lausanne en philosophie, litt\u00e9rature et cin\u00e9ma, il entreprend une formation de photographe \u00e0 l\u2019\u00c9cole d\u2019arts appliqu\u00e9s de Vevey. Il participe \u00e0 plusieurs expositions collectives et individuelles, notamment <em>reGeneration2<\/em>\u00a0et <em>Only God Can Judge Me<\/em>, toutes deux au Mus\u00e9e de l\u2019Elys\u00e9e \u00e0 Lausanne en 2010 et 2014. En 2018, l\u2019exposition <em>H+<\/em> est pr\u00e9sent\u00e9e aux Rencontres de la Photographie d\u2019Arles, puis voyage \u00e0 l\u2019international. En 2022, son projet <em>Vivants<\/em> est expos\u00e9 au Mus\u00e9e d\u2019art de Pully. Il enseigne \u00e0 l\u2019\u00c9cole cantonale d\u2019art de Lausanne (ECAL).<br><br>Dans son projet pour l\u2019exposition <em>Techno-mondes<\/em>, Matthieu Gafsou projette le public dans un monde fictif fait de <em>Chim\u00e8res<\/em>. Ses images insolites invitent le spectateur \u00e0 s&rsquo;arr\u00eater et \u00e0 regarder de plus pr\u00e8s pour essayer de comprendre \u00e0 quoi est d\u00fb leur caract\u00e8re singulier. L\u2019artiste fait le choix de travailler avec l\u2019intelligence artificielle. Il utilise le logiciel Dall-e qui fonctionne gr\u00e2ce \u00e0 un <em>prompt<\/em>\u00a0: une requ\u00eate sous forme textuelle est soumise \u00e0 l\u2019intelligence artificielle qui, \u00e0 partir de celle-ci, produit des images. Gafsou exp\u00e9rimente en donnant au programme des instructions, souvent accompagn\u00e9es d\u2019extraits de textes d\u2019\u00e9crivains, notamment d\u2019\u00e9crits dystopiques caract\u00e9ris\u00e9s par leur \u00e9vocation de futurs possibles (notamment chez Damasio, Gibson, ou issus de la Bible). Il a aussi fait appel au moteur de traduction Deepl, afin de traduire les textes du fran\u00e7ais \u00e0 l\u2019anglais. Enfin, lorsque Dall-e produisait des images en noir et blanc, il a utilis\u00e9 une autre IA pr\u00e9sente dans Photoshop pour les coloriser automatiquement.<\/p>\n<\/div>\n\n\n\n<div class=\"wp-block-column is-layout-flow wp-block-column-is-layout-flow\">\n<figure class=\"wp-block-image size-large\"><img alt=\"\" loading=\"lazy\" decoding=\"async\" width=\"1024\" height=\"1020\" src=\"https:\/\/wp.unil.ch\/techno-mondes\/files\/2023\/03\/6.chimeres_07-1024x1020.png\" alt=\"\" class=\"wp-image-750\" srcset=\"https:\/\/wp.unil.ch\/techno-mondes\/files\/2023\/03\/6.chimeres_07-1024x1020.png 1024w, https:\/\/wp.unil.ch\/techno-mondes\/files\/2023\/03\/6.chimeres_07-300x300.png 300w, https:\/\/wp.unil.ch\/techno-mondes\/files\/2023\/03\/6.chimeres_07-150x150.png 150w, https:\/\/wp.unil.ch\/techno-mondes\/files\/2023\/03\/6.chimeres_07-768x765.png 768w, https:\/\/wp.unil.ch\/techno-mondes\/files\/2023\/03\/6.chimeres_07-540x538.png 540w, https:\/\/wp.unil.ch\/techno-mondes\/files\/2023\/03\/6.chimeres_07-1080x1076.png 1080w, https:\/\/wp.unil.ch\/techno-mondes\/files\/2023\/03\/6.chimeres_07.png 1452w\" sizes=\"auto, (max-width: 1024px) 100vw, 1024px\" \/><figcaption class=\"wp-element-caption\">Fig.\u00a01. Matthieu Gafsou,\u00a0<em>Chim\u00e8res n\u00b007<\/em>, s\u00e9rie\u00a0<em>Chim\u00e8res<\/em>, 2023<\/figcaption><\/figure>\n<\/div>\n<\/div>\n\n\n\n<div class=\"wp-block-columns is-layout-flex wp-container-core-columns-is-layout-9d6595d7 wp-block-columns-is-layout-flex\">\n<div class=\"wp-block-column is-layout-flow wp-block-column-is-layout-flow\">\n<p>L\u2019environnement et l\u2019\u00e9cologie font partie des th\u00e8mes qui l\u2019ont guid\u00e9 dans la r\u00e9alisation de ses photographies. Il y pr\u00e9sente un monde o\u00f9 la survie devient difficile. L\u2019\u00eatre humain se retrouve impuissant face \u00e0 la destruction et \u00e0 la d\u00e9solation du monde provoqu\u00e9e par lui-m\u00eame. Malgr\u00e9 le fait que le titre de la s\u00e9rie <em>Chim\u00e8res <\/em>(2023) sugg\u00e8re un monde fantastique et que toutes les images soient fictives, la s\u00e9rie pose la question de la vraisemblance de tels sc\u00e9narios dans un avenir proche.<\/p>\n<\/div>\n\n\n\n<div class=\"wp-block-column is-layout-flow wp-block-column-is-layout-flow\">\n<figure class=\"wp-block-image size-large\"><img alt=\"\" loading=\"lazy\" decoding=\"async\" width=\"1024\" height=\"1024\" src=\"https:\/\/wp.unil.ch\/techno-mondes\/files\/2023\/03\/9.chimeres_09-1024x1024.png\" alt=\"\" class=\"wp-image-751\" srcset=\"https:\/\/wp.unil.ch\/techno-mondes\/files\/2023\/03\/9.chimeres_09-1024x1024.png 1024w, https:\/\/wp.unil.ch\/techno-mondes\/files\/2023\/03\/9.chimeres_09-300x300.png 300w, https:\/\/wp.unil.ch\/techno-mondes\/files\/2023\/03\/9.chimeres_09-150x150.png 150w, https:\/\/wp.unil.ch\/techno-mondes\/files\/2023\/03\/9.chimeres_09-768x768.png 768w, https:\/\/wp.unil.ch\/techno-mondes\/files\/2023\/03\/9.chimeres_09-540x540.png 540w, https:\/\/wp.unil.ch\/techno-mondes\/files\/2023\/03\/9.chimeres_09-1080x1080.png 1080w, https:\/\/wp.unil.ch\/techno-mondes\/files\/2023\/03\/9.chimeres_09.png 1200w\" sizes=\"auto, (max-width: 1024px) 100vw, 1024px\" \/><figcaption class=\"wp-element-caption\">Fig.\u00a02. Matthieu Gafsou,\u00a0<em>Chim\u00e8res n\u00b009<\/em>, s\u00e9rie\u00a0<em>Chim\u00e8res<\/em>, 2023<\/figcaption><\/figure>\n<\/div>\n<\/div>\n","protected":false},"excerpt":{"rendered":"<p>Par Rebecca Onesti<\/p>\n","protected":false},"author":108,"featured_media":753,"parent":312,"menu_order":0,"comment_status":"closed","ping_status":"closed","template":"template-full-width.php","meta":{"_seopress_robots_primary_cat":"","_seopress_titles_title":"","_seopress_titles_desc":"","_seopress_robots_index":"","footnotes":""},"class_list":["post-373","page","type-page","status-publish","has-post-thumbnail"],"_links":{"self":[{"href":"https:\/\/wp.unil.ch\/techno-mondes\/wp-json\/wp\/v2\/pages\/373","targetHints":{"allow":["GET"]}}],"collection":[{"href":"https:\/\/wp.unil.ch\/techno-mondes\/wp-json\/wp\/v2\/pages"}],"about":[{"href":"https:\/\/wp.unil.ch\/techno-mondes\/wp-json\/wp\/v2\/types\/page"}],"author":[{"embeddable":true,"href":"https:\/\/wp.unil.ch\/techno-mondes\/wp-json\/wp\/v2\/users\/108"}],"replies":[{"embeddable":true,"href":"https:\/\/wp.unil.ch\/techno-mondes\/wp-json\/wp\/v2\/comments?post=373"}],"version-history":[{"count":0,"href":"https:\/\/wp.unil.ch\/techno-mondes\/wp-json\/wp\/v2\/pages\/373\/revisions"}],"up":[{"embeddable":true,"href":"https:\/\/wp.unil.ch\/techno-mondes\/wp-json\/wp\/v2\/pages\/312"}],"wp:featuredmedia":[{"embeddable":true,"href":"https:\/\/wp.unil.ch\/techno-mondes\/wp-json\/wp\/v2\/media\/753"}],"wp:attachment":[{"href":"https:\/\/wp.unil.ch\/techno-mondes\/wp-json\/wp\/v2\/media?parent=373"}],"curies":[{"name":"wp","href":"https:\/\/api.w.org\/{rel}","templated":true}]}}