{"id":310,"date":"2023-02-10T13:16:20","date_gmt":"2023-02-10T12:16:20","guid":{"rendered":"https:\/\/wp.unil.ch\/techno-mondes\/?page_id=310"},"modified":"2023-04-04T12:09:36","modified_gmt":"2023-04-04T10:09:36","slug":"leutenegger","status":"publish","type":"page","link":"https:\/\/wp.unil.ch\/techno-mondes\/leutenegger\/","title":{"rendered":"Catherine Leutenegger"},"content":{"rendered":"\n<p class=\"has-buttons-text-color has-accent-background-color has-text-color has-background\">A l\u2019invitation de l\u2019Universit\u00e9 de Lausanne, Catherine Leutenegger a photographi\u00e9 le <strong>Centre d\u2019imagerie Dubochet (DCI UNIL-EPFL)<\/strong>, situ\u00e9 sur le campus de l\u2019UNIL. Effets chromatiques et jeux d\u2019\u00e9chelle soulignent le pouvoir des nouveaux instruments technologiques (des microscopes \u00e9lectroniques parmi les plus puissants au monde) dans la compr\u00e9hension de la vie.<\/p>\n\n\n<div class=\"grid-plus-container grid-69ec2d8780a8e page \"\n     id=\"69ec2d8780a8e\"\n     data-grid-name=\"Leutenegger\"\n     data-animation=\"zoomIn\">\n    <div class=\"grid-stack-container grid-plus-inner\"\n         data-ajax-url=\"https:\/\/wp.unil.ch\/techno-mondes\/wp-admin\/admin-ajax.php\"\n         data-grid-id=\"6425480d4b1ae\"\n         data-current-category=\"\"\n         data-section-id=\"69ec2d8780a8e\"\n         data-gutter=\"30\"\n         data-columns=\"4\"\n         data-height-ratio=\"1\"\n         data-width-ratio=\"1\"\n         data-desktop-columns=\"4\"\n         data-tablet-columns=\"2\"\n         data-mobile-columns=\"1\"\n         data-layout-type=\"grid\"\n         data-fix-item-height=\"false\"\n         data-nonce=\"aa3ffaca0a\"\n    >\n        \n        <div class=\"grid-stack grid-stack-4\" data-layout=\"grid\"\n             style=\"height: 2690px\">\n        <\/div>\n        <div class=\"grid-items\">\n                            <div class=\"item\" data-gs-x=\"0\"\n                     data-gs-y=\"0\"\n                     data-gs-width=\"1\"\n                     data-gs-height=\"34\"\n                     data-skin=\"thumbnail-title-excerpt\"\n\n                     data-desktop-gs-x=\"0\"\n                     data-desktop-gs-y=\"0\"\n                     data-desktop-gs-width=\"1\"\n                     data-desktop-gs-height=\"34\"\n                     data-desktop-skin=\"thumbnail-title-excerpt\"\n\n                     data-image-width=\"1843\"\n                     data-image-height=\"1200\"\n                >\n                    <div class=\"grid-post-item thumbnail\" data-thumbnail-only=\"1\">\n    <div class=\"thumbnail-image\" data-img=\"https:\/\/wp.unil.ch\/techno-mondes\/files\/2023\/03\/10.molecule_10000x6511_sans_coutours_2molecule_10000x6511_sans_coutours_2.jpg\">\n                    <img decoding=\"async\" src=\"https:\/\/wp.unil.ch\/techno-mondes\/files\/2023\/03\/10.molecule_10000x6511_sans_coutours_2molecule_10000x6511_sans_coutours_2.jpg\" alt=\"Entre infiniment petit et infiniment beau : Microscopes et logiciels de num\u00e9risation 3D dans les sciences et en art\" >\n                <div class=\"hover-outer transition-30\">\n                            <a href=\"https:\/\/wp.unil.ch\/techno-mondes\/leutenegger\/entre-infiniment-petit-et-infiniment-beau\/\" title=\"Entre infiniment petit et infiniment beau : Microscopes et logiciels de num\u00e9risation 3D dans les sciences et en art\"><\/a>\n                        <div class=\"hover-inner transition-50\">\n                                    <div class=\"title\">\n                                                    <a href=\"https:\/\/wp.unil.ch\/techno-mondes\/leutenegger\/entre-infiniment-petit-et-infiniment-beau\/\" title=\"Entre infiniment petit et infiniment beau : Microscopes et logiciels de num\u00e9risation 3D dans les sciences et en art\">Entre infiniment petit et infiniment beau : Microscopes et logiciels de num\u00e9risation 3D dans les sciences et en art<\/a>\n                                            <\/div>\n                                                    <div class=\"excerpt\">Par Furaha Mujynya<\/div>\n                            <\/div>\n        <\/div>\n    <\/div>\n<\/div>\n                <\/div>\n                                <div class=\"item\" data-gs-x=\"1\"\n                     data-gs-y=\"0\"\n                     data-gs-width=\"1\"\n                     data-gs-height=\"34\"\n                     data-skin=\"thumbnail-title-excerpt\"\n\n                     data-desktop-gs-x=\"1\"\n                     data-desktop-gs-y=\"0\"\n                     data-desktop-gs-width=\"1\"\n                     data-desktop-gs-height=\"34\"\n                     data-desktop-skin=\"thumbnail-title-excerpt\"\n\n                     data-image-width=\"1800\"\n                     data-image-height=\"1200\"\n                >\n                    <div class=\"grid-post-item thumbnail\" data-thumbnail-only=\"1\">\n    <div class=\"thumbnail-image\" data-img=\"https:\/\/wp.unil.ch\/techno-mondes\/files\/2023\/02\/5.DCI_219DCI_219.jpg\">\n                    <img decoding=\"async\" src=\"https:\/\/wp.unil.ch\/techno-mondes\/files\/2023\/02\/5.DCI_219DCI_219.jpg\" alt=\"Interview de l&rsquo;artiste Catherine Leutenegger\" >\n                <div class=\"hover-outer transition-30\">\n                            <a href=\"https:\/\/wp.unil.ch\/techno-mondes\/leutenegger\/interview\/\" title=\"Interview de l&rsquo;artiste Catherine Leutenegger\"><\/a>\n                        <div class=\"hover-inner transition-50\">\n                                    <div class=\"title\">\n                                                    <a href=\"https:\/\/wp.unil.ch\/techno-mondes\/leutenegger\/interview\/\" title=\"Interview de l&rsquo;artiste Catherine Leutenegger\">Interview de l&rsquo;artiste Catherine Leutenegger<\/a>\n                                            <\/div>\n                                                    <div class=\"excerpt\">Par Chlo\u00e9 Luthier et Furaha Mujynya<\/div>\n                            <\/div>\n        <\/div>\n    <\/div>\n<\/div>\n                <\/div>\n                                <div class=\"item\" data-gs-x=\"2\"\n                     data-gs-y=\"0\"\n                     data-gs-width=\"1\"\n                     data-gs-height=\"34\"\n                     data-skin=\"thumbnail-title-excerpt\"\n\n                     data-desktop-gs-x=\"2\"\n                     data-desktop-gs-y=\"0\"\n                     data-desktop-gs-width=\"1\"\n                     data-desktop-gs-height=\"34\"\n                     data-desktop-skin=\"thumbnail-title-excerpt\"\n\n                     data-image-width=\"800\"\n                     data-image-height=\"1200\"\n                >\n                    <div class=\"grid-post-item thumbnail\" data-thumbnail-only=\"1\">\n    <div class=\"thumbnail-image\" data-img=\"https:\/\/wp.unil.ch\/techno-mondes\/files\/2023\/03\/3.DCI_108.png\">\n                    <img decoding=\"async\" src=\"https:\/\/wp.unil.ch\/techno-mondes\/files\/2023\/03\/3.DCI_108.png\" alt=\"Portrait de Catherine Leutenegger\" >\n                <div class=\"hover-outer transition-30\">\n                            <a href=\"https:\/\/wp.unil.ch\/techno-mondes\/leutenegger\/portrait\/\" title=\"Portrait de Catherine Leutenegger\"><\/a>\n                        <div class=\"hover-inner transition-50\">\n                                    <div class=\"title\">\n                                                    <a href=\"https:\/\/wp.unil.ch\/techno-mondes\/leutenegger\/portrait\/\" title=\"Portrait de Catherine Leutenegger\">Portrait de Catherine Leutenegger<\/a>\n                                            <\/div>\n                                                    <div class=\"excerpt\">Par Furaha Mujynya<\/div>\n                            <\/div>\n        <\/div>\n    <\/div>\n<\/div>\n                <\/div>\n                                <div class=\"item\" data-gs-x=\"3\"\n                     data-gs-y=\"0\"\n                     data-gs-width=\"1\"\n                     data-gs-height=\"34\"\n                     data-skin=\"thumbnail-title-excerpt\"\n\n                     data-desktop-gs-x=\"3\"\n                     data-desktop-gs-y=\"0\"\n                     data-desktop-gs-width=\"1\"\n                     data-desktop-gs-height=\"34\"\n                     data-desktop-skin=\"thumbnail-title-excerpt\"\n\n                     data-image-width=\"800\"\n                     data-image-height=\"1200\"\n                >\n                    <div class=\"grid-post-item thumbnail\" data-thumbnail-only=\"1\">\n    <div class=\"thumbnail-image\" data-img=\"https:\/\/wp.unil.ch\/techno-mondes\/files\/2023\/03\/6.DCI_286_rec.jpg\">\n                    <img decoding=\"async\" src=\"https:\/\/wp.unil.ch\/techno-mondes\/files\/2023\/03\/6.DCI_286_rec.jpg\" alt=\"Regard(s) sur la science : les photographies de Catherine Leutenegger\" >\n                <div class=\"hover-outer transition-30\">\n                            <a href=\"https:\/\/wp.unil.ch\/techno-mondes\/leutenegger\/regards-sur-la-science\/\" title=\"Regard(s) sur la science : les photographies de Catherine Leutenegger\"><\/a>\n                        <div class=\"hover-inner transition-50\">\n                                    <div class=\"title\">\n                                                    <a href=\"https:\/\/wp.unil.ch\/techno-mondes\/leutenegger\/regards-sur-la-science\/\" title=\"Regard(s) sur la science : les photographies de Catherine Leutenegger\">Regard(s) sur la science : les photographies de Catherine Leutenegger<\/a>\n                                            <\/div>\n                                                    <div class=\"excerpt\">Par Chlo\u00e9 Luthier<\/div>\n                            <\/div>\n        <\/div>\n    <\/div>\n<\/div>\n                <\/div>\n                        <\/div>\n\n            <\/div>\n<\/div>\n\n\n\n\n<p>Catherine Leutenegger (CH, *1983) est une artiste plasticienne, photographe et enseignante bas\u00e9e en Suisse. Elle a obtenu un Master en Photographie de l\u2019ECAL (Lausanne) et a re\u00e7u plusieurs prix&nbsp;: le Prix Photographie Vaud 2018, le Manor Cultural Prize et deux Swiss Design Awards. La pratique de Catherine Leutenegger joue sur la transversalit\u00e9, le rapport d\u2019\u00e9chelle, la spatialit\u00e9 et l\u2019ambigu\u00eft\u00e9 des formes. Elle soul\u00e8ve de nouvelles r\u00e9flexions sur l\u2019omnipr\u00e9sence num\u00e9rique, la mat\u00e9rialisation du virtuel qui inaugure une reformulation de notre exp\u00e9rience de la r\u00e9alit\u00e9 parall\u00e8lement \u00e0 une tendance g\u00e9n\u00e9rale s\u2019orientant vers la d\u00e9mat\u00e9rialisation.<\/p>\n\n\n\n<p>Son travail a \u00e9t\u00e9 expos\u00e9 et publi\u00e9 dans le monde entier et est pr\u00e9sent dans plusieurs collections, dont la Fondation MAST, le Mus\u00e9e Ni\u00e9pce, la Collection BCV et Photo \u00c9lys\u00e9e.<\/p>\n\n\n\n<p class=\"bordure\"><strong>Centre d\u2019imagerie Dubochet\u00a0<em>: P\u00e9n\u00e9trer la machinerie mol\u00e9culaire de la vie par l\u2019image<\/em><\/strong><br><br><em>Comment les images num\u00e9riques issues des derni\u00e8res technologies \u00e9tendent-elles notre compr\u00e9hension du monde et \u00e9largissent-elles notre imagination du futur\u00a0? Une image est une cl\u00e9 de compr\u00e9hension. Les perc\u00e9es scientifiques s&rsquo;appuient souvent sur des visualisations invisibles \u00e0 l&rsquo;\u0153il humain. Entre utopie et dystopie, le caract\u00e8re vertigineux de la science me fascine dans cette qu\u00eate fr\u00e9n\u00e9tique de repousser inlassablement les limites de nos connaissances ainsi que celles de nos perceptions pour trouver des solutions aux enjeux soci\u00e9taux contemporains et \u00e0 venir.<\/em><br><br><em>Depuis d\u00e9j\u00e0 plusieurs ann\u00e9es, je m&rsquo;int\u00e9resse aux outils d&rsquo;acquisitions visuelles qui d\u00e9passent le spectre optique de mes appareils photos conventionnels et celui de la vision humaine. Dans le cadre de mes r\u00e9cents projets, j&rsquo;ai eu la chance de r\u00e9aliser des images issues notamment d&rsquo;un microscope \u00e9lectronique et d&rsquo;un scanner \u00e0 rayons-x; ceci gr\u00e2ce \u00e0 l&rsquo;appui et \u00e0 l&rsquo;expertise de sp\u00e9cialistes du milieu scientifique. Sur l&rsquo;invitation de Nathalie Dietschy \u2013 commissaire de l&rsquo;exposition collective <\/em>Techno-mondes <em>\u2013 la possibilit\u00e9 s&rsquo;est pr\u00e9sent\u00e9e de d\u00e9couvrir les nouvelles installations d\u2019imagerie de pointe du Professeur Jacques Dubochet (Prix Nobel de Chimie) permettant de visualiser la vie \u00e0 l&rsquo;\u00e9chelle mol\u00e9culaire avec une pr\u00e9cision de 1,4 \u00c5 (\u00c5ngstr\u00f6m)\u00a0: un degr\u00e9 de d\u00e9tail qui permet d\u2019observer individuellement chaque atome et ses connexions avec les atomes voisins.<\/em><br><br><em>Inaugur\u00e9 en novembre 2021, le Centre d&rsquo;imagerie Dubochet (Dubochet Center for Imaging\/DCI, UNIL-EPFL) se situe en plein c\u0153ur du campus de l\u2019UNIL-EPFL, \u00e0 Lausanne. Il abrite les cryomicroscopes \u00e9lectroniques les plus avanc\u00e9s du monde. Gr\u00e2ce la technologie de cryomicroscopie \u00e9lectronique \u2013 abr\u00e9g\u00e9e cryo-EM \u2013 les \u00e9chantillons \u00e0 \u00e9tudier sont instantan\u00e9ment vitrifi\u00e9s, au lieu d\u2019\u00eatre congel\u00e9s. Ainsi stabilis\u00e9s, ils peuvent r\u00e9sister davantage au flux d\u2019\u00e9lectrons qui les traverse et se laissent ainsi \u00ab\u00a0photographier\u00a0\u00bb dans leur \u00e9tat naturel. Les chercheurs peuvent d\u00e9sormais \u00e9tudier des processus d&rsquo;interactions qu&rsquo;ils n&rsquo;ont jamais pu observer auparavant.<\/em><br><br><em>J&rsquo;ai eu l&rsquo;immense privil\u00e8ge de pouvoir photographier l&rsquo;int\u00e9rieur et l&rsquo;ext\u00e9rieur de ces impressionnantes machines, d&rsquo;acc\u00e9der aux salles annexes de pr\u00e9paration des \u00e9chantillons, aux locaux techniques ainsi qu&rsquo;au <\/em>datacenter<em>, pi\u00e8ce ma\u00eetresse du Centre. Au cours des sessions cryo-EM, les scientifiques enregistrent plusieurs t\u00e9raoctets de donn\u00e9es contenant des images de millions de particules de prot\u00e9ines individuelles. Ils utilisent ensuite de puissants ordinateurs pour reconstruire les structures 3D de la prot\u00e9ine \u00e0 haute r\u00e9solution.<\/em><br><br><em>La cryo-EM promet de r\u00e9volutionner la recherche biom\u00e9dicale ainsi que le d\u00e9veloppement de nouveaux traitements plus cibl\u00e9s et plus efficaces en vue d&rsquo;une m\u00e9decine toujours plus personnalis\u00e9e, notamment contre le cancer et les maladies neurod\u00e9g\u00e9n\u00e9ratives. La vitesse des \u00e9changes de donn\u00e9es et l\u2019essor de l\u2019intelligence artificielle vont tr\u00e8s probablement contribuer \u00e0 l\u2019acc\u00e9l\u00e9ration de ces grands bouleversements en marche\u2026<\/em><br><br>Catherine Leutenegger<\/p>\n","protected":false},"excerpt":{"rendered":"<p>Centre d&rsquo;imagerie Dubochet (2022-2023) <\/p>\n","protected":false},"author":108,"featured_media":210,"parent":0,"menu_order":20,"comment_status":"closed","ping_status":"closed","template":"template-full-width.php","meta":{"_seopress_robots_primary_cat":"","_seopress_titles_title":"","_seopress_titles_desc":"","_seopress_robots_index":"","footnotes":""},"class_list":["post-310","page","type-page","status-publish","has-post-thumbnail"],"_links":{"self":[{"href":"https:\/\/wp.unil.ch\/techno-mondes\/wp-json\/wp\/v2\/pages\/310","targetHints":{"allow":["GET"]}}],"collection":[{"href":"https:\/\/wp.unil.ch\/techno-mondes\/wp-json\/wp\/v2\/pages"}],"about":[{"href":"https:\/\/wp.unil.ch\/techno-mondes\/wp-json\/wp\/v2\/types\/page"}],"author":[{"embeddable":true,"href":"https:\/\/wp.unil.ch\/techno-mondes\/wp-json\/wp\/v2\/users\/108"}],"replies":[{"embeddable":true,"href":"https:\/\/wp.unil.ch\/techno-mondes\/wp-json\/wp\/v2\/comments?post=310"}],"version-history":[{"count":0,"href":"https:\/\/wp.unil.ch\/techno-mondes\/wp-json\/wp\/v2\/pages\/310\/revisions"}],"wp:featuredmedia":[{"embeddable":true,"href":"https:\/\/wp.unil.ch\/techno-mondes\/wp-json\/wp\/v2\/media\/210"}],"wp:attachment":[{"href":"https:\/\/wp.unil.ch\/techno-mondes\/wp-json\/wp\/v2\/media?parent=310"}],"curies":[{"name":"wp","href":"https:\/\/api.w.org\/{rel}","templated":true}]}}