{"id":13,"date":"2017-10-11T10:33:46","date_gmt":"2017-10-11T08:33:46","guid":{"rendered":"http:\/\/wp.unil.ch\/sympados\/?page_id=13"},"modified":"2025-04-08T12:04:30","modified_gmt":"2025-04-08T10:04:30","slug":"archives","status":"publish","type":"page","link":"https:\/\/wp.unil.ch\/sympados\/archives\/","title":{"rendered":"Archives"},"content":{"rendered":"\n<p>Le symposium adolescence se d\u00e9roule annuellement depuis 2013. Th\u00e8mes des \u00e9ditions pass\u00e9es:<\/p>\n\n\n\n<p><strong>2024: Adolescences en tous genres<\/strong><\/p>\n\n\n\n<figure class=\"wp-block-image size-large is-resized\"><img loading=\"lazy\" decoding=\"async\" width=\"737\" height=\"1024\" src=\"https:\/\/wp.unil.ch\/sympados\/files\/2025\/04\/ja-24-programme-a4-b-hq_page_1-737x1024.jpg\" alt=\"ja 24 programme a4 b hq page 1\" class=\"wp-image-206\" style=\"width:222px\" srcset=\"https:\/\/wp.unil.ch\/sympados\/files\/2025\/04\/ja-24-programme-a4-b-hq_page_1-737x1024.jpg 737w, https:\/\/wp.unil.ch\/sympados\/files\/2025\/04\/ja-24-programme-a4-b-hq_page_1-216x300.jpg 216w, https:\/\/wp.unil.ch\/sympados\/files\/2025\/04\/ja-24-programme-a4-b-hq_page_1-768x1067.jpg 768w, https:\/\/wp.unil.ch\/sympados\/files\/2025\/04\/ja-24-programme-a4-b-hq_page_1.jpg 864w\" sizes=\"auto, (max-width: 737px) 100vw, 737px\" \/><figcaption class=\"wp-element-caption\">ja 24 programme a4 b hq page 1<\/figcaption><\/figure>\n\n\n\n<figure class=\"wp-block-image size-large is-resized\"><img loading=\"lazy\" decoding=\"async\" width=\"740\" height=\"1024\" src=\"https:\/\/wp.unil.ch\/sympados\/files\/2025\/04\/ja-24-programme-a4-b-hq_page_2-740x1024.jpg\" alt=\"ja 24 programme a4 b hq page 2\" class=\"wp-image-207\" style=\"width:222px\" srcset=\"https:\/\/wp.unil.ch\/sympados\/files\/2025\/04\/ja-24-programme-a4-b-hq_page_2-740x1024.jpg 740w, https:\/\/wp.unil.ch\/sympados\/files\/2025\/04\/ja-24-programme-a4-b-hq_page_2-217x300.jpg 217w, https:\/\/wp.unil.ch\/sympados\/files\/2025\/04\/ja-24-programme-a4-b-hq_page_2-768x1063.jpg 768w, https:\/\/wp.unil.ch\/sympados\/files\/2025\/04\/ja-24-programme-a4-b-hq_page_2.jpg 867w\" sizes=\"auto, (max-width: 740px) 100vw, 740px\" \/><figcaption class=\"wp-element-caption\">ja 24 programme a4 b hq page 2<\/figcaption><\/figure>\n\n\n\n<p><strong>2023: <em>Lost in translation ?<\/em> Promesses et d\u00e9fis de la migration pour la jeunesse<\/strong><\/p>\n\n\n\n<figure class=\"wp-block-image size-large is-resized\"><img alt=\"\" loading=\"lazy\" decoding=\"async\" width=\"740\" height=\"1024\" src=\"https:\/\/wp.unil.ch\/sympados\/files\/2024\/02\/JA-23-programme_Page_1-740x1024.jpg\" alt=\"\" class=\"wp-image-185\" style=\"width:222px;height:auto\" srcset=\"https:\/\/wp.unil.ch\/sympados\/files\/2024\/02\/JA-23-programme_Page_1-740x1024.jpg 740w, https:\/\/wp.unil.ch\/sympados\/files\/2024\/02\/JA-23-programme_Page_1-217x300.jpg 217w, https:\/\/wp.unil.ch\/sympados\/files\/2024\/02\/JA-23-programme_Page_1-768x1063.jpg 768w, https:\/\/wp.unil.ch\/sympados\/files\/2024\/02\/JA-23-programme_Page_1.jpg 867w\" sizes=\"auto, (max-width: 740px) 100vw, 740px\" \/><\/figure>\n\n\n\n<figure class=\"wp-block-image size-large is-resized\"><img alt=\"\" loading=\"lazy\" decoding=\"async\" width=\"740\" height=\"1024\" src=\"https:\/\/wp.unil.ch\/sympados\/files\/2024\/02\/JA-23-programme_Page_2-740x1024.jpg\" alt=\"\" class=\"wp-image-186\" style=\"width:221px;height:auto\" srcset=\"https:\/\/wp.unil.ch\/sympados\/files\/2024\/02\/JA-23-programme_Page_2-740x1024.jpg 740w, https:\/\/wp.unil.ch\/sympados\/files\/2024\/02\/JA-23-programme_Page_2-217x300.jpg 217w, https:\/\/wp.unil.ch\/sympados\/files\/2024\/02\/JA-23-programme_Page_2-768x1063.jpg 768w, https:\/\/wp.unil.ch\/sympados\/files\/2024\/02\/JA-23-programme_Page_2.jpg 867w\" sizes=\"auto, (max-width: 740px) 100vw, 740px\" \/><\/figure>\n\n\n\n<p><strong>2022: Votre futur sera mon pr\u00e9sent ! Jeunesse et r\u00e9chauffement climatique<\/strong><\/p>\n\n\n\n<figure class=\"wp-block-image size-large is-resized\"><img alt=\"\" loading=\"lazy\" decoding=\"async\" width=\"720\" height=\"1024\" src=\"https:\/\/wp.unil.ch\/sympados\/files\/2023\/04\/JA-22-programme-Page_1-720x1024.jpg\" alt=\"\" class=\"wp-image-163\" style=\"width:218px;height:310px\" srcset=\"https:\/\/wp.unil.ch\/sympados\/files\/2023\/04\/JA-22-programme-Page_1-720x1024.jpg 720w, https:\/\/wp.unil.ch\/sympados\/files\/2023\/04\/JA-22-programme-Page_1-211x300.jpg 211w, https:\/\/wp.unil.ch\/sympados\/files\/2023\/04\/JA-22-programme-Page_1-768x1092.jpg 768w, https:\/\/wp.unil.ch\/sympados\/files\/2023\/04\/JA-22-programme-Page_1.jpg 844w\" sizes=\"auto, (max-width: 720px) 100vw, 720px\" \/><\/figure>\n\n\n\n<figure class=\"wp-block-image size-large is-resized\"><img alt=\"\" loading=\"lazy\" decoding=\"async\" width=\"724\" height=\"1024\" src=\"https:\/\/wp.unil.ch\/sympados\/files\/2023\/04\/JA-22-programme-Page_2-724x1024.jpg\" alt=\"\" class=\"wp-image-164\" style=\"width:220px;height:311px\" srcset=\"https:\/\/wp.unil.ch\/sympados\/files\/2023\/04\/JA-22-programme-Page_2-724x1024.jpg 724w, https:\/\/wp.unil.ch\/sympados\/files\/2023\/04\/JA-22-programme-Page_2-212x300.jpg 212w, https:\/\/wp.unil.ch\/sympados\/files\/2023\/04\/JA-22-programme-Page_2-768x1086.jpg 768w, https:\/\/wp.unil.ch\/sympados\/files\/2023\/04\/JA-22-programme-Page_2.jpg 849w\" sizes=\"auto, (max-width: 724px) 100vw, 724px\" \/><\/figure>\n\n\n\n<p><strong>2021: G\u00e9n\u00e9rations num\u00e9riques: d\u00e9fis et opportunit\u00e9s<\/strong><\/p>\n\n\n\n<figure class=\"wp-block-image size-large is-resized\"><img alt=\"\" loading=\"lazy\" decoding=\"async\" width=\"720\" height=\"1024\" src=\"https:\/\/wp.unil.ch\/sympados\/files\/2022\/03\/Affiche_2021_Page_1-720x1024.jpg\" alt=\"\" class=\"wp-image-126\" style=\"width:217px;height:309px\" srcset=\"https:\/\/wp.unil.ch\/sympados\/files\/2022\/03\/Affiche_2021_Page_1-720x1024.jpg 720w, https:\/\/wp.unil.ch\/sympados\/files\/2022\/03\/Affiche_2021_Page_1-211x300.jpg 211w, https:\/\/wp.unil.ch\/sympados\/files\/2022\/03\/Affiche_2021_Page_1-768x1092.jpg 768w, https:\/\/wp.unil.ch\/sympados\/files\/2022\/03\/Affiche_2021_Page_1.jpg 844w\" sizes=\"auto, (max-width: 720px) 100vw, 720px\" \/><\/figure>\n\n\n\n<figure class=\"wp-block-image size-large is-resized\"><img alt=\"\" loading=\"lazy\" decoding=\"async\" width=\"724\" height=\"1024\" src=\"https:\/\/wp.unil.ch\/sympados\/files\/2022\/03\/Affiche_2021_Page_2-724x1024.jpg\" alt=\"\" class=\"wp-image-127\" style=\"width:218px;height:308px\" srcset=\"https:\/\/wp.unil.ch\/sympados\/files\/2022\/03\/Affiche_2021_Page_2-724x1024.jpg 724w, https:\/\/wp.unil.ch\/sympados\/files\/2022\/03\/Affiche_2021_Page_2-212x300.jpg 212w, https:\/\/wp.unil.ch\/sympados\/files\/2022\/03\/Affiche_2021_Page_2-768x1086.jpg 768w, https:\/\/wp.unil.ch\/sympados\/files\/2022\/03\/Affiche_2021_Page_2.jpg 849w\" sizes=\"auto, (max-width: 724px) 100vw, 724px\" \/><\/figure>\n\n\n\n<p><strong>2020: Ados et sport: \u00e7a joue?<br><\/strong><em><strong>Annul\u00e9 (Covid)<\/strong><\/em><\/p>\n\n\n\n<p><strong>2019: G\u00e9n\u00e9rations num\u00e9riques: d\u00e9fis et opportunit\u00e9s<\/strong><\/p>\n\n\n\n<figure class=\"wp-block-image\"><a href=\"https:\/\/wp.unil.ch\/sympados\/files\/2019\/12\/Affiche_2019.jpg\"><img alt=\"\" loading=\"lazy\" decoding=\"async\" width=\"211\" height=\"300\" src=\"https:\/\/wp.unil.ch\/sympados\/files\/2019\/12\/Affiche_2019-211x300.jpg\" alt=\"\" class=\"wp-image-108\" srcset=\"https:\/\/wp.unil.ch\/sympados\/files\/2019\/12\/Affiche_2019-211x300.jpg 211w, https:\/\/wp.unil.ch\/sympados\/files\/2019\/12\/Affiche_2019-719x1024.jpg 719w, https:\/\/wp.unil.ch\/sympados\/files\/2019\/12\/Affiche_2019-768x1093.jpg 768w, https:\/\/wp.unil.ch\/sympados\/files\/2019\/12\/Affiche_2019.jpg 843w\" sizes=\"auto, (max-width: 211px) 100vw, 211px\" \/><\/a><\/figure>\n\n\n\n<p><strong>2018: A tes amours! relations amoureuses et sexualit\u00e9 \u00e0 l&rsquo;adolescence<br><\/strong><\/p>\n\n\n\n<figure class=\"wp-block-image\"><a href=\"https:\/\/wp.unil.ch\/sympados\/files\/2019\/02\/Affiche_2018.jpg\"><img alt=\"\" loading=\"lazy\" decoding=\"async\" width=\"212\" height=\"300\" src=\"https:\/\/wp.unil.ch\/sympados\/files\/2019\/02\/Affiche_2018-212x300.jpg\" alt=\"\" class=\"wp-image-93\" srcset=\"https:\/\/wp.unil.ch\/sympados\/files\/2019\/02\/Affiche_2018-212x300.jpg 212w, https:\/\/wp.unil.ch\/sympados\/files\/2019\/02\/Affiche_2018-768x1087.jpg 768w, https:\/\/wp.unil.ch\/sympados\/files\/2019\/02\/Affiche_2018-724x1024.jpg 724w, https:\/\/wp.unil.ch\/sympados\/files\/2019\/02\/Affiche_2018.jpg 848w\" sizes=\"auto, (max-width: 212px) 100vw, 212px\" \/><\/a><\/figure>\n\n\n\n<p><strong>2017: A ta sant\u00e9? Jeunes et alcool<\/strong><\/p>\n\n\n\n<figure class=\"wp-block-image\"><a href=\"https:\/\/wp.unil.ch\/sympados\/files\/2018\/01\/Affiche_2017.jpg\"><img alt=\"\" loading=\"lazy\" decoding=\"async\" width=\"212\" height=\"300\" src=\"https:\/\/wp.unil.ch\/sympados\/files\/2018\/01\/Affiche_2017-212x300.jpg\" alt=\"\" class=\"wp-image-57\" srcset=\"https:\/\/wp.unil.ch\/sympados\/files\/2018\/01\/Affiche_2017-212x300.jpg 212w, https:\/\/wp.unil.ch\/sympados\/files\/2018\/01\/Affiche_2017-768x1087.jpg 768w, https:\/\/wp.unil.ch\/sympados\/files\/2018\/01\/Affiche_2017-724x1024.jpg 724w, https:\/\/wp.unil.ch\/sympados\/files\/2018\/01\/Affiche_2017.jpg 848w\" sizes=\"auto, (max-width: 212px) 100vw, 212px\" \/><\/a><\/figure>\n\n\n\n<p><strong>2016: Nouvelles addictions \u00e0 l&rsquo;adolescence<\/strong><\/p>\n\n\n\n<figure class=\"wp-block-image\"><a href=\"https:\/\/wp.unil.ch\/sympados\/files\/2018\/01\/Affiche_2016.jpg\"><img alt=\"\" loading=\"lazy\" decoding=\"async\" width=\"212\" height=\"300\" src=\"https:\/\/wp.unil.ch\/sympados\/files\/2018\/01\/Affiche_2016-212x300.jpg\" alt=\"\" class=\"wp-image-56\" srcset=\"https:\/\/wp.unil.ch\/sympados\/files\/2018\/01\/Affiche_2016-212x300.jpg 212w, https:\/\/wp.unil.ch\/sympados\/files\/2018\/01\/Affiche_2016-768x1087.jpg 768w, https:\/\/wp.unil.ch\/sympados\/files\/2018\/01\/Affiche_2016-724x1024.jpg 724w, https:\/\/wp.unil.ch\/sympados\/files\/2018\/01\/Affiche_2016.jpg 848w\" sizes=\"auto, (max-width: 212px) 100vw, 212px\" \/><\/a><\/figure>\n\n\n\n<p><strong>2015: Les relations parents-adolescents en questions<\/strong><\/p>\n\n\n\n<figure class=\"wp-block-image\"><a href=\"https:\/\/wp.unil.ch\/sympados\/files\/2018\/01\/Affiche_2015.jpg\"><img alt=\"\" loading=\"lazy\" decoding=\"async\" width=\"212\" height=\"300\" src=\"https:\/\/wp.unil.ch\/sympados\/files\/2018\/01\/Affiche_2015-212x300.jpg\" alt=\"\" class=\"wp-image-61\" srcset=\"https:\/\/wp.unil.ch\/sympados\/files\/2018\/01\/Affiche_2015-212x300.jpg 212w, https:\/\/wp.unil.ch\/sympados\/files\/2018\/01\/Affiche_2015-768x1087.jpg 768w, https:\/\/wp.unil.ch\/sympados\/files\/2018\/01\/Affiche_2015-724x1024.jpg 724w, https:\/\/wp.unil.ch\/sympados\/files\/2018\/01\/Affiche_2015.jpg 848w\" sizes=\"auto, (max-width: 212px) 100vw, 212px\" \/><\/a><\/figure>\n\n\n\n<p><strong>2014: Qui n&rsquo;est pas connect\u00e9? Internet dans la vie des jeunes<\/strong><\/p>\n\n\n\n<figure class=\"wp-block-image\"><a href=\"https:\/\/wp.unil.ch\/sympados\/files\/2018\/01\/Affiche_2014.jpg\"><img alt=\"\" loading=\"lazy\" decoding=\"async\" width=\"225\" height=\"300\" src=\"https:\/\/wp.unil.ch\/sympados\/files\/2018\/01\/Affiche_2014-225x300.jpg\" alt=\"\" class=\"wp-image-60\" srcset=\"https:\/\/wp.unil.ch\/sympados\/files\/2018\/01\/Affiche_2014-225x300.jpg 225w, https:\/\/wp.unil.ch\/sympados\/files\/2018\/01\/Affiche_2014-768x1024.jpg 768w, https:\/\/wp.unil.ch\/sympados\/files\/2018\/01\/Affiche_2014.jpg 900w\" sizes=\"auto, (max-width: 225px) 100vw, 225px\" \/><\/a><\/figure>\n\n\n\n<p><strong>2013: Online, donc I am ?<\/strong><\/p>\n\n\n\n<figure class=\"wp-block-image\"><a href=\"https:\/\/wp.unil.ch\/sympados\/files\/2018\/01\/Affiche_2013.jpg\"><img alt=\"\" loading=\"lazy\" decoding=\"async\" width=\"233\" height=\"300\" src=\"https:\/\/wp.unil.ch\/sympados\/files\/2018\/01\/Affiche_2013-233x300.jpg\" alt=\"\" class=\"wp-image-59\" srcset=\"https:\/\/wp.unil.ch\/sympados\/files\/2018\/01\/Affiche_2013-233x300.jpg 233w, https:\/\/wp.unil.ch\/sympados\/files\/2018\/01\/Affiche_2013-768x988.jpg 768w, https:\/\/wp.unil.ch\/sympados\/files\/2018\/01\/Affiche_2013-796x1024.jpg 796w, https:\/\/wp.unil.ch\/sympados\/files\/2018\/01\/Affiche_2013.jpg 933w\" sizes=\"auto, (max-width: 233px) 100vw, 233px\" \/><\/a><\/figure>\n","protected":false},"excerpt":{"rendered":"<p>Le symposium adolescence se d\u00e9roule annuellement depuis 2013. Th\u00e8mes des \u00e9ditions pass\u00e9es: 2024: Adolescences en tous genres 2023: Lost in translation ? Promesses et d\u00e9fis de la migration pour la jeunesse 2022: Votre futur sera mon pr\u00e9sent ! Jeunesse et<\/p>\n","protected":false},"author":108,"featured_media":0,"parent":0,"menu_order":3,"comment_status":"closed","ping_status":"closed","template":"","meta":{"_seopress_robots_primary_cat":"","_seopress_titles_title":"","_seopress_titles_desc":"","_seopress_robots_index":"","footnotes":""},"class_list":["post-13","page","type-page","status-publish"],"_links":{"self":[{"href":"https:\/\/wp.unil.ch\/sympados\/wp-json\/wp\/v2\/pages\/13","targetHints":{"allow":["GET"]}}],"collection":[{"href":"https:\/\/wp.unil.ch\/sympados\/wp-json\/wp\/v2\/pages"}],"about":[{"href":"https:\/\/wp.unil.ch\/sympados\/wp-json\/wp\/v2\/types\/page"}],"author":[{"embeddable":true,"href":"https:\/\/wp.unil.ch\/sympados\/wp-json\/wp\/v2\/users\/108"}],"replies":[{"embeddable":true,"href":"https:\/\/wp.unil.ch\/sympados\/wp-json\/wp\/v2\/comments?post=13"}],"version-history":[{"count":3,"href":"https:\/\/wp.unil.ch\/sympados\/wp-json\/wp\/v2\/pages\/13\/revisions"}],"predecessor-version":[{"id":208,"href":"https:\/\/wp.unil.ch\/sympados\/wp-json\/wp\/v2\/pages\/13\/revisions\/208"}],"wp:attachment":[{"href":"https:\/\/wp.unil.ch\/sympados\/wp-json\/wp\/v2\/media?parent=13"}],"curies":[{"name":"wp","href":"https:\/\/api.w.org\/{rel}","templated":true}]}}