{"id":1436,"date":"2023-05-21T23:47:01","date_gmt":"2023-05-21T21:47:01","guid":{"rendered":"https:\/\/wp.unil.ch\/swissoil\/?page_id=1436"},"modified":"2024-09-26T16:39:52","modified_gmt":"2024-09-26T14:39:52","slug":"site-6","status":"publish","type":"page","link":"https:\/\/wp.unil.ch\/swissoil\/les-profiles-de-sol-de-dorigny\/site-6\/","title":{"rendered":"Site 6 &#8211; BRUNISOL EUTRIQUE"},"content":{"rendered":"\n<h5 class=\"wp-block-heading\"><strong>Nom complet :&nbsp;BRUNISOL <\/strong><a href=\"https:\/\/wp.unil.ch\/swissoil\/glossaire-definition\/#E\">EUTRIQUE<\/a><strong> <\/strong>satur\u00e9<strong> <\/strong><a href=\"https:\/\/wp.unil.ch\/swissoil\/glossaire-definition\/#L\">luvique<\/a> sur d\u00e9p\u00f4t fluvio-glaciaire<\/h5>\n\n\n\n<h4 class=\"wp-block-heading\"><strong>Un brunisol surprenant<\/strong><\/h4>\n\n\n<div class=\"wp-block-image is-resized\">\n<figure class=\"alignleft size-large\"><img alt=\"\" loading=\"lazy\" decoding=\"async\" width=\"577\" height=\"1024\" src=\"https:\/\/wp.unil.ch\/swissoil\/files\/2023\/05\/Fosse_6-577x1024.jpg\" alt=\"\" class=\"wp-image-1462\" style=\"width:234px;height:auto\" srcset=\"https:\/\/wp.unil.ch\/swissoil\/files\/2023\/05\/Fosse_6-577x1024.jpg 577w, https:\/\/wp.unil.ch\/swissoil\/files\/2023\/05\/Fosse_6-169x300.jpg 169w, https:\/\/wp.unil.ch\/swissoil\/files\/2023\/05\/Fosse_6.jpg 676w\" sizes=\"auto, (max-width: 577px) 100vw, 577px\" \/><\/figure>\n<\/div>\n\n\n<p>Le BRUNISOL EUTRIQUE satur\u00e9 luvique du site 6 se d\u00e9note par rapport aux brunisols des sites 2 et 4. Il a une tr\u00e8s faible teneur en argile, ce qui se voit notamment par une concentration en aluminium beaucoup plus faible que les autres. Les <a href=\"https:\/\/wp.unil.ch\/swissoil\/glossaire-definition\/#S\" data-type=\"page\" data-id=\"22\">sites d&rsquo;\u00e9changes<\/a> sont \u00e9galement compl\u00e8tement satur\u00e9s, donnant le qualificatif eutrique \u00e0 ce sol. Un d\u00e9but d&rsquo;<a href=\"https:\/\/wp.unil.ch\/swissoil\/glossaire-definition\/#E\">\u00e9luviation<\/a> est observable au niveau de l&rsquo;horizon (S1). Si ce processus se poursuit, ce sol deviendra un n\u00e9oluvisol.&nbsp;<\/p>\n\n\n\n<p>La grande particularit\u00e9 de ce site est la rupture lithique entre 65-70 cm, avec &lt; 70 cm un d\u00e9p\u00f4t fluvio-glaciaire datant probablement de la derni\u00e8re p\u00e9riode glaciaire du <a href=\"https:\/\/wp.unil.ch\/swissoil\/glossaire-definition\/#W\">W\u00fcrm<\/a>. La rupture au centre du d\u00e9p\u00f4t fluvioglaciaire (visible sur la photo, horizon 6) provient d&rsquo;une intrusion de glace qui a pouss\u00e9 les s\u00e9diments en grandissant. Cette couche n\u2019est pas la roche m\u00e8re de notre sol mais un d\u00e9p\u00f4t localis\u00e9 ayant des effets sur la <a href=\"https:\/\/wp.unil.ch\/swissoil\/glossaire-definition\/#P\">p\u00e9dogen\u00e8se<\/a> du sol, par exemple les carbonates qu&rsquo;elle contient ont un effet tampon sur le pH, diminuant l&rsquo;acidit\u00e9.<\/p>\n\n\n\n<div style=\"height:32px\" aria-hidden=\"true\" class=\"wp-block-spacer\"><\/div>\n\n\n\n<p><strong><a href=\"https:\/\/wp.unil.ch\/swissoil\/files\/2024\/09\/6Fiche_Pedologique_BRUNISOL_EUTRIQUE.pdf\">Fiche p\u00e9dologique (PDF)<\/a><\/strong><\/p>\n\n\n\n<p><a href=\"https:\/\/wp.unil.ch\/swissoil\/files\/2024\/06\/6_Formes-dhumus-2.pdf\" target=\"_blank\" rel=\"noreferrer noopener\"><strong>Formes d&rsquo;humus (PDF)<\/strong><\/a><\/p>\n\n\n\n<p><strong><a href=\"https:\/\/wp.unil.ch\/swissoil\/files\/2024\/09\/6_releve_vegetation.pdf\" target=\"_blank\" rel=\"noreferrer noopener\">Relev\u00e9 de v\u00e9g\u00e9tation (PDF)<\/a><\/strong><\/p>\n\n\n\n<hr class=\"wp-block-separator has-css-opacity\" \/>\n","protected":false},"excerpt":{"rendered":"<p>Nom complet :&nbsp;BRUNISOL EUTRIQUE satur\u00e9 luvique sur d\u00e9p\u00f4t fluvio-glaciaire Un brunisol surprenant Le BRUNISOL EUTRIQUE satur\u00e9 luvique du site 6 se d\u00e9note par rapport aux brunisols des sites 2 et 4. Il a une tr\u00e8s faible teneur en argile, ce<\/p>\n","protected":false},"author":1002552,"featured_media":0,"parent":20,"menu_order":6,"comment_status":"closed","ping_status":"closed","template":"","meta":{"_seopress_robots_primary_cat":"","_seopress_titles_title":"","_seopress_titles_desc":"","_seopress_robots_index":"","footnotes":""},"class_list":["post-1436","page","type-page","status-publish"],"_links":{"self":[{"href":"https:\/\/wp.unil.ch\/swissoil\/wp-json\/wp\/v2\/pages\/1436","targetHints":{"allow":["GET"]}}],"collection":[{"href":"https:\/\/wp.unil.ch\/swissoil\/wp-json\/wp\/v2\/pages"}],"about":[{"href":"https:\/\/wp.unil.ch\/swissoil\/wp-json\/wp\/v2\/types\/page"}],"author":[{"embeddable":true,"href":"https:\/\/wp.unil.ch\/swissoil\/wp-json\/wp\/v2\/users\/1002552"}],"replies":[{"embeddable":true,"href":"https:\/\/wp.unil.ch\/swissoil\/wp-json\/wp\/v2\/comments?post=1436"}],"version-history":[{"count":5,"href":"https:\/\/wp.unil.ch\/swissoil\/wp-json\/wp\/v2\/pages\/1436\/revisions"}],"predecessor-version":[{"id":2264,"href":"https:\/\/wp.unil.ch\/swissoil\/wp-json\/wp\/v2\/pages\/1436\/revisions\/2264"}],"up":[{"embeddable":true,"href":"https:\/\/wp.unil.ch\/swissoil\/wp-json\/wp\/v2\/pages\/20"}],"wp:attachment":[{"href":"https:\/\/wp.unil.ch\/swissoil\/wp-json\/wp\/v2\/media?parent=1436"}],"curies":[{"name":"wp","href":"https:\/\/api.w.org\/{rel}","templated":true}]}}