{"id":402,"date":"2020-08-19T16:44:37","date_gmt":"2020-08-19T14:44:37","guid":{"rendered":"http:\/\/wp.unil.ch\/swiss100\/?page_id=402"},"modified":"2026-04-08T09:49:56","modified_gmt":"2026-04-08T07:49:56","slug":"media-2","status":"publish","type":"page","link":"https:\/\/wp.unil.ch\/swiss100\/media-2\/","title":{"rendered":"Media"},"content":{"rendered":"\n<h2 class=\"wp-block-heading\">NEWS AppearANces<\/h2>\n\n\n\n<div class=\"wp-block-columns is-layout-flex wp-container-core-columns-is-layout-9d6595d7 wp-block-columns-is-layout-flex\">\n<div class=\"wp-block-column is-layout-flow wp-block-column-is-layout-flow\">\n<h4 class=\"wp-block-heading\" style=\"font-size:24px\">German<\/h4>\n\n\n\n<blockquote class=\"wp-block-quote is-layout-flow wp-block-quote-is-layout-flow\">\n<p>\u00abIn der Schweiz geben 92 Prozent der 100-J\u00e4hrigen an, mit ihrem Leben zufrieden zu sein. Das ist ein bemerkenswertes Ergebnis, das auch in fr\u00fcheren Studien in anderen L\u00e4nder beobachtet wurde, allerdings nie in so hoher Auspr\u00e4gung.\u00bb<\/p>\n<cite><a href=\"https:\/\/www.srf.ch\/news\/schweiz\/nationale-studie-das-geheimnis-der-100-jaehrigen-in-der-schweiz\">SRF, &#8220;Das Geheimnis der 100-J\u00e4hrigen in der Schweiz&#8221;, 18.12.2024<\/a><\/cite><\/blockquote>\n\n\n\n<blockquote class=\"wp-block-quote is-layout-flow wp-block-quote-is-layout-flow\">\n<p>\u00abVon den \u00dcberhundertj\u00e4hrigen l\u00e4sst sich der neugierige und zugewandte Blick auf das Leben lernen, den die Hochbetagten trotz vieler negativer Erfahrungen nie verloren haben [&#8230;]\u00bb<\/p>\n<cite><a href=\"https:\/\/www.geo.de\/wissen\/gesundheit\/muede--aber-zufrieden--was-wir-von-hundertjaehrigen-ueber-resilienz-lernen-koennen--34423536.html\">GEO, &#8220;M\u00fcde aber zufrieden: Was wir von Hundertj\u00e4hrigen \u00fcber Resilienz lernen k\u00f6nnen&#8221;, 02.02.2024<\/a><\/cite><\/blockquote>\n\n\n\n<blockquote class=\"wp-block-quote is-layout-flow wp-block-quote-is-layout-flow\">\n<p>\u00abDer Altersforscher Stefano Cavalli von der Tessiner Fachhochschule Supsi sagt dazu: &#8220;Es kann sein, dass das soziale Ambiente im Tessin, das sich vom Rest der Schweiz unterscheidet, eine wesentliche Rolle spielt.&#8221;\u00bb<\/p>\n<cite><a href=\"https:\/\/www.nzz.ch\/schweiz\/das-tessin-ist-das-paradies-der-100-jaehrigen-ld.1770747\">NZZ, &#8220;Das Tessin ist das Paradies der 100-j\u00e4hrigen&#8221;, 29.12.2023<\/a><\/cite><\/blockquote>\n\n\n\n<blockquote class=\"wp-block-quote is-layout-flow wp-block-quote-is-layout-flow\">\n<p>\u00abIm Alter haben die meisten Menschen das eine oder andere Gebrechen, mit dem Leben zufrieden sind trotzdem die meisten.\u00bb<\/p>\n<cite><a href=\"https:\/\/www.tagblatt.ch\/leben\/hundertjaehrige-das-geheimnis-der-hundertjaehrigen-wie-wird-man-so-alt-und-will-man-das-ueberhaupt-ld.2529532?reduced=true\">Tagblatt, &#8220;Das Geheimnis der Hundertj\u00e4hrigen: Wie wird man so alt &#8211; und will man das \u00fcberhaupt?&#8221;, 25.11.2023<\/a><\/cite><\/blockquote>\n<\/div>\n\n\n\n<div class=\"wp-block-column is-layout-flow wp-block-column-is-layout-flow\">\n<h4 class=\"wp-block-heading\">French<\/h4>\n\n\n\n<blockquote class=\"wp-block-quote is-layout-flow wp-block-quote-is-layout-flow\">\n<p>\u00abUn gar\u00e7on n\u00e9 en Suisse en 2021 a m\u00eame la plus grande esp\u00e9rance de vie au monde.\u00bb<\/p>\n<cite><a href=\"https:\/\/www.24heures.ch\/la-suisse-est-la-nouvelle-championne-de-la-longevite-644961630204\">Le matin dimanche, &#8220;La Suisse est la nouvelle championne de la long\u00e9vit\u00e9&#8221;, 29.01.2023<\/a><\/cite><\/blockquote>\n\n\n\n<blockquote class=\"wp-block-quote is-layout-flow wp-block-quote-is-layout-flow\">\n<p>\u00abSelon certaines estimations, un enfant sur deux n\u00e9 apr\u00e8s l&#8217;an 2000 en Suisse deviendra centenaire.\u00bb<\/p>\n<cite><a href=\"https:\/\/www.rts.ch\/info\/suisse\/13741888-les-suisses-en-tete-de-classement-de-la-longevite-mondiale.html\">RTS, &#8220;Les Suisses en t\u00eate de classement de la long\u00e9vit\u00e9 mondiale&#8221;, 29.01.2023<\/a><\/cite><\/blockquote>\n\n\n\n<blockquote class=\"wp-block-quote is-layout-flow wp-block-quote-is-layout-flow\">\n<p>\u00abSelon le classement \u00e9tabli par l\u2019OCDE, un gar\u00e7on n\u00e9 dans notre pays en 2021 a la meilleure esp\u00e9rance de vie possible, avec 81,9 ans, juste devant les Islandais, les Norv\u00e9giens et les Japonais.\u00bb<\/p>\n<cite><a href=\"https:\/\/www.20min.ch\/fr\/story\/une-personne-sur-deux-nee-apres-lan-2000-deviendra-centenaire-196711670535\">20min.ch, &#8220;Une personne sur deux n\u00e9e apr\u00e8s l\u2019an 2000 deviendra centenaire&#8221;, 29.01.2023<\/a><\/cite><\/blockquote>\n<\/div>\n\n\n\n<div class=\"wp-block-column is-layout-flow wp-block-column-is-layout-flow\">\n<h2 class=\"wp-block-heading\" style=\"font-size:24px\">Italian<\/h2>\n\n\n\n<blockquote class=\"wp-block-quote is-layout-flow wp-block-quote-is-layout-flow\">\n<p>&#8220;Si parla spesso del clima mite e soleggiato che favorirebbe un migliore stato di salute &#8211; ricorda Zaccaria &#8211; ma a oggi questa ipotesi non \u00e8 stata confermata da evidenze scientifiche.&#8221;<\/p>\n<cite><a href=\"https:\/\/www.tio.ch\/ticino\/attualita\/1757370\/ticino-un-cantone-per-centenari\">tio.ch, &#8220;Ticino, un cantone per centenari&#8221;, 03.06.2024<\/a><\/cite><\/blockquote>\n\n\n\n<blockquote class=\"wp-block-quote is-layout-flow wp-block-quote-is-layout-flow\">\n<p>&#8220;Uno su cinque considera di non essere ancora entrato nella vecchiaia, per gli altri \u00e8 successo recentemente, spesso a 100 anni, o comunque dopo i 98, nella maggior parte dei casi. Il passaggio \u00e8 legato a un evento o si sentono diventati anziani a poco a poco&#8221;<\/p>\n<cite><a href=\"https:\/\/www.ticinonews.ch\/ticino\/lugano-vuole-diventare-a-misura-danziano-392262\">Ticinonews, &#8220;Lugano vuole diventare a misura d&#8217;anziano&#8221;, 26.03.2024<\/a><\/cite><\/blockquote>\n\n\n\n<blockquote class=\"wp-block-quote is-layout-flow wp-block-quote-is-layout-flow\">\n<p>&#8220;Tuttavia, una vita lunga non significa essere esenti da malattie. Questo vale solo per il 15% dei centenari. In gergo tecnico, queste persone sono chiamate &#8220;fuggitivi&#8221;.&#8221;<\/p>\n<cite><a href=\"https:\/\/www.tio.ch\/svizzera\/attualita\/1722917\/siamo-il-paradiso-dei-centenari-sono-150-ed-e-record\">Tio.ch, &#8220;Siamo il paradiso dei centenari. Sono 150. Ed \u00e8 record&#8221;, 29.12.2023<\/a><\/cite><\/blockquote>\n\n\n\n<blockquote class=\"wp-block-quote is-layout-flow wp-block-quote-is-layout-flow\">\n<p>\u00abLa Svizzera \u00e8 uno dei paesi al mondo con il pi\u00f9 alto numero di centenari in rapporto alla popolazione. Sono attualmente quasi 1\u2019800 e circa 140 risiedono in Ticino o nelle valli italofone dei Grigioni.\u00bb<\/p>\n<cite><a href=\"https:\/\/www.ticinonews.ch\/ticino\/al-via-swiss100-il-primo-studio-sui-centenari-in-svizzera-341840\">Ticinonews, &#8220;Al via Swiss100, il primo studio sui centenari in Svizzera&#8221;<\/a><\/cite><\/blockquote>\n<\/div>\n<\/div>\n\n\n\n<h2 class=\"wp-block-heading\">TV and RADio Features<\/h2>\n\n\n\n<div class=\"wp-block-columns is-layout-flex wp-container-core-columns-is-layout-9d6595d7 wp-block-columns-is-layout-flex\">\n<div class=\"wp-block-column is-layout-flow wp-block-column-is-layout-flow\">\n<h2 class=\"wp-block-heading\" style=\"font-size:24px\">SRF Rundschau , 18.12.2024<\/h2>\n\n\n\n<figure class=\"wp-block-image size-large\"><a href=\"https:\/\/www.srf.ch\/play\/tv\/rundschau\/video\/langes-leben-das-geheimnis-der-100-jaehrigen?urn=urn:srf:video:b8420b48-b16f-4731-8f51-7dc064059fc0\"><img alt=\"\" loading=\"lazy\" decoding=\"async\" width=\"1024\" height=\"574\" src=\"https:\/\/wp.unil.ch\/swiss100\/files\/2025\/02\/Unbenannt-1024x574.jpg\" alt=\"\" class=\"wp-image-4373\" srcset=\"https:\/\/wp.unil.ch\/swiss100\/files\/2025\/02\/Unbenannt-1024x574.jpg 1024w, https:\/\/wp.unil.ch\/swiss100\/files\/2025\/02\/Unbenannt-300x168.jpg 300w, https:\/\/wp.unil.ch\/swiss100\/files\/2025\/02\/Unbenannt-150x84.jpg 150w, https:\/\/wp.unil.ch\/swiss100\/files\/2025\/02\/Unbenannt-768x431.jpg 768w, https:\/\/wp.unil.ch\/swiss100\/files\/2025\/02\/Unbenannt-1536x862.jpg 1536w, https:\/\/wp.unil.ch\/swiss100\/files\/2025\/02\/Unbenannt-540x303.jpg 540w, https:\/\/wp.unil.ch\/swiss100\/files\/2025\/02\/Unbenannt-1080x606.jpg 1080w, https:\/\/wp.unil.ch\/swiss100\/files\/2025\/02\/Unbenannt.jpg 1920w\" sizes=\"auto, (max-width: 1024px) 100vw, 1024px\" \/><\/a><\/figure>\n<\/div>\n\n\n\n<div class=\"wp-block-column is-layout-flow wp-block-column-is-layout-flow\">\n<h2 class=\"wp-block-heading\" style=\"font-size:24px\">RSI Il quotidiano, 25.03.2024<\/h2>\n\n\n\n<figure class=\"wp-block-image size-large\"><a href=\"https:\/\/www.rsi.ch\/play\/tv\/il-quotidiano\/video\/i-segreti-della-longevita?urn=urn:rsi:video:2107169\"><img alt=\"\" decoding=\"async\" src=\"https:\/\/wp.unil.ch\/swiss100\/files\/2024\/04\/Bild2-1024x508.png\" alt=\"\" class=\"wp-image-4265\" \/><\/a><\/figure>\n<\/div>\n\n\n\n<div class=\"wp-block-column is-vertically-aligned-bottom is-layout-flow wp-block-column-is-layout-flow\">\n<h2 class=\"wp-block-heading\" style=\"font-size:24px\">NDR Talkshow, 28.07.2023                            <\/h2>\n\n\n\n<figure class=\"wp-block-image size-full\"><a href=\"https:\/\/www.ardmediathek.de\/video\/ndr-talk-show\/alternsforscherin-daniela-jopp\/ndr\/Y3JpZDovL25kci5kZS9iODQ3ODNlZi0wZmIxLTQ4YTQtOTU3Yi1iNGIyOTQ3YTNkMmI\"><img alt=\"\" loading=\"lazy\" decoding=\"async\" width=\"756\" height=\"378\" src=\"https:\/\/wp.unil.ch\/swiss100\/files\/2024\/02\/Folie2.png\" alt=\"\" class=\"wp-image-4201\" srcset=\"https:\/\/wp.unil.ch\/swiss100\/files\/2024\/02\/Folie2.png 756w, https:\/\/wp.unil.ch\/swiss100\/files\/2024\/02\/Folie2-300x150.png 300w, https:\/\/wp.unil.ch\/swiss100\/files\/2024\/02\/Folie2-150x75.png 150w, https:\/\/wp.unil.ch\/swiss100\/files\/2024\/02\/Folie2-540x270.png 540w\" sizes=\"auto, (max-width: 756px) 100vw, 756px\" \/><\/a><\/figure>\n<\/div>\n<\/div>\n\n\n\n<div style=\"height:40px\" aria-hidden=\"true\" class=\"wp-block-spacer\"><\/div>\n\n\n\n<div class=\"wp-block-columns is-layout-flex wp-container-core-columns-is-layout-9d6595d7 wp-block-columns-is-layout-flex\">\n<div class=\"wp-block-column is-vertically-aligned-bottom is-layout-flow wp-block-column-is-layout-flow\">\n<h2 class=\"wp-block-heading\" style=\"font-size:24px\">Les beaux parleurs, 05.02.2023<\/h2>\n\n\n\n<figure class=\"wp-block-image size-full\"><a href=\"https:\/\/www.rts.ch\/play\/tv\/les-beaux-parleurs\/video\/linvitee---daniela-jopp-responsable-de-letude-swiss100?urn=urn:rts:video:13758546\"><img alt=\"\" loading=\"lazy\" decoding=\"async\" width=\"756\" height=\"378\" src=\"https:\/\/wp.unil.ch\/swiss100\/files\/2024\/02\/Folie3.png\" alt=\"\" class=\"wp-image-4205\" srcset=\"https:\/\/wp.unil.ch\/swiss100\/files\/2024\/02\/Folie3.png 756w, https:\/\/wp.unil.ch\/swiss100\/files\/2024\/02\/Folie3-300x150.png 300w, https:\/\/wp.unil.ch\/swiss100\/files\/2024\/02\/Folie3-150x75.png 150w, https:\/\/wp.unil.ch\/swiss100\/files\/2024\/02\/Folie3-540x270.png 540w\" sizes=\"auto, (max-width: 756px) 100vw, 756px\" \/><\/a><\/figure>\n<\/div>\n\n\n\n<div class=\"wp-block-column is-vertically-aligned-bottom is-layout-flow wp-block-column-is-layout-flow\">\n<h2 class=\"wp-block-heading\" style=\"font-size:24px\">RTS 19h30, 07.01.2022 <br><\/h2>\n\n\n\n<figure class=\"wp-block-image size-full\"><a href=\"https:\/\/www.rts.ch\/play\/tv\/19h30\/video\/daniela-jopp-psychologue-et-professeure-associee-a-luniversite-de-lausanne-evoque-certains-des-elements-pour-vivre-centenaire?urn=urn:rts:video:12771609\"><img alt=\"\" loading=\"lazy\" decoding=\"async\" width=\"756\" height=\"378\" src=\"https:\/\/wp.unil.ch\/swiss100\/files\/2024\/02\/Folie4.png\" alt=\"\" class=\"wp-image-4209\" srcset=\"https:\/\/wp.unil.ch\/swiss100\/files\/2024\/02\/Folie4.png 756w, https:\/\/wp.unil.ch\/swiss100\/files\/2024\/02\/Folie4-300x150.png 300w, https:\/\/wp.unil.ch\/swiss100\/files\/2024\/02\/Folie4-150x75.png 150w, https:\/\/wp.unil.ch\/swiss100\/files\/2024\/02\/Folie4-540x270.png 540w\" sizes=\"auto, (max-width: 756px) 100vw, 756px\" \/><\/a><\/figure>\n<\/div>\n\n\n\n<div class=\"wp-block-column is-vertically-aligned-bottom is-layout-flow wp-block-column-is-layout-flow\">\n<h2 class=\"wp-block-heading\" style=\"font-size:24px\">RTS 19h30, 31.08.2020<\/h2>\n\n\n\n<figure class=\"wp-block-image size-full\"><a href=\"https:\/\/www.rts.ch\/play\/tv\/19h30\/video\/daniela-jopp-un-grand-nombre-vit-encore-a-la-maison-60-des-centenaires-?urn=urn:rts:video:11569431\" target=\"_blank\" rel=\"noopener noreferrer\"><img alt=\"\" loading=\"lazy\" decoding=\"async\" width=\"756\" height=\"378\" src=\"https:\/\/wp.unil.ch\/swiss100\/files\/2024\/02\/Folie5.png\" alt=\"\" class=\"wp-image-4213\" srcset=\"https:\/\/wp.unil.ch\/swiss100\/files\/2024\/02\/Folie5.png 756w, https:\/\/wp.unil.ch\/swiss100\/files\/2024\/02\/Folie5-300x150.png 300w, https:\/\/wp.unil.ch\/swiss100\/files\/2024\/02\/Folie5-150x75.png 150w, https:\/\/wp.unil.ch\/swiss100\/files\/2024\/02\/Folie5-540x270.png 540w\" sizes=\"auto, (max-width: 756px) 100vw, 756px\" \/><\/a><\/figure>\n<\/div>\n<\/div>\n\n\n\n<div style=\"height:40px\" aria-hidden=\"true\" class=\"wp-block-spacer\"><\/div>\n\n\n\n<div class=\"wp-block-columns is-layout-flex wp-container-core-columns-is-layout-9d6595d7 wp-block-columns-is-layout-flex\">\n<div class=\"wp-block-column is-layout-flow wp-block-column-is-layout-flow\">\n<h2 class=\"wp-block-heading\" style=\"font-size:24px\">RTS, <br>22.09.2022 <br>&#8220;A la rencontre des centenaires&#8221;<\/h2>\n\n\n\n<figure class=\"wp-block-image size-full is-resized\"><a href=\"https:\/\/www.rts.ch\/audio-podcast\/2022\/audio\/a-la-rencontre-des-centenaires-25855724.html\"><img alt=\"\" loading=\"lazy\" decoding=\"async\" width=\"756\" height=\"378\" src=\"https:\/\/wp.unil.ch\/swiss100\/files\/2024\/02\/Prasentation1.png\" alt=\"\" class=\"wp-image-4193\" style=\"width:171px;height:auto\" srcset=\"https:\/\/wp.unil.ch\/swiss100\/files\/2024\/02\/Prasentation1.png 756w, https:\/\/wp.unil.ch\/swiss100\/files\/2024\/02\/Prasentation1-300x150.png 300w, https:\/\/wp.unil.ch\/swiss100\/files\/2024\/02\/Prasentation1-150x75.png 150w, https:\/\/wp.unil.ch\/swiss100\/files\/2024\/02\/Prasentation1-540x270.png 540w\" sizes=\"auto, (max-width: 756px) 100vw, 756px\" \/><\/a><\/figure>\n<\/div>\n\n\n\n<div class=\"wp-block-column is-layout-flow wp-block-column-is-layout-flow\">\n<h2 class=\"wp-block-heading\" style=\"font-size:24px\">SRF, <br>23.06.2020 &#8220;Wie geht&#8217;s den 100-<br>j\u00e4hrigen?&#8221;<\/h2>\n\n\n\n<figure class=\"wp-block-image size-full is-resized\"><a href=\"https:\/\/www.srf.ch\/audio\/tagesgespraech\/daniela-jopp-wie-geht-s-den-100jaehrigen?id=11789383\"><img alt=\"\" loading=\"lazy\" decoding=\"async\" width=\"756\" height=\"378\" src=\"https:\/\/wp.unil.ch\/swiss100\/files\/2024\/02\/Prasentation1.png\" alt=\"\" class=\"wp-image-4193\" style=\"width:171px;height:auto\" srcset=\"https:\/\/wp.unil.ch\/swiss100\/files\/2024\/02\/Prasentation1.png 756w, https:\/\/wp.unil.ch\/swiss100\/files\/2024\/02\/Prasentation1-300x150.png 300w, https:\/\/wp.unil.ch\/swiss100\/files\/2024\/02\/Prasentation1-150x75.png 150w, https:\/\/wp.unil.ch\/swiss100\/files\/2024\/02\/Prasentation1-540x270.png 540w\" sizes=\"auto, (max-width: 756px) 100vw, 756px\" \/><\/a><\/figure>\n<\/div>\n\n\n\n<div class=\"wp-block-column is-vertically-aligned-bottom is-layout-flow wp-block-column-is-layout-flow\">\n<h2 class=\"wp-block-heading\" style=\"font-size:24px\">RSI, <br>25.03.2024 <br>&#8220;Dossier. Longevit\u00e0&#8221;<br><\/h2>\n\n\n\n<figure class=\"wp-block-image size-full is-resized\"><a href=\"https:\/\/www.rsi.ch\/rete-due\/programmi\/cultura\/alphaville\/Dossier.-%E2%80%9CLongevit%C3%A0%E2%80%9D-1.5--2107056.html\"><img alt=\"\" loading=\"lazy\" decoding=\"async\" width=\"756\" height=\"378\" src=\"https:\/\/wp.unil.ch\/swiss100\/files\/2024\/02\/Prasentation1.png\" alt=\"\" class=\"wp-image-4193\" style=\"width:171px;height:auto\" srcset=\"https:\/\/wp.unil.ch\/swiss100\/files\/2024\/02\/Prasentation1.png 756w, https:\/\/wp.unil.ch\/swiss100\/files\/2024\/02\/Prasentation1-300x150.png 300w, https:\/\/wp.unil.ch\/swiss100\/files\/2024\/02\/Prasentation1-150x75.png 150w, https:\/\/wp.unil.ch\/swiss100\/files\/2024\/02\/Prasentation1-540x270.png 540w\" sizes=\"auto, (max-width: 756px) 100vw, 756px\" \/><\/a><\/figure>\n<\/div>\n<\/div>\n","protected":false},"excerpt":{"rendered":"<p>NEWS AppearANces German \u00abIn der Schweiz geben 92 Prozent der 100-J\u00e4hrigen an, mit ihrem Leben zufrieden zu sein. Das ist ein bemerkenswertes Ergebnis, das auch in fr\u00fcheren Studien&hellip;<\/p>\n","protected":false},"author":1002150,"featured_media":0,"parent":0,"menu_order":0,"comment_status":"closed","ping_status":"closed","template":"template-full-width.php","meta":{"_seopress_robots_primary_cat":"","_seopress_titles_title":"","_seopress_titles_desc":"","_seopress_robots_index":"","footnotes":""},"class_list":["post-402","page","type-page","status-publish","has-post-thumbnail"],"_links":{"self":[{"href":"https:\/\/wp.unil.ch\/swiss100\/wp-json\/wp\/v2\/pages\/402","targetHints":{"allow":["GET"]}}],"collection":[{"href":"https:\/\/wp.unil.ch\/swiss100\/wp-json\/wp\/v2\/pages"}],"about":[{"href":"https:\/\/wp.unil.ch\/swiss100\/wp-json\/wp\/v2\/types\/page"}],"author":[{"embeddable":true,"href":"https:\/\/wp.unil.ch\/swiss100\/wp-json\/wp\/v2\/users\/1002150"}],"replies":[{"embeddable":true,"href":"https:\/\/wp.unil.ch\/swiss100\/wp-json\/wp\/v2\/comments?post=402"}],"version-history":[{"count":5,"href":"https:\/\/wp.unil.ch\/swiss100\/wp-json\/wp\/v2\/pages\/402\/revisions"}],"predecessor-version":[{"id":7920,"href":"https:\/\/wp.unil.ch\/swiss100\/wp-json\/wp\/v2\/pages\/402\/revisions\/7920"}],"wp:attachment":[{"href":"https:\/\/wp.unil.ch\/swiss100\/wp-json\/wp\/v2\/media?parent=402"}],"curies":[{"name":"wp","href":"https:\/\/api.w.org\/{rel}","templated":true}]}}