{"id":59,"date":"2010-07-08T18:25:18","date_gmt":"2010-07-08T16:25:18","guid":{"rendered":"http:\/\/wp.unil.ch\/svsn\/?page_id=59"},"modified":"2026-01-27T08:37:39","modified_gmt":"2026-01-27T07:37:39","slug":"liens","status":"publish","type":"page","link":"https:\/\/wp.unil.ch\/svsn\/a-propos\/liens\/","title":{"rendered":"Liens"},"content":{"rendered":"<h3>Natur\u00e9um<\/h3>\n<p><a href=\"https:\/\/natureum.ch\/fr\/le-natureum\/en-bref\/departement-de-botanique\">D\u00e9partement de botanique<\/a><\/p>\n<p><a href=\"https:\/\/natureum.ch\/fr\/le-natureum\/en-bref\/departement-de-geologie\">D\u00e9partement de g\u00e9ologie<\/a><\/p>\n<p><a href=\"https:\/\/natureum.ch\/en\/le-natureum\/en-bref\/departement-de-zoologie\">D\u00e9partement de zoologie<\/a><\/p>\n<hr \/>\n<h3>Soci\u00e9t\u00e9s des Sciences naturelles en Suisse Romande<\/h3>\n<p><a href=\"https:\/\/www.unifr.ch\/sfsn\">Soci\u00e9t\u00e9 fribourgeoise<\/a><\/p>\n<p><a href=\"https:\/\/www.sje.ch\">Soci\u00e9t\u00e9 jurassienne<\/a><\/p>\n<p><a href=\"https:\/\/www.unine.ch\/snsn\">Soci\u00e9t\u00e9 neuch\u00e2teloise<\/a><\/p>\n<p><a href=\"https:\/\/www.lamurithienne.ch\">Soci\u00e9t\u00e9 valaisanne<\/a><\/p>\n<hr \/>\n<p><a href=\"https:\/\/www.scnat.ch\">Acad\u00e9mie suisse des Sciences naturelles<\/a><\/p>\n<hr \/>\n<h3>Soci\u00e9t\u00e9s membres de l&rsquo;Union vaudoise des soci\u00e9t\u00e9s scientifiques<\/h3>\n<p><a href=\"https:\/\/www.oiseau.ch\">Cercle ornithologique de Lausanne<\/a><\/p>\n<p><a href=\"https:\/\/www.natures.ch\">Cercle des sciences naturelles du Chablais<\/a><\/p>\n<p><a href=\"https:\/\/www.nyon.ch\">Cercle des sciences naturelles Nyon-La C\u00f4te<\/a><\/p>\n<p><a href=\"https:\/\/natures.ch\/sites\/r0.php?site=14\">Cercle des sciences naturelles de Vevey-Montreux<\/a><\/p>\n<p><a href=\"https:\/\/www.herpeto.ch\">Groupement herp\u00e9tologique et arachnide de Lausanne<\/a><\/p>\n<p><a href=\"https:\/\/wp.unil.ch\/svsn\/uvss\/agenda\/gos\/\">Groupe ornithologique et des sciences naturelles de Morges et environs<\/a><\/p>\n<p><a href=\"https:\/\/www.svastro.ch\">Soci\u00e9t\u00e9 vaudoise d&rsquo;astronomie<\/a><\/p>\n<p><a href=\"https:\/\/https:\/\/www.zoologie.vd.ch\/2_Musee\/MuSVE.html\">Soci\u00e9t\u00e9 vaudoise d&rsquo;entomologie<\/a><\/p>\n<p><a href=\"https:\/\/www.svm.ch\">Soci\u00e9t\u00e9 vaudoise de min\u00e9ralogie<\/a><\/p>\n","protected":false},"excerpt":{"rendered":"<p>Natur\u00e9um D\u00e9partement de botanique D\u00e9partement de g\u00e9ologie D\u00e9partement de zoologie Soci\u00e9t\u00e9s des Sciences naturelles en Suisse Romande Soci\u00e9t\u00e9 fribourgeoise Soci\u00e9t\u00e9 jurassienne Soci\u00e9t\u00e9 neuch\u00e2teloise Soci\u00e9t\u00e9 valaisanne Acad\u00e9mie suisse des Sciences naturelles Soci\u00e9t\u00e9s membres de l&rsquo;Union vaudoise des soci\u00e9t\u00e9s scientifiques Cercle ornithologique<\/p>\n","protected":false},"author":253,"featured_media":0,"parent":2,"menu_order":17,"comment_status":"closed","ping_status":"closed","template":"","meta":{"_seopress_robots_primary_cat":"","_seopress_titles_title":"","_seopress_titles_desc":"","_seopress_robots_index":"","footnotes":""},"class_list":["post-59","page","type-page","status-publish"],"_links":{"self":[{"href":"https:\/\/wp.unil.ch\/svsn\/wp-json\/wp\/v2\/pages\/59","targetHints":{"allow":["GET"]}}],"collection":[{"href":"https:\/\/wp.unil.ch\/svsn\/wp-json\/wp\/v2\/pages"}],"about":[{"href":"https:\/\/wp.unil.ch\/svsn\/wp-json\/wp\/v2\/types\/page"}],"author":[{"embeddable":true,"href":"https:\/\/wp.unil.ch\/svsn\/wp-json\/wp\/v2\/users\/253"}],"replies":[{"embeddable":true,"href":"https:\/\/wp.unil.ch\/svsn\/wp-json\/wp\/v2\/comments?post=59"}],"version-history":[{"count":5,"href":"https:\/\/wp.unil.ch\/svsn\/wp-json\/wp\/v2\/pages\/59\/revisions"}],"predecessor-version":[{"id":11896,"href":"https:\/\/wp.unil.ch\/svsn\/wp-json\/wp\/v2\/pages\/59\/revisions\/11896"}],"up":[{"embeddable":true,"href":"https:\/\/wp.unil.ch\/svsn\/wp-json\/wp\/v2\/pages\/2"}],"wp:attachment":[{"href":"https:\/\/wp.unil.ch\/svsn\/wp-json\/wp\/v2\/media?parent=59"}],"curies":[{"name":"wp","href":"https:\/\/api.w.org\/{rel}","templated":true}]}}