{"id":4085,"date":"2018-10-31T16:56:11","date_gmt":"2018-10-31T15:56:11","guid":{"rendered":"http:\/\/wp.unil.ch\/svsn\/?page_id=4085"},"modified":"2026-03-24T13:57:37","modified_gmt":"2026-03-24T12:57:37","slug":"bulletins","status":"publish","type":"page","link":"https:\/\/wp.unil.ch\/svsn\/publications\/bulletins\/","title":{"rendered":"Bulletins"},"content":{"rendered":"<div class=\"wp-block-image\">\n<figure class=\"alignleft size-large\"><img alt=\"\" loading=\"lazy\" decoding=\"async\" width=\"1024\" height=\"200\" src=\"https:\/\/wp.unil.ch\/svsn\/files\/2021\/05\/Bulletins_SVSN-1024x200.png\" alt=\"\" class=\"wp-image-7073\" srcset=\"https:\/\/wp.unil.ch\/svsn\/files\/2021\/05\/Bulletins_SVSN-1024x200.png 1024w, https:\/\/wp.unil.ch\/svsn\/files\/2021\/05\/Bulletins_SVSN-300x59.png 300w, https:\/\/wp.unil.ch\/svsn\/files\/2021\/05\/Bulletins_SVSN-768x150.png 768w, https:\/\/wp.unil.ch\/svsn\/files\/2021\/05\/Bulletins_SVSN.png 1190w\" sizes=\"auto, (max-width: 1024px) 100vw, 1024px\" \/><\/figure>\n<\/div>\n\n\n<h4 class=\"wp-block-heading\">Consulter un bulletin<\/h4>\n\n\n\n<p>Les bulletins de SVSN sont disponibles pour consultation sur <strong><a rel=\"noreferrer noopener\" href=\"https:\/\/www.e-periodica.ch\/digbib\/volumes?UID=bsv-002\" target=\"_blank\">e-periodica<\/a> <\/strong>(imm\u00e9diatement apr\u00e8s leur parution).<\/p>\n\n\n<div class=\"su-spoiler su-spoiler-style-fancy su-spoiler-icon-chevron su-spoiler-closed\" data-scroll-offset=\"0\" data-anchor-in-url=\"no\"><div class=\"su-spoiler-title\" tabindex=\"0\" role=\"button\"><span class=\"su-spoiler-icon\"><\/span>Voir toutes les publications<\/div><div class=\"su-spoiler-content su-u-clearfix su-u-trim\">\nTous les Bulletins de la SVSN sont num\u00e9ris\u00e9s et disponibles gratuitement en ligne sur le site e-periodica de la Biblioth\u00e8que de l&rsquo;ETH de Zurich:<\/p>\n<ul>\n<li>Bulletins de la Soci\u00e9t\u00e9 Vaudoise des Sciences Naturelles (de 1864 \u00e0 aujourd&rsquo;hui)<\/li>\n<li>Bulletins des s\u00e9ances de la Soci\u00e9t\u00e9 Vaudoise des Sciences Naturelles (volumes 1-7, 1842 &#8211; 1863)<\/li>\n<\/ul>\n<\/div><\/div>\n\n\n<div class=\"su-spoiler su-spoiler-style-fancy su-spoiler-icon-chevron su-spoiler-closed\" data-scroll-offset=\"0\" data-anchor-in-url=\"no\"><div class=\"su-spoiler-title\" tabindex=\"0\" role=\"button\"><span class=\"su-spoiler-icon\"><\/span>Annexes aux bulletins parus<\/div><div class=\"su-spoiler-content su-u-clearfix su-u-trim\">\n<h4>Annexes aux articles parus dans le bulletin<\/h4>\n<p>Bulletin n\u00b0103 (2024)<\/p>\n<ul>\n<li><strong>Annexe. Etablissement d\u2019indicateurs de l\u2019\u00e9volution de la biodiversit\u00e9 urbaine dans le canton de Vaud: adaptation de la m\u00e9thode Syrph the Net (Diptera, Syrphidae). Bulletin de la Soci\u00e9t\u00e9 Vaudoise des Sciences Naturelles 103: 15-37.<br \/>\n<a href=\"https:\/\/wp.unil.ch\/svsn\/files\/2024\/12\/Annexe-Petremand-241212.pdf\" target=\"_blank\" rel=\"noopener noreferrer\">Annexe du bulletin n\u00b0103 &#8211; P\u00e9tremand G., Castella E., Fisler L., Patthey P.<\/a><\/li>\n<\/ul>\n<ul>\n<li><strong>Annexe. Monitoring de la flore foresti\u00e8re. Bulletin de la Soci\u00e9t\u00e9 Vaudoise des Sciences Naturelles 103: 129-135.<br \/>\n<a href=\"https:\/\/wp.unil.ch\/svsn\/files\/2024\/12\/Annexe-Vittoz-241212.pdf\" rel=\"noopener noreferrer\">Annexe du bulletin n\u00b0103 &#8211; Vittoz P., Descombes P. &amp; Liberati L.<\/a><\/li>\n<\/ul>\n<ul>\n<li><strong>Annexe 1. Parc naturel du Jorat: Relev\u00e9s de v\u00e9g\u00e9tation des mares foresti\u00e8res et grands sites humides. Bulletin de la Soci\u00e9t\u00e9 Vaudoise des Sciences Naturelles 103: 141-146.<br \/>\n<a href=\"https:\/\/wp.unil.ch\/svsn\/files\/2024\/12\/Annexe-Clot-ANNEXE-1-releves-de-vegetation.pdf\" rel=\"noopener noreferrer\">Annexe du bulletin n\u00b0103 &#8211; Clot F.<\/a><\/li>\n<\/ul>\n<ul>\n<li><strong>Annexe: Inventaire des col\u00e9opt\u00e8res et champignons saproxyliques dans le Parc naturel du Jorat. Bulletin de la Soci\u00e9t\u00e9 Vaudoise des Sciences Naturelles 103: 169-173.<br \/>\nTableau 1. Col\u00e9opt\u00e8res saproxyliques du Parc naturel du Jorat. Liste des esp\u00e8ces inventori\u00e9es en 2022 et 2023.<br \/>\nTableau 2. Champignons saproxyliques du Parc naturel du Jorat. Liste des esp\u00e8ces inventori\u00e9es en 2022 et 2023.<br \/>\n<a href=\"https:\/\/wp.unil.ch\/svsn\/files\/2025\/02\/Annexe-Lachat-Tableaux-1et2_ND250208.pdf\" rel=\"noopener noreferrer\">Annexe du bulletin n\u00b0103 &#8211; LACHAT T., ROTH N., ANGELERI R., BLASER S. &amp; SZALLIES A.<\/a><\/li>\n<\/ul>\n<ul>\n<li><strong>Annexe Col\u00e9opt\u00e8res saproxyliques remarquables des peuplements forestiers riches en ch\u00eanes de l\u2019ouest vaudois. Bulletin de la Soci\u00e9t\u00e9 Vaudoise des Sciences Naturelles 103: 91-107.<br \/>\nAnnexe 1. Liste des esp\u00e8ces de col\u00e9opt\u00e8res inventori\u00e9es entre 2014 et 2024 dans les h\u00eatraies riches en ch\u00eanes de l\u2019ouest vaudois (districts de Nyon et Morges VD).<br \/>\nAnnexe 2. Pr\u00e9f\u00e9rences \u00e9cologiques de:<br \/>\na) toutes les esp\u00e8ces de col\u00e9opt\u00e8res saproxyliques (N=331) et b) uniquement les esp\u00e8ces embl\u00e9matiques (EMB, Is \u2265 4) (N=99), d&rsquo;apr\u00e8s les informations sp\u00e9cifiques de BOUGET et al. (2019).<br \/>\n<a href=\"https:\/\/wp.unil.ch\/svsn\/files\/2025\/02\/Annexe-Breitenmoser-1et2-241217-1.pdf\" rel=\"noopener noreferrer\">Annexe du bulletin n\u00b0103 &#8211; BREITENMOSER S.<\/a><\/li>\n<\/ul>\n<p>Bulletin n\u00b0102 (2023)<\/p>\n<\/ul>\n<ul>\n<li><strong>Annexe I. Coordonn\u00e9es<br \/>\n<a href=\"https:\/\/wp.unil.ch\/svsn\/files\/2024\/12\/Annexe-1.-Vust-coordonnees.xlsx\" target=\"_blank\" rel=\"noopener noreferrer\">Annexe du bulletin n\u00b0102 &#8211; Vust<\/a><\/li>\n<\/ul>\n<ul>\n<li><strong>Annexe II. Centroides_pays_cantons_communes_20230810_MV_def<br \/>\n<a href=\"https:\/\/wp.unil.ch\/svsn\/files\/2024\/12\/Annexe-2.-centroides_pays_cantons_communes_20230810_MV_def.xlsx\" target=\"_blank\" rel=\"noopener noreferrer\">Annexe du bulletin n\u00b0102 &#8211; Vust<\/a><\/li>\n<\/ul>\n<p>Bulletin n\u00b0101 (2022)\n<\/ul>\n<ul>\n<li><strong>Annexe I. Liste et abondance des Col\u00e9opt\u00e8res inventori\u00e9s par l\u2019auteur entre 2010 et 2021 sur les sites d\u2019\u00e9tude de Duillier VD, de C\u00e9ligny GE et de Signy-Avenex VD\n<li><strong>  Annexe II. Pr\u00e9f\u00e9rences \u00e9cologiques des esp\u00e8ces de col\u00e9opt\u00e8res saproxyliques recens\u00e9es sur les trois sites, d&rsquo;apr\u00e8s les informations sp\u00e9cifiques de Bouget et al. (2019<br \/>\n<\/strong>Breitenmoser S.<br \/>\n101 : 39-72<br \/>\n<a href=\"https:\/\/wp.unil.ch\/svsn\/files\/2023\/01\/Bulletin-SVSN-2022-Annexes-Breitenmoser.pdf\" target=\"_blank\" rel=\"noopener noreferrer\">Annexe du bulletin n\u00b0101 &#8211; Breitenmoser<\/a><\/li>\n<\/ul>\n<ul>\n<li><strong>Annexe I. Transcription de la correspondance passive entre Jean Gaudin et<br \/>\nJean-Fr\u00e9d\u00e9ric Chaillet (1805-1828, lettres re\u00e7ues par Chaillet uniquement)<\/p>\n<li><strong> Annexe II. Transcription des notes de Jean-Fr\u00e9d\u00e9ric Chaillet sur les esp\u00e8ces de Carex des \u00c9trennes de Flore 1804 (avec commentaires de Gaudin)<br \/>\n<\/strong>DI MAIO E., VUST M. &amp; GRANT J.R.<br \/>\n101 : 117-138<br \/>\n<a href=\"https:\/\/wp.unil.ch\/svsn\/files\/2023\/01\/Bulletin-SVSN-2022-Annexes-Di-Maio-et-al.pdf\" target=\"_blank\" rel=\"noopener noreferrer\">Annexe du bulletin n\u00b0101 &#8211; Di Maio et al.<\/a><\/li>\n<\/ul>\n<p>Bulletin n\u00b099 (2020)<\/p>\n<ul>\n<li><strong>Genomics of European fireflies: first results and next steps<br \/>\n<\/strong>DUCHEN P., HOHNA S. &amp; CATALAN A.<br \/>\n99 : 67-72<br \/>\n<a href=\"https:\/\/wp.unil.ch\/svsn\/files\/2020\/12\/Bulletin-SVSN-2020-Annexes-online.pdf\" target=\"_blank\" rel=\"noopener noreferrer\">Annexes du bulletin n\u00b099 &#8211; Duchen et al.<\/a><\/li>\n<\/ul>\n<p>Bulletin n\u00b098 (2019)<\/p>\n<ul>\n<li><strong>Les lichens et bryophytes de la Grande Cari\u00e7aie.<\/strong><br \/>\nVUST M., HINDEN H., VITTOZ P., BURGISSER L. &amp; CLERC C.<br \/>\n98 : 53-75<br \/>\n<a href=\"https:\/\/wp.unil.ch\/svsn\/files\/2020\/02\/Annexes-Vust-et-al-2019-300-dpi.pdf\">Annexes du bulletin n\u00b098 &#8211; Vust et al.<\/a><\/li>\n<\/ul>\n<p>Bulletin n\u00b096 (2017)<\/p>\n<ul>\n<li><strong>Caract\u00e9risation hydrog\u00e9ochimique&nbsp;des eaux de source alpines<\/strong><br \/>\nDERRON M.-H., PFEIFER H.-R.<br \/>\n96 : 5-29<br \/>\n<a href=\"https:\/\/wp.unil.ch\/svsn\/files\/2017\/12\/Annexes_Hydrog\u00e9ol_2017.xlsx\">Annexes du bulletin n\u00b096 &#8211; Derron &amp; Pfeifer<\/a><\/li>\n<\/ul>\n<p>Bulletin n\u00b094 (2014-2015)<\/p>\n<ul>\n<li><strong>Typologie des sols sur gypse et v\u00e9g\u00e9tation associ\u00e9e en Suisse<br \/>\n<\/strong>BIEDERMANN Y., GOBAT J.-M. et VITTOZ P.<br \/>\n94.1 : 107-129<br \/>\n<a href=\"https:\/\/wp.unil.ch\/svsn\/files\/2016\/06\/Biedermann_etal_2014_Annexes.pdf\">Annexes du bulletin n\u00b094 &#8211; Biedermann et al.<\/a><\/li>\n<li><strong>Les diatom\u00e9es (algues silicat\u00e9es), indicatrices de la qualit\u00e9 des cours d&rsquo;eau vaudois: synth\u00e8se 2005 \u00e0 2013<\/strong><br \/>\nSTRAUB F., DERLETH_SARTORI P. et LODS_CROZET B.<br \/>\n94.1 : 73-106<br \/>\n<a href=\"https:\/\/wp.unil.ch\/svsn\/files\/2016\/06\/Annexe-1-Me\u00a6\u00fcthDiatRivie\u00a6\u00c7res2013.11Corr.pdf\">Annexe du bulletin n\u00b094 &#8211; Straub et al. &#8211; 1<br \/>\n<\/a><a href=\"https:\/\/wp.unil.ch\/svsn\/files\/2016\/06\/Annexe-2-DiatVD_re\u00a6\u00fcsultats_bruts_PhycoEcoCorr.xlsx\">Annexe du bulletin n\u00b094 &#8211; Straub et al. &#8211; 2<\/a><\/li>\n<\/ul>\n<p>Bulletin n\u00b092 (2010-2011)<\/p>\n<ul>\n<li><strong>Les conf\u00e9rences de la SVSN \u2013 Ann\u00e9e 2010: G\u00e9othermie et risques<br \/>\n<\/strong>92.2&nbsp;: 95-100<br \/>\n<a href=\"https:\/\/wp.unil.ch\/svsn\/files\/2011\/01\/05_Annexe_G\u00e9othermie-et-risques_2010.pdf\">Annexes du bulletin n\u00b092 &#8211; G\u00e9othermie et risques<\/a><\/li>\n<li><strong>D\u00e9couverte d\u2019un bison d\u2019Europe (<em>Bison bonasus<\/em>) et d\u2019\u00e9lans (<em>Alces alces<\/em>) dans un gouffre du Parc Jurassien Vaudois<br \/>\n<\/strong>BLANT M., WENGER R.<br \/>\n92.1 : 15-27<br \/>\n<a href=\"https:\/\/wp.unil.ch\/svsn\/files\/2011\/01\/02_Annexes_92.1_Blant1.pdf\">Annexes du bulletin n\u00b092 &#8211; Blant &amp; Wenger<\/a><\/li>\n<\/ul>\n<p>Bulletin n\u00b091 (2008-2009)<\/p>\n<ul>\n<li><strong>Evaluation de la qualit\u00e9 chimique et biologique d\u2019un petit lac du Plateau suisse (lac de Bret, canton de Vaud)<\/strong><br \/>\nLODS-CROZET, B., DE LA HARPE, M., REYMOND, O. &amp; STRAWCZYNSKI, A.<br \/>\n91.4&nbsp;: 363-387<br \/>\n<a href=\"https:\/\/wp.unil.ch\/svsn\/files\/2011\/01\/Annexes_LC.pdf\">Annexes du bulletin n\u00b091 &#8211; Lods-Crozet et al.<\/a><\/li>\n<\/ul>\n<\/div><\/div>\n\n\n\n<h4 class=\"wp-block-heading\">Publier dans le bulletin<\/h4>\n\n\n<div class=\"su-spoiler su-spoiler-style-fancy su-spoiler-icon-chevron su-spoiler-closed\" data-scroll-offset=\"0\" data-anchor-in-url=\"no\"><div class=\"su-spoiler-title\" tabindex=\"0\" role=\"button\"><span class=\"su-spoiler-icon\"><\/span>Quels types de publications ?<\/div><div class=\"su-spoiler-content su-u-clearfix su-u-trim\">\nParu pour la premi\u00e8re fois en 1842, le Bulletin de la SVSN publie des articles originaux dans le domaine des sciences naturelles et des sciences exactes.<\/p>\n<p>Le bulletin est distribu\u00e9 aux membres de la soci\u00e9t\u00e9 et \u00e9chang\u00e9 avec plus de 300 institutions et biblioth\u00e8ques de par le monde.Le bulletin de la SVSN convient particuli\u00e8rement:<\/p>\n<ul>\n<li>\u00e0 la publication rapide de r\u00e9sultats sensibles<\/li>\n<li>\u00e0 la publication d&rsquo;articles longs, comprenant des donn\u00e9es de base (liste exhaustive d&rsquo;esp\u00e8ces, analyses, &#8230; )<\/li>\n<li>\u00e0 la publication d&rsquo;articles de vulgarisation scientifique faisant la promotion des travaux de notre universit\u00e9<\/li>\n<\/ul>\n<p>Ces particularit\u00e9s font du Bulletin de la SVSN un organe performant permettant la diffusion rapide d&rsquo;articles scientifiques. Il compl\u00e8te ainsi l&rsquo;offre des revues nationales et internationales.<br \/>\n<\/div><\/div>\n\n\n<div class=\"su-spoiler su-spoiler-style-fancy su-spoiler-icon-chevron su-spoiler-closed\" data-scroll-offset=\"0\" data-anchor-in-url=\"no\"><div class=\"su-spoiler-title\" tabindex=\"0\" role=\"button\"><span class=\"su-spoiler-icon\"><\/span>Informations aux auteur\u00b7e\u00b7s<\/div><div class=\"su-spoiler-content su-u-clearfix su-u-trim\">\n<h3>Instructions aux auteur\u00b7e\u00b7s<\/h3>\n<hr>\n<h3>D\u00e9lai r\u00e9dactionnel<\/h3>\n<p>Les articles peuvent \u00eatre soumis tout au long de l&rsquo;ann\u00e9e. Les articles re\u00e7us avant le 31 juillet pourront \u00eatre consid\u00e9r\u00e9s pour publication dans le Bulletin de l&rsquo;ann\u00e9e, ceci ne pouvant \u00eatre garanti pour les contributions soumises apr\u00e8s ce d\u00e9lai.<\/p>\n<hr>\n<h3>Tirage<\/h3>\n<p>180 exemplaires<br \/>\nIndexation dans les bases de donn\u00e9es suivantes: ASFA; Biosis Biological Abstracts; Chemical Abstracts; Geological Abstracts; Georef; Zoological Records.<\/p>\n<hr>\n<h3>Langue<\/h3>\n<p>Fran\u00e7ais de pr\u00e9f\u00e9rence, langues nationales ou anglais admis. Possibilit\u00e9 de publier un r\u00e9sum\u00e9 \u00e9tendu si l&rsquo;article est en anglais ou d&rsquo;un \u00ab\u00a0extended abstract\u00a0\u00bb si l&rsquo;article est en fran\u00e7ais. Possibilit\u00e9 de publier les l\u00e9gendes des figures dans les deux langues.<\/p>\n<p>24 pages gratuites. Pages suppl\u00e9mentaires \u00e0 prix avantageux (environ fr. 70.- par page suppl\u00e9mentaire, prix variant l\u00e9g\u00e8rement d&rsquo;un num\u00e9ro \u00e0 l&rsquo;autre). Possibilit\u00e9 de faire appel aux fonds de la SVSN pour couvrir les frais de pages suppl\u00e9mentaires. Fourniture d&rsquo;un fichier pdf pour la distribution.<\/p>\n<hr>\n<h3>R\u00e9daction<\/h3>\n<p>Marie Defago et Maud Li\u00e9geois;<br \/>\n<a href=\"mailto:redaction.svsn@unil.ch\">e-mail: redaction.svsn(at)unil.ch<\/a><\/p>\n<hr>\n<h3>Mise en page<\/h3>\n<p>Nicole Demarta<br \/>\n<a href=\"mailto:nicodem@bluewin.ch\">e-mail: nicodem(at)bluewin.ch<\/a><\/p>\n<hr>\n<h3>Mod\u00e8le bibliographique<\/h3>\n<p>Peut \u00eatre demand\u00e9 aupr\u00e8s de la r\u00e9daction.<br \/>\n<a href=\"mailto:redaction.svsn@unil.ch\">e-mail: redaction.svsn(at)unil.ch<\/a><\/p>\n<hr>\n<h3>Responsables des comit\u00e9s de lecture<\/h3>\n<p>Fran\u00e7ois FELBER (botanique)<br \/>\nJacques Moser (chimie)<br \/>\nJ\u00e9r\u00f4me BAUDRY (m\u00e9thodologie et histoire des sciences)<br \/>\nCaroline REYMOND (sciences de la terre)<br \/>\nEmilie TRIDONDANE (zoologie)<br \/>\nLaura VINCKENBOSCH (math\u00e9matique)<br \/>\nYves REVAZ (astrophysique)<br \/>\nJean-Michel FALLOT (climatologie)<br \/>\nJean-Philppe Brantut (Physique)<br \/>\n<\/div><\/div><a href=\"\" title=\"zotero\" target=\"_blank\" rel=\"\" class=\"\"><\/a><a href=\"\" title=\"zotero\" target=\"_blank\" rel=\"\" class=\"\"><\/a><a href=\"\" title=\"zotero\" target=\"_blank\" rel=\"\" class=\"\"><\/a><a href=\"\" title=\"zotero\" target=\"_blank\" rel=\"\" class=\"\"><\/a>\n\n\n\n<p><br><strong><a href=\"https:\/\/wp.unil.ch\/svsn\/files\/2025\/05\/250429-aide-memoire.docx\">Aide m\u00e9moire aux auteurs<\/a><\/strong><br><\/p>\n","protected":false},"excerpt":{"rendered":"<p>Consulter un bulletin Les bulletins de SVSN sont disponibles pour consultation sur e-periodica (imm\u00e9diatement apr\u00e8s leur parution). Publier dans le bulletin Aide m\u00e9moire aux auteurs<\/p>\n","protected":false},"author":1002538,"featured_media":0,"parent":4108,"menu_order":0,"comment_status":"closed","ping_status":"closed","template":"","meta":{"_seopress_robots_primary_cat":"","_seopress_titles_title":"","_seopress_titles_desc":"","_seopress_robots_index":"","footnotes":""},"class_list":["post-4085","page","type-page","status-publish"],"_links":{"self":[{"href":"https:\/\/wp.unil.ch\/svsn\/wp-json\/wp\/v2\/pages\/4085","targetHints":{"allow":["GET"]}}],"collection":[{"href":"https:\/\/wp.unil.ch\/svsn\/wp-json\/wp\/v2\/pages"}],"about":[{"href":"https:\/\/wp.unil.ch\/svsn\/wp-json\/wp\/v2\/types\/page"}],"author":[{"embeddable":true,"href":"https:\/\/wp.unil.ch\/svsn\/wp-json\/wp\/v2\/users\/1002538"}],"replies":[{"embeddable":true,"href":"https:\/\/wp.unil.ch\/svsn\/wp-json\/wp\/v2\/comments?post=4085"}],"version-history":[{"count":5,"href":"https:\/\/wp.unil.ch\/svsn\/wp-json\/wp\/v2\/pages\/4085\/revisions"}],"predecessor-version":[{"id":12111,"href":"https:\/\/wp.unil.ch\/svsn\/wp-json\/wp\/v2\/pages\/4085\/revisions\/12111"}],"up":[{"embeddable":true,"href":"https:\/\/wp.unil.ch\/svsn\/wp-json\/wp\/v2\/pages\/4108"}],"wp:attachment":[{"href":"https:\/\/wp.unil.ch\/svsn\/wp-json\/wp\/v2\/media?parent=4085"}],"curies":[{"name":"wp","href":"https:\/\/api.w.org\/{rel}","templated":true}]}}