{"id":213,"date":"2010-07-12T21:11:51","date_gmt":"2010-07-12T19:11:51","guid":{"rendered":"http:\/\/wp.unil.ch\/svsn\/?page_id=213"},"modified":"2018-11-16T19:38:44","modified_gmt":"2018-11-16T18:38:44","slug":"fonds-de-publication","status":"publish","type":"page","link":"https:\/\/wp.unil.ch\/svsn\/publications\/fonds-de-publication\/","title":{"rendered":"Fonds de publication"},"content":{"rendered":"<p>La SVSN a \u00e0 sa disposition, gr\u00e2ce entre autres \u00e0 de g\u00e9n\u00e9reux donateurs, des fonds auxquels elle peut faire appel sur demande afin de soutenir ses publications. Les r\u00e8glements de ces fonds sont pr\u00e9sent\u00e9s ci-dessous.<\/p>\n<div class=\"su-spoiler su-spoiler-style-fancy su-spoiler-icon-chevron su-spoiler-closed\" data-scroll-offset=\"0\" data-anchor-in-url=\"no\"><div class=\"su-spoiler-title\" tabindex=\"0\" role=\"button\"><span class=\"su-spoiler-icon\"><\/span>R\u00e8glement pour le fonds Mermod<\/div><div class=\"su-spoiler-content su-u-clearfix su-u-trim\">\n<h4>R\u00e8glement pour le fonds Mermod<\/h4>\n<p>Art. 1<br \/>\nLe Fonds MERMOD a \u00e9t\u00e9 cr\u00e9\u00e9 en 1969 par un don de 40 000 francs fait \u00e0 la SVSN par le Dr<br \/>\nC. Mermod en hommage \u00e0 la m\u00e9moire de ses parents, Camille-C\u00e9sar Mermod (1866-1955) et<br \/>\nAdrienne-Augusta n\u00e9e Margot (1875-1969).<br \/>\nIl est destin\u00e9 \u00e0 subvenir aux publications scientifiques de la SVSN.<\/p>\n<p>Art. 2<br \/>\nLe Fonds, augment\u00e9 \u00e9ventuellement par d&rsquo;autres dons, constitue un capital intangible,<br \/>\npropri\u00e9t\u00e9 de la SVSN. Le 20% des int\u00e9r\u00eats annuels est joint au capital. Le solde des int\u00e9r\u00eats<br \/>\nannuels est r\u00e9parti comme suit:<br \/>\n&#8211; 30% constituent le revenu disponible;<br \/>\n&#8211; 50% sont attribu\u00e9s \u00e0 la SVSN pour la gestion des publications.<\/p>\n<p>Art. 3<br \/>\nLe Fonds est administr\u00e9 par la Commission institu\u00e9e par l&rsquo;article 3 du R\u00e8glement pour les<br \/>\nFonds Agassiz et Forel de 1966.<\/p>\n<p>Art. 4<br \/>\nEn cas de dissolution de la SVSN, celle-ci pourvoira \u00e0 la remise du Fonds \u00e0 une institution<br \/>\nvaudoise qui assume les frais de publications scientifiques.<br \/>\nAdopt\u00e9 en assembl\u00e9e g\u00e9n\u00e9rale le 28 juin 1970. Modification de l&rsquo;art. 2 accept\u00e9e par<br \/>\nl&rsquo;Assembl\u00e9e g\u00e9n\u00e9rale du 21 mars 2000.<\/p>\n<\/div><\/div>\n<div class=\"su-spoiler su-spoiler-style-fancy su-spoiler-icon-chevron su-spoiler-closed\" data-scroll-offset=\"0\" data-anchor-in-url=\"no\"><div class=\"su-spoiler-title\" tabindex=\"0\" role=\"button\"><span class=\"su-spoiler-icon\"><\/span>R\u00e8glement pour le fonds Pierre Mercier<\/div><div class=\"su-spoiler-content su-u-clearfix su-u-trim\">\n<h4>R\u00e8glement pour le fonds Pierre Mercier<\/h4>\n<p>Art. 1<br \/>\nLe Fonds PIERRE MERCIER a \u00e9t\u00e9 cr\u00e9\u00e9 en 1977 par un legs de 50 000 francs fait \u00e0 la SVSN<br \/>\npar M. Pierre Mercier (1890-1976).<br \/>\nIl est destin\u00e9 \u00e0 subvenir aux publications scientifiques de la SVSN.<\/p>\n<p>Art. 2<br \/>\nLe Fonds, augment\u00e9 \u00e9ventuellement par d&rsquo;autres dons, constitue un capital intangible,<br \/>\npropri\u00e9t\u00e9 de la SVSN. Le 20% des int\u00e9r\u00eats annuels est joint au capital. Le solde des int\u00e9r\u00eats<br \/>\nannuels est r\u00e9parti comme suit:<br \/>\n&#8211; 30% constituent le revenu disponible;<br \/>\n&#8211; 50% sont attribu\u00e9s \u00e0 la SVSN pour la gestion des publications.<\/p>\n<p>Art. 3<br \/>\nLe Fonds est administr\u00e9 par la Commission institu\u00e9e par l&rsquo;article 3 du R\u00e8glement pour les<br \/>\nFonds Agassiz et Forel de 1966.<\/p>\n<p>Art. 4.<br \/>\nEn cas de dissolution de la SVSN, celle-ci pourvoira \u00e0 la remise du Fonds \u00e0 une institution<br \/>\nvaudoise qui assume les frais de publications scientifiques.<br \/>\nAdopt\u00e9 en assembl\u00e9e g\u00e9n\u00e9rale le 6 d\u00e9cembre 1977. Modification de l&rsquo;art. 2 accept\u00e9e par<br \/>\nl&rsquo;Assembl\u00e9e g\u00e9n\u00e9rale du 21 mars 2000.<\/p>\n<\/div><\/div>\n<div class=\"su-spoiler su-spoiler-style-fancy su-spoiler-icon-chevron su-spoiler-closed\" data-scroll-offset=\"0\" data-anchor-in-url=\"no\"><div class=\"su-spoiler-title\" tabindex=\"0\" role=\"button\"><span class=\"su-spoiler-icon\"><\/span>R\u00e8glement pour le fonds Marguerite Lugeon<\/div><div class=\"su-spoiler-content su-u-clearfix su-u-trim\">\n<h4>R\u00e8glement pour le fonds Marguerite Lugeon<\/h4>\n<p>Art. 1<br \/>\nLe Fonds MARGUERITE LUGEON a \u00e9t\u00e9 cr\u00e9\u00e9 en 1986 par un legs de Fr. 300 000.- fait \u00e0 la<br \/>\nSVSN par Madame Marguerite Lugeon (1904-1983) en souvenir de son mari, Jean Lugeon.<br \/>\nIl est destin\u00e9 \u00e0 subvenir aux publications de la SVSN.<\/p>\n<p>Art. 2<br \/>\nLe Fonds, augment\u00e9 \u00e9ventuellement par d&rsquo;autres dons, contitue un capital intangible, propri\u00e9t\u00e9<br \/>\nde la SVSN. Le 20% des int\u00e9r\u00eats annuels est joint au capital. Le solde des int\u00e9r\u00eats annuels est<br \/>\nr\u00e9parti comme suit :<br \/>\n&#8211; 30% constituent le revenu disponible<br \/>\n&#8211; 50% sont attribu\u00e9s \u00e0 la SVSN pour la gestion de ses publications.<\/p>\n<p>Art. 3<br \/>\nLe Fonds est administr\u00e9 par la Commission institu\u00e9e par l&rsquo;article 3 du R\u00e8glement pour les<br \/>\nFonds Agassiz et Forel de 1966.<\/p>\n<p>Art. 4<br \/>\nEn cas de dissolution de la SVSN, celle-ci pourvoira \u00e0 la remise du Fonds \u00e0 une institution<br \/>\nvaudoise qui assume les frais de publications scientifiques.<br \/>\nAdopt\u00e9 en assembl\u00e9e g\u00e9n\u00e9rale le 4 mars 1986.<\/p>\n<\/div><\/div>\n","protected":false},"excerpt":{"rendered":"<p>La SVSN a \u00e0 sa disposition, gr\u00e2ce entre autres \u00e0 de g\u00e9n\u00e9reux donateurs, des fonds auxquels elle peut faire appel sur demande afin de soutenir ses publications. Les r\u00e8glements de ces fonds sont pr\u00e9sent\u00e9s ci-dessous.<\/p>\n","protected":false},"author":253,"featured_media":0,"parent":4108,"menu_order":5,"comment_status":"closed","ping_status":"closed","template":"","meta":{"_seopress_robots_primary_cat":"","_seopress_titles_title":"","_seopress_titles_desc":"","_seopress_robots_index":"","footnotes":""},"class_list":["post-213","page","type-page","status-publish"],"_links":{"self":[{"href":"https:\/\/wp.unil.ch\/svsn\/wp-json\/wp\/v2\/pages\/213","targetHints":{"allow":["GET"]}}],"collection":[{"href":"https:\/\/wp.unil.ch\/svsn\/wp-json\/wp\/v2\/pages"}],"about":[{"href":"https:\/\/wp.unil.ch\/svsn\/wp-json\/wp\/v2\/types\/page"}],"author":[{"embeddable":true,"href":"https:\/\/wp.unil.ch\/svsn\/wp-json\/wp\/v2\/users\/253"}],"replies":[{"embeddable":true,"href":"https:\/\/wp.unil.ch\/svsn\/wp-json\/wp\/v2\/comments?post=213"}],"version-history":[{"count":0,"href":"https:\/\/wp.unil.ch\/svsn\/wp-json\/wp\/v2\/pages\/213\/revisions"}],"up":[{"embeddable":true,"href":"https:\/\/wp.unil.ch\/svsn\/wp-json\/wp\/v2\/pages\/4108"}],"wp:attachment":[{"href":"https:\/\/wp.unil.ch\/svsn\/wp-json\/wp\/v2\/media?parent=213"}],"curies":[{"name":"wp","href":"https:\/\/api.w.org\/{rel}","templated":true}]}}