{"id":203,"date":"2010-07-12T20:53:46","date_gmt":"2010-07-12T18:53:46","guid":{"rendered":"http:\/\/wp.unil.ch\/svsn\/?page_id=203"},"modified":"2026-01-06T10:36:39","modified_gmt":"2026-01-06T09:36:39","slug":"csn-chablais","status":"publish","type":"page","link":"https:\/\/wp.unil.ch\/svsn\/uvss\/agenda\/csn-chablais\/","title":{"rendered":"CSN Chablais"},"content":{"rendered":"<h2>Cercle des sciences naturelles du Chablais<\/h2>\n<p>Fond\u00e9 en 1979<\/p>\n<p>Le Cercle des sciences naturelles du Chablais a pour but de susciter l&rsquo;int\u00e9r\u00eat pour la nature, son respect et ses probl\u00e8mes et d&rsquo;\u00e9tendre les connaissances de ses membres et du public par le biais de nombreuses conf\u00e9rences et de quelques sorties sur le terrain. Il peut favoriser la cr\u00e9ation de groupes d&rsquo;\u00e9tudes sp\u00e9cifiques et donne la possibilit\u00e9 au Comit\u00e9 d&rsquo;intervenir en faveur de la nature. Les conf\u00e9rences ont lieu le deuxi\u00e8me jeudi des mois d&rsquo;octobre \u00e0 avril. Les sujets sont multiples et vont de l&rsquo;astronomie \u00e0 l&rsquo;entomologie, en passant par la botanique, l&rsquo;ornithologie et les r\u00e9cits de voyages naturalistes.<\/p>\n<p>Pr\u00e9sident : Michel D\u00e9fago<br \/>\ne-mail: <a href=\"mailto:csn@natures.ch\">csn(at)natures.ch<\/a><br \/>\nLocal: Salle de conf\u00e9rence de l&rsquo;Ecole professionnelle du Chablais, ch. des Marronniers, 1860 Aigle.<br \/>\nSite Internet: <a href=\"https:\/\/www.natures.ch\/csn\" target=\"_blank\" rel=\"noopener noreferrer\">www.natures.ch\/csn<\/a><br \/>\nEffectif: 130 membres<br \/>\nCotisation: fr. 25.- au minimum par an.<\/p>\n","protected":false},"excerpt":{"rendered":"<p>Cercle des sciences naturelles du Chablais Fond\u00e9 en 1979 Le Cercle des sciences naturelles du Chablais a pour but de susciter l&rsquo;int\u00e9r\u00eat pour la nature, son respect et ses probl\u00e8mes et d&rsquo;\u00e9tendre les connaissances de ses membres et du public<\/p>\n","protected":false},"author":1001879,"featured_media":0,"parent":152,"menu_order":3,"comment_status":"closed","ping_status":"closed","template":"","meta":{"_seopress_robots_primary_cat":"","_seopress_titles_title":"","_seopress_titles_desc":"","_seopress_robots_index":"","_seopress_analysis_target_kw":"","footnotes":""},"class_list":["post-203","page","type-page","status-publish"],"_links":{"self":[{"href":"https:\/\/wp.unil.ch\/svsn\/wp-json\/wp\/v2\/pages\/203","targetHints":{"allow":["GET"]}}],"collection":[{"href":"https:\/\/wp.unil.ch\/svsn\/wp-json\/wp\/v2\/pages"}],"about":[{"href":"https:\/\/wp.unil.ch\/svsn\/wp-json\/wp\/v2\/types\/page"}],"author":[{"embeddable":true,"href":"https:\/\/wp.unil.ch\/svsn\/wp-json\/wp\/v2\/users\/1001879"}],"replies":[{"embeddable":true,"href":"https:\/\/wp.unil.ch\/svsn\/wp-json\/wp\/v2\/comments?post=203"}],"version-history":[{"count":2,"href":"https:\/\/wp.unil.ch\/svsn\/wp-json\/wp\/v2\/pages\/203\/revisions"}],"predecessor-version":[{"id":11820,"href":"https:\/\/wp.unil.ch\/svsn\/wp-json\/wp\/v2\/pages\/203\/revisions\/11820"}],"up":[{"embeddable":true,"href":"https:\/\/wp.unil.ch\/svsn\/wp-json\/wp\/v2\/pages\/152"}],"wp:attachment":[{"href":"https:\/\/wp.unil.ch\/svsn\/wp-json\/wp\/v2\/media?parent=203"}],"curies":[{"name":"wp","href":"https:\/\/api.w.org\/{rel}","templated":true}]}}