{"id":201,"date":"2010-07-12T20:53:21","date_gmt":"2010-07-12T18:53:21","guid":{"rendered":"http:\/\/wp.unil.ch\/svsn\/?page_id=201"},"modified":"2026-03-02T14:07:08","modified_gmt":"2026-03-02T13:07:08","slug":"csn-nyon-la-cote","status":"publish","type":"page","link":"https:\/\/wp.unil.ch\/svsn\/uvss\/agenda\/csn-nyon-la-cote\/","title":{"rendered":"CSNC"},"content":{"rendered":"\n<p class=\"has-text-color has-link-color has-large-font-size wp-elements-900f39dc96a544326ff8a9b8b7ecf9ee\" style=\"color:#2aa377\"><br><strong><br>Cercle des sciences naturelles Nyon-La C\u00f4te<br><\/strong><br><\/p>\n\n\n\n<p>Fond\u00e9 en 1970<\/p>\n\n\n\n<p><strong>Le Cercle des sciences naturelles Nyon-La C\u00f4te (CSNC) a pour objectif de r\u00e9unir les personnes int\u00e9ress\u00e9es par les sciences naturelles et par une saine gestion des ressources de notre environnement.&nbsp; Il propose une vulgarisation scientifique de bonne qualit\u00e9 avec mise en lumi\u00e8re de nombreuses questions ayant trait \u00e0 la connaissance et \u00e0 la protection de la nature.<\/strong><\/p>\n\n\n\n<p>De l\u2019automne au printemps, le Cercle des Sciences organise un cycle de six ou sept conf\u00e9rences illustr\u00e9es, pr\u00e9sent\u00e9 chaque fois par un sp\u00e9cialiste, avec occasionnellement la projection d\u2019un film.<\/p>\n\n\n\n<p>Les th\u00e8mes abord\u00e9s concernent diverses disciplines pouvant aller de l\u2019astronomie \u00e0 la microbiologie en passant par la g\u00e9ologie, la botanique ou la zoologie. Des excursions sont en outre r\u00e9guli\u00e8rement organis\u00e9es, notamment \u00e0 la d\u00e9couverte des richesses naturelles de la r\u00e9gion.<\/p>\n\n\n\n<p>Les activit\u00e9s du Cercle des Sciences sont largement ouvertes au public, l&rsquo;entr\u00e9e aux conf\u00e9rences \u00e9tant gratuite.\u00a0 Les conf\u00e9rences ont g\u00e9n\u00e9ralement lieu \u00e0 Nyon, Gland ou Tolochenaz. Les membres re\u00e7oivent\u00a0 des invitations aux diverses activit\u00e9s, accompagn\u00e9es de pr\u00e9cisions pratiques.<\/p>\n\n\n\n<p>\u00a0\u00bb&nbsp;Vous recherchez des informations pratiques concernant les sorties et conf\u00e9rences du CSNC? Nos \u00e9v\u00e9nements sont publi\u00e9s sur&nbsp;<a rel=\"noreferrer noopener\" target=\"_blank\" href=\"http:\/\/www.natures.ch\/\">www.natures.ch<\/a>. \u00ab\u00a0<\/p>\n\n\n\n<p>Cotisation annuelle : CHF 20.- par an, CHF 30.- pour les couples, CHF 10.- pour les juniors (jusqu\u2019\u00e0 25 ans)<\/p>\n\n\n\n<p>Co-pr\u00e9sidence :&nbsp; Carmen Sangin &amp; Serge Fischer<br>Courriel : <a href=\"mailto:c.sangin@nature-humaine.ch\">c.sangin@nature-humaine.ch<\/a>&nbsp;&amp; <a href=\"mailto:fischer.serge@bluewin.ch\">fischer.serge@bluewin.ch<\/a><\/p>\n\n\n\n<p>Secr\u00e9taire&nbsp;: Mme Wendy Strahm, La Criblette, route des Matagasses 47, 1268 Burtigny<br>T\u00e9l. 022 \/ 366 77 88&nbsp;;&nbsp; Courriel&nbsp;: wendy.strahm(at)gmail.com<\/p>\n\n\n\n<p>Effectif&nbsp;: environ 200 membres<\/p>\n","protected":false},"excerpt":{"rendered":"<p>Cercle des sciences naturelles Nyon-La C\u00f4te Fond\u00e9 en 1970 Le Cercle des sciences naturelles Nyon-La C\u00f4te (CSNC) a pour objectif de r\u00e9unir les personnes int\u00e9ress\u00e9es par les sciences naturelles et par une saine gestion des ressources de notre environnement.&nbsp; Il<\/p>\n","protected":false},"author":1001879,"featured_media":0,"parent":152,"menu_order":4,"comment_status":"closed","ping_status":"closed","template":"","meta":{"_seopress_robots_primary_cat":"","_seopress_titles_title":"","_seopress_titles_desc":"","_seopress_robots_index":"","footnotes":""},"class_list":["post-201","page","type-page","status-publish"],"_links":{"self":[{"href":"https:\/\/wp.unil.ch\/svsn\/wp-json\/wp\/v2\/pages\/201","targetHints":{"allow":["GET"]}}],"collection":[{"href":"https:\/\/wp.unil.ch\/svsn\/wp-json\/wp\/v2\/pages"}],"about":[{"href":"https:\/\/wp.unil.ch\/svsn\/wp-json\/wp\/v2\/types\/page"}],"author":[{"embeddable":true,"href":"https:\/\/wp.unil.ch\/svsn\/wp-json\/wp\/v2\/users\/1001879"}],"replies":[{"embeddable":true,"href":"https:\/\/wp.unil.ch\/svsn\/wp-json\/wp\/v2\/comments?post=201"}],"version-history":[{"count":4,"href":"https:\/\/wp.unil.ch\/svsn\/wp-json\/wp\/v2\/pages\/201\/revisions"}],"predecessor-version":[{"id":12031,"href":"https:\/\/wp.unil.ch\/svsn\/wp-json\/wp\/v2\/pages\/201\/revisions\/12031"}],"up":[{"embeddable":true,"href":"https:\/\/wp.unil.ch\/svsn\/wp-json\/wp\/v2\/pages\/152"}],"wp:attachment":[{"href":"https:\/\/wp.unil.ch\/svsn\/wp-json\/wp\/v2\/media?parent=201"}],"curies":[{"name":"wp","href":"https:\/\/api.w.org\/{rel}","templated":true}]}}