{"id":196,"date":"2010-07-12T20:51:35","date_gmt":"2010-07-12T18:51:35","guid":{"rendered":"http:\/\/wp.unil.ch\/svsn\/?page_id=196"},"modified":"2025-08-28T14:04:01","modified_gmt":"2025-08-28T12:04:01","slug":"gos","status":"publish","type":"page","link":"https:\/\/wp.unil.ch\/svsn\/uvss\/agenda\/gos\/","title":{"rendered":"GOS"},"content":{"rendered":"<h2>Groupe ornithologique et des sciences naturelles de Morges et environs<\/h2>\n<p>Fond\u00e9 en 1976<\/p>\n<p>Le but est d&rsquo;offrir aux personnes int\u00e9ress\u00e9es de Morges et des environs la possibilit\u00e9 de parfaire leurs connaissances dans le domaine des sciences naturelles, notamment l&rsquo;ornithologie, moyennant des conf\u00e9rences, films, excursions, s\u00e9ances de d\u00e9termination, de travaux pratiques et de protection. Les membres re\u00e7oivent r\u00e9guli\u00e8rement un bulletin d&rsquo;information \u00e0 la r\u00e9daction duquel ils peuvent participer.<\/p>\n<p>Le GOS est fier d&rsquo;\u00eatre une section locale de <a href=\"https:\/\/www.birdlife.ch\/fr\">BirdLife-Suisse<\/a>.<\/p>\n<p>Duplain J\u00e9r\u00f4me, pr\u00e9sident et responsable du GRAME<br \/>\nCh. de la Foule 9<br \/>\n1322 Croy<br \/>\n079 334 10 91 <a href=\"mailto:jerome.duplain@bluemail.ch\">jerome.duplain@bluemail.ch<\/a><\/p>\n<p>Marc Bastardot, responsable du Groupe des Jeunes et r\u00e9pondant des bagueurs<br \/>\nPl. H.-de-Colombier 2,<br \/>\n1114 Colombier079 515 55 87, <a href=\"mailto:marcbastardot@hotmail.com\">marcbastardot@hotmail.com<\/a><\/p>\n<p>Site Internet: <a href=\"https:\/\/www.gos-nature.ch\/\">www.gos-nature.ch<\/a><\/p>\n<p>Effectif: 170 membres<br \/>\nCotisation: fr. 35.- par an, affiliation \u00e0 BirdLife comprise<\/p>\n","protected":false},"excerpt":{"rendered":"<p>Groupe ornithologique et des sciences naturelles de Morges et environs Fond\u00e9 en 1976 Le but est d&rsquo;offrir aux personnes int\u00e9ress\u00e9es de Morges et des environs la possibilit\u00e9 de parfaire leurs connaissances dans le domaine des sciences naturelles, notamment l&rsquo;ornithologie, moyennant<\/p>\n","protected":false},"author":1001879,"featured_media":0,"parent":152,"menu_order":9,"comment_status":"closed","ping_status":"closed","template":"","meta":{"_seopress_robots_primary_cat":"","_seopress_titles_title":"","_seopress_titles_desc":"","_seopress_robots_index":"","footnotes":""},"class_list":["post-196","page","type-page","status-publish"],"_links":{"self":[{"href":"https:\/\/wp.unil.ch\/svsn\/wp-json\/wp\/v2\/pages\/196","targetHints":{"allow":["GET"]}}],"collection":[{"href":"https:\/\/wp.unil.ch\/svsn\/wp-json\/wp\/v2\/pages"}],"about":[{"href":"https:\/\/wp.unil.ch\/svsn\/wp-json\/wp\/v2\/types\/page"}],"author":[{"embeddable":true,"href":"https:\/\/wp.unil.ch\/svsn\/wp-json\/wp\/v2\/users\/1001879"}],"replies":[{"embeddable":true,"href":"https:\/\/wp.unil.ch\/svsn\/wp-json\/wp\/v2\/comments?post=196"}],"version-history":[{"count":4,"href":"https:\/\/wp.unil.ch\/svsn\/wp-json\/wp\/v2\/pages\/196\/revisions"}],"predecessor-version":[{"id":11532,"href":"https:\/\/wp.unil.ch\/svsn\/wp-json\/wp\/v2\/pages\/196\/revisions\/11532"}],"up":[{"embeddable":true,"href":"https:\/\/wp.unil.ch\/svsn\/wp-json\/wp\/v2\/pages\/152"}],"wp:attachment":[{"href":"https:\/\/wp.unil.ch\/svsn\/wp-json\/wp\/v2\/media?parent=196"}],"curies":[{"name":"wp","href":"https:\/\/api.w.org\/{rel}","templated":true}]}}