{"id":181,"date":"2010-07-12T20:47:02","date_gmt":"2010-07-12T18:47:02","guid":{"rendered":"http:\/\/wp.unil.ch\/svsn\/?page_id=181"},"modified":"2022-07-14T10:42:24","modified_gmt":"2022-07-14T08:42:24","slug":"svm","status":"publish","type":"page","link":"https:\/\/wp.unil.ch\/svsn\/uvss\/agenda\/svm\/","title":{"rendered":"SVM"},"content":{"rendered":"<h2>Soci\u00e9t\u00e9 vaudoise de min\u00e9ralogie<\/h2>\n<p>Association sans but lucratif, fond\u00e9e en 1969<\/p>\n<p>La SVM, Soci\u00e9t\u00e9 Vaudoise de Min\u00e9ralogie, est une section de l\u2019Association Suisse des Cristalliers et collectionneurs de min\u00e9raux et fossiles (ASCMF).<\/p>\n<p>Ses buts sont de promouvoir, vulgariser, valoriser la min\u00e9ralogie, la pal\u00e9ontologie, la g\u00e9ologie, prot\u00e9ger le monde min\u00e9ral et contribuer \u00e0 sa pr\u00e9servation.<\/p>\n<p>La SVM est ouverte \u00e0 toute personne s\u2019int\u00e9ressant aux cristaux, roches, fossiles et aux sciences de la terre en g\u00e9n\u00e9ral.<\/p>\n<p>Elle organise des conf\u00e9rences, des s\u00e9ances de d\u00e9termination mensuelles, ou \u00e0 th\u00e8me, avec l\u2019appui de scientifiques, ainsi que des excursions.<\/p>\n<p>La section jeunes de la SVM organise un camp d&rsquo;\u00e9t\u00e9 d&rsquo;une semaine et participe \u00e0 plusieurs animations, comme la Nuit des Mus\u00e9es \u00e0 Lausanne ou le Passeport Mus\u00e9es \u00e0 Morges.<\/p>\n<p>Chaque printemps, la SVM met sur pied une importante exposition-bourse de min\u00e9raux et fossiles (vente, achat)<\/p>\n<p>Pr\u00e9sidente : Mme Myriam Rickli<br \/>\nAv. de Cour 138<br \/>\n1006 Lausanne<br \/>\n076\u00a0246 42 00<br \/>\ne-mail: <a href=\"mailto:rickli@sunrise.ch\">rickli@sunrise.ch<\/a><br \/>\nSite Internet:\u00a0<a href=\"https:\/\/www.svm.ch\/\">www.svm.ch<\/a><\/p>\n<p>Local: Le Cazard, salle Octogone, Pr\u00e9-du-March\u00e9 15, 1004 Lausanne<br \/>\nEffectif: environ 125 membres + section juniors<br \/>\nCotisations actuelles annuelles : CHF 40.-; couples CHF 70.-<br \/>\nBulletins d\u2019inscriptions: par t\u00e9l\u00e9phone ou site Internet<\/p>\n","protected":false},"excerpt":{"rendered":"<p>Soci\u00e9t\u00e9 vaudoise de min\u00e9ralogie Association sans but lucratif, fond\u00e9e en 1969 La SVM, Soci\u00e9t\u00e9 Vaudoise de Min\u00e9ralogie, est une section de l\u2019Association Suisse des Cristalliers et collectionneurs de min\u00e9raux et fossiles (ASCMF). Ses buts sont de promouvoir, vulgariser, valoriser la<\/p>\n","protected":false},"author":1001879,"featured_media":0,"parent":152,"menu_order":12,"comment_status":"closed","ping_status":"closed","template":"","meta":{"_seopress_robots_primary_cat":"","_seopress_titles_title":"","_seopress_titles_desc":"","_seopress_robots_index":"","footnotes":""},"class_list":["post-181","page","type-page","status-publish"],"_links":{"self":[{"href":"https:\/\/wp.unil.ch\/svsn\/wp-json\/wp\/v2\/pages\/181","targetHints":{"allow":["GET"]}}],"collection":[{"href":"https:\/\/wp.unil.ch\/svsn\/wp-json\/wp\/v2\/pages"}],"about":[{"href":"https:\/\/wp.unil.ch\/svsn\/wp-json\/wp\/v2\/types\/page"}],"author":[{"embeddable":true,"href":"https:\/\/wp.unil.ch\/svsn\/wp-json\/wp\/v2\/users\/1001879"}],"replies":[{"embeddable":true,"href":"https:\/\/wp.unil.ch\/svsn\/wp-json\/wp\/v2\/comments?post=181"}],"version-history":[{"count":0,"href":"https:\/\/wp.unil.ch\/svsn\/wp-json\/wp\/v2\/pages\/181\/revisions"}],"up":[{"embeddable":true,"href":"https:\/\/wp.unil.ch\/svsn\/wp-json\/wp\/v2\/pages\/152"}],"wp:attachment":[{"href":"https:\/\/wp.unil.ch\/svsn\/wp-json\/wp\/v2\/media?parent=181"}],"curies":[{"name":"wp","href":"https:\/\/api.w.org\/{rel}","templated":true}]}}