{"id":11429,"date":"2025-08-19T10:59:02","date_gmt":"2025-08-19T08:59:02","guid":{"rendered":"https:\/\/wp.unil.ch\/svsn\/?page_id=11429"},"modified":"2025-10-23T11:16:00","modified_gmt":"2025-10-23T09:16:00","slug":"articles","status":"publish","type":"page","link":"https:\/\/wp.unil.ch\/svsn\/articles\/","title":{"rendered":"\u00ab\u00a0La science pr\u00e8s de chez vous\u00a0\u00bb"},"content":{"rendered":"\n<p>La Soci\u00e9t\u00e9 vaudoise des Sciences naturelles met en valeur la recherche scientifique depuis plus d\u2019un si\u00e8cle.<br>Nos Bulletins et M\u00e9moires rassemblent des travaux rigoureux dans de nombreux domaines des sciences naturelles.<\/p>\n\n\n\n<p>Notre journaliste partenaire H\u00e9l\u00e8ne Koch propose ici une s\u00e9lection d\u2019articles vulgaris\u00e9s.<br>Chaque texte garde l\u2019essence de la recherche tout en adoptant un langage clair et accessible.<br><\/p>\n\n\n\n<p><br><strong><a href=\"https:\/\/wp.unil.ch\/svsn\/lucanus-cervus_lucane-cerf-volant_breitenmoser-2\/\">Insectes g\u00e9ants d&rsquo;ici<\/a><\/strong><\/p>\n\n\n\n<p><strong><a href=\"https:\/\/wp.unil.ch\/svsn\/libellules-salamandres-et-orchidees\/\">Libellules, salamandres et orchid\u00e9es<\/a><\/strong><\/p>\n\n\n\n<p><a href=\"https:\/\/wp.unil.ch\/svsn\/les-champignons-microscopiques-un-monde-meconnu\/\"><strong>Les<\/strong> <strong>champignons microscopiques, un monde m\u00e9connu<\/strong><\/a><\/p>\n\n\n\n<p><strong><a href=\"https:\/\/wp.unil.ch\/svsn\/du-mammouth-au-petit-pois\/\">Du mammouth au petit pois<\/a><\/strong><\/p>\n\n\n\n<p><strong><a href=\"https:\/\/wp.unil.ch\/svsn\/la-vie-secrete-des-libellules-forestieres\/\">La vie secr\u00e8te des libellules foresti\u00e8res<\/a><\/strong><\/p>\n\n\n\n<p><a href=\"https:\/\/wp.unil.ch\/svsn\/le-gasteropode-venu-dailleurs\/\"><strong>Le gast\u00e9ropode venu d&rsquo;ailleurs<\/strong><\/a><\/p>\n\n\n\n<p><strong><a href=\"https:\/\/wp.unil.ch\/svsn\/ou-se-cachent-les-larves-de-cette-espece\/\">O\u00f9 se cachent les larves de cette esp\u00e8ce&nbsp;?<\/a><\/strong><\/p>\n\n\n\n<p><strong><a href=\"https:\/\/wp.unil.ch\/svsn\/ronces-primeveres-et-botanique-du-futur\/\">Ronces, primev\u00e8res et botanique du futur<\/a><\/strong><\/p>\n","protected":false},"excerpt":{"rendered":"<p>La Soci\u00e9t\u00e9 vaudoise des Sciences naturelles met en valeur la recherche scientifique depuis plus d\u2019un si\u00e8cle.Nos Bulletins et M\u00e9moires rassemblent des travaux rigoureux dans de nombreux domaines des sciences naturelles. Notre journaliste partenaire H\u00e9l\u00e8ne Koch propose ici une s\u00e9lection d\u2019articles<\/p>\n","protected":false},"author":1002538,"featured_media":0,"parent":0,"menu_order":0,"comment_status":"closed","ping_status":"closed","template":"","meta":{"_seopress_robots_primary_cat":"","_seopress_titles_title":"","_seopress_titles_desc":"","_seopress_robots_index":"","footnotes":""},"class_list":["post-11429","page","type-page","status-publish"],"_links":{"self":[{"href":"https:\/\/wp.unil.ch\/svsn\/wp-json\/wp\/v2\/pages\/11429","targetHints":{"allow":["GET"]}}],"collection":[{"href":"https:\/\/wp.unil.ch\/svsn\/wp-json\/wp\/v2\/pages"}],"about":[{"href":"https:\/\/wp.unil.ch\/svsn\/wp-json\/wp\/v2\/types\/page"}],"author":[{"embeddable":true,"href":"https:\/\/wp.unil.ch\/svsn\/wp-json\/wp\/v2\/users\/1002538"}],"replies":[{"embeddable":true,"href":"https:\/\/wp.unil.ch\/svsn\/wp-json\/wp\/v2\/comments?post=11429"}],"version-history":[{"count":5,"href":"https:\/\/wp.unil.ch\/svsn\/wp-json\/wp\/v2\/pages\/11429\/revisions"}],"predecessor-version":[{"id":11706,"href":"https:\/\/wp.unil.ch\/svsn\/wp-json\/wp\/v2\/pages\/11429\/revisions\/11706"}],"wp:attachment":[{"href":"https:\/\/wp.unil.ch\/svsn\/wp-json\/wp\/v2\/media?parent=11429"}],"curies":[{"name":"wp","href":"https:\/\/api.w.org\/{rel}","templated":true}]}}