{"id":11303,"date":"2025-05-20T13:24:29","date_gmt":"2025-05-20T11:24:29","guid":{"rendered":"https:\/\/wp.unil.ch\/svsn\/?page_id=11303"},"modified":"2025-09-18T09:55:43","modified_gmt":"2025-09-18T07:55:43","slug":"sortie-uvss-2025","status":"publish","type":"page","link":"https:\/\/wp.unil.ch\/svsn\/sortie-uvss-2025\/","title":{"rendered":"Sortie UVSS 2025"},"content":{"rendered":"\n<p class=\"has-text-color has-link-color has-large-font-size wp-elements-f6642fb35655ba6c0bb06bc95be0a7c8\" style=\"color:#109967\"><br><strong>Le Mus\u00e9e du Fer \u00e0 Vallorbe <\/strong><br><br><strong>et balade le long de l&rsquo;Orbe<\/strong><\/p>\n\n\n\n<p class=\"has-black-color has-text-color has-link-color has-medium-font-size wp-elements-a4a2ef4defc91fb6e148fe68ac4f315b\"><br><strong>Samedi 4 octobre 2025 \u00e0 10h &#8211; 16h<\/strong><br><br><\/p>\n\n\n\n<figure class=\"wp-block-gallery has-nested-images columns-default is-cropped wp-block-gallery-1 is-layout-flex wp-block-gallery-is-layout-flex\">\n<figure class=\"wp-block-image size-large\"><a href=\"https:\/\/wp.unil.ch\/svsn\/files\/2025\/05\/capture-decran-2025-05-20-153320-1.png\" target=\"_blank\"><img loading=\"lazy\" decoding=\"async\" width=\"392\" height=\"178\" data-id=\"11333\" src=\"https:\/\/wp.unil.ch\/svsn\/files\/2025\/05\/capture-decran-2025-05-20-153320-1.png\" alt=\"capture d'\u00e9cran 2025 05 20 153320\" class=\"wp-image-11333\" srcset=\"https:\/\/wp.unil.ch\/svsn\/files\/2025\/05\/capture-decran-2025-05-20-153320-1.png 392w, https:\/\/wp.unil.ch\/svsn\/files\/2025\/05\/capture-decran-2025-05-20-153320-1-300x136.png 300w\" sizes=\"auto, (max-width: 392px) 100vw, 392px\" \/><\/a><\/figure>\n\n\n\n<figure class=\"wp-block-image size-full\"><a href=\"https:\/\/wp.unil.ch\/svsn\/files\/2025\/05\/capture-decran-2025-05-20-153350.png\" target=\"_blank\"><img loading=\"lazy\" decoding=\"async\" width=\"402\" height=\"157\" data-id=\"11328\" src=\"https:\/\/wp.unil.ch\/svsn\/files\/2025\/05\/capture-decran-2025-05-20-153350.png\" alt=\"capture d'\u00e9cran 2025 05 20 153350\" class=\"wp-image-11328\" srcset=\"https:\/\/wp.unil.ch\/svsn\/files\/2025\/05\/capture-decran-2025-05-20-153350.png 402w, https:\/\/wp.unil.ch\/svsn\/files\/2025\/05\/capture-decran-2025-05-20-153350-300x117.png 300w\" sizes=\"auto, (max-width: 402px) 100vw, 402px\" \/><\/a><\/figure>\n\n\n\n<figure class=\"wp-block-image size-large\"><a href=\"https:\/\/wp.unil.ch\/svsn\/files\/2025\/05\/capture-decran-2025-05-20-154014.png\" target=\"_blank\"><img loading=\"lazy\" decoding=\"async\" width=\"557\" height=\"212\" data-id=\"11332\" src=\"https:\/\/wp.unil.ch\/svsn\/files\/2025\/05\/capture-decran-2025-05-20-154014.png\" alt=\"capture d'\u00e9cran 2025 05 20 154014\" class=\"wp-image-11332\" srcset=\"https:\/\/wp.unil.ch\/svsn\/files\/2025\/05\/capture-decran-2025-05-20-154014.png 557w, https:\/\/wp.unil.ch\/svsn\/files\/2025\/05\/capture-decran-2025-05-20-154014-300x114.png 300w\" sizes=\"auto, (max-width: 557px) 100vw, 557px\" \/><\/a><\/figure>\n<\/figure>\n\n\n\n<p><br><br>Cette ann\u00e9e la sortie de l&rsquo;UVSS est propos\u00e9e par la<strong> SVM &#8211; Soci\u00e9t\u00e9 vaudoise de min\u00e9ralogie<\/strong> qui a le plaisir de convier les membres de l&rsquo;UVSS \u00e0 Vallorbe <strong>au Mus\u00e9e du Fer et du Chemin de Fer de Vallorbe<\/strong>.<\/p>\n\n\n\n<p>Le mus\u00e9e du fer est une institution qui allie rigueur historique, richesse scientifique et fascination technologique. Il s\u2019inscrit dans le cadre de valorisation du patrimoine scientifique, industriel et technique, et offre une occasion unique d\u2019enrichir nos connaissances dans plusieurs disciplines fondamentales. Elle propose de plus une exposition temporaire sur le th\u00e8me <em>Fer et \u00c9nergies<\/em>, qui explore les \u00e9quilibres \u00e9nerg\u00e9tiques dans les processus de transformation du m\u00e9tal, de l\u2019antiquit\u00e9 \u00e0 l\u2019\u00e8re contemporaine<\/p>\n\n\n\n<p>Lors de cette sortie nous d\u00e9couvrions dans un premier temps au Mus\u00e9e, les gestes et le travail des forgerons et d\u00e9couvrirons les techniques ancestrales de la m\u00e9tallurgie. L&rsquo;exposition \u00ab\u00a0Fer et \u00c9nergies\u00a0\u00bb sera une plong\u00e9e dans les interactions entre le m\u00e9tal et les sources d&rsquo;\u00e9nergie.<br><br>La visite sera suivie d&rsquo;un balade guid\u00e9e le long de l&rsquo;orbe. Ce sentier nature nous m\u00e8nera<strong> <\/strong>sur les traces mill\u00e9naires de l\u2019histoire du fer. Des forges de la Ville \u00e0 l&rsquo;affinerie de Cugillon, d\u00e9couvrez les anciens sites industriels vallorbiers. La visite se terminera \u00e0 proximit\u00e9 des Fin des Grottes de Vallorbe (bus vers Vallorbe selon horaire Travys ou retour \u00e0 pied).\u00a0<\/p>\n\n\n\n<p><\/p>\n\n\n\n<figure class=\"wp-block-table\"><table class=\"has-background\" style=\"background-color:#efefef\"><tbody><tr><td><strong>D\u00c9ROULEMENT DE LA JOURN\u00c9E<\/strong><br><br><strong>10h &#8211; rendez-vous au mus\u00e9e du fer<\/strong><br><br><strong>Horaire:<\/strong> 10h \u00e0 11h30&nbsp;&nbsp;&nbsp;&nbsp;&nbsp;&nbsp;&nbsp;&nbsp;&nbsp;&nbsp;&nbsp;&nbsp;&nbsp;&nbsp;&nbsp;&nbsp;&nbsp; Visite guid\u00e9e du mus\u00e9e.<br>&nbsp;&nbsp;&nbsp;&nbsp;&nbsp;&nbsp;&nbsp;&nbsp;&nbsp;&nbsp;&nbsp;&nbsp;&nbsp;&nbsp; 12h&nbsp;&nbsp;&nbsp;&nbsp;&nbsp;&nbsp;&nbsp;&nbsp;&nbsp;&nbsp;&nbsp;&nbsp;&nbsp;&nbsp;&nbsp;&nbsp;&nbsp;&nbsp;&nbsp;&nbsp;&nbsp;&nbsp;&nbsp;&nbsp;&nbsp;&nbsp;&nbsp;&nbsp;&nbsp;&nbsp;&nbsp;&nbsp;&nbsp;&nbsp;Pique-nique tir\u00e9 des sacs<br>&nbsp;&nbsp;&nbsp;&nbsp;&nbsp;&nbsp;&nbsp;&nbsp;&nbsp;&nbsp;&nbsp;&nbsp;&nbsp;&nbsp; 13h30 \u00e0 15h 30&nbsp;&nbsp;&nbsp;&nbsp;&nbsp;&nbsp;&nbsp;&nbsp; &nbsp;&nbsp;&nbsp; Visite guid\u00e9e le long de l\u2019Orbe<br>&nbsp;&nbsp;&nbsp;&nbsp;&nbsp;&nbsp;&nbsp;&nbsp;&nbsp;&nbsp;&nbsp;&nbsp;&nbsp;&nbsp; 16h&nbsp;&nbsp;&nbsp;&nbsp;&nbsp;&nbsp;&nbsp;&nbsp;&nbsp;&nbsp;&nbsp;&nbsp;&nbsp;&nbsp;&nbsp;&nbsp;&nbsp;&nbsp;&nbsp;&nbsp;&nbsp;&nbsp;&nbsp;&nbsp;&nbsp;&nbsp;&nbsp;&nbsp;&nbsp;&nbsp;&nbsp;&nbsp;&nbsp;&nbsp;Ap\u00e9ritif offert par notre soci\u00e9t\u00e9 aux participants.<br><br><br><strong>Train: <\/strong>Le mus\u00e9e est accessible depuis la gare de Vallorbe. CFF arriv\u00e9e \u00e0 la gare de Vallorbe 9h45 depuis Lausanne.<br><strong>Bus<\/strong>: Travys &#8211; ligne 613 Yverdon &#8211; le Brassus, d\u00e9part 9h05 Yverdon &#8211; arriv\u00e9e \u00e0 9h44 \u00e0 Vallorbe poste.<br><br><strong>Parking<\/strong>: <a href=\"https:\/\/maps.app.goo.gl\/EmtSs68Wkkt7zu7L7\">https:\/\/maps.app.goo.gl\/EmtSs68Wkkt7zu7L7<\/a><\/td><\/tr><\/tbody><\/table><\/figure>\n\n\n\n<figure class=\"wp-block-table\"><table class=\"has-background\" style=\"background-color:#f0f1f2\"><tbody><tr><td><strong>INFORMATIONS<\/strong><br><strong><br>Ouvert \u00e0 tous de 0 \u00e0 99 ans<\/strong><br><strong>Gratuit:<\/strong> Seuls les frais de transport seront \u00e0 votre charge.<br><strong>A lieu par tous les temps<\/strong>: Sauf en cas d&rsquo;intemp\u00e9rie<br><strong>Equipement:<\/strong> Pique-nique, bonnes chaussures n\u00e9cessaires. Imperm\u00e9able en cas de pluie. Anti-moustiques peut \u00eatre utile.<br><strong>Renseignements: <\/strong>svsn@unil.ch ou 021 312 43 34 <br><strong>Inscription obligatoire: <\/strong>Les places sont limit\u00e9es<\/td><td><\/td><td><\/td><\/tr><\/tbody><\/table><\/figure>\n\n\n","protected":false},"excerpt":{"rendered":"<p>Le Mus\u00e9e du Fer \u00e0 Vallorbe et balade le long de l&rsquo;Orbe Samedi 4 octobre 2025 \u00e0 10h &#8211; 16h Cette ann\u00e9e la sortie de l&rsquo;UVSS est propos\u00e9e par la SVM &#8211; Soci\u00e9t\u00e9 vaudoise de min\u00e9ralogie qui a le plaisir<\/p>\n","protected":false},"author":1002538,"featured_media":0,"parent":0,"menu_order":0,"comment_status":"closed","ping_status":"closed","template":"","meta":{"_seopress_robots_primary_cat":"","_seopress_titles_title":"","_seopress_titles_desc":"","_seopress_robots_index":"","footnotes":""},"class_list":["post-11303","page","type-page","status-publish"],"_links":{"self":[{"href":"https:\/\/wp.unil.ch\/svsn\/wp-json\/wp\/v2\/pages\/11303","targetHints":{"allow":["GET"]}}],"collection":[{"href":"https:\/\/wp.unil.ch\/svsn\/wp-json\/wp\/v2\/pages"}],"about":[{"href":"https:\/\/wp.unil.ch\/svsn\/wp-json\/wp\/v2\/types\/page"}],"author":[{"embeddable":true,"href":"https:\/\/wp.unil.ch\/svsn\/wp-json\/wp\/v2\/users\/1002538"}],"replies":[{"embeddable":true,"href":"https:\/\/wp.unil.ch\/svsn\/wp-json\/wp\/v2\/comments?post=11303"}],"version-history":[{"count":5,"href":"https:\/\/wp.unil.ch\/svsn\/wp-json\/wp\/v2\/pages\/11303\/revisions"}],"predecessor-version":[{"id":11589,"href":"https:\/\/wp.unil.ch\/svsn\/wp-json\/wp\/v2\/pages\/11303\/revisions\/11589"}],"wp:attachment":[{"href":"https:\/\/wp.unil.ch\/svsn\/wp-json\/wp\/v2\/media?parent=11303"}],"curies":[{"name":"wp","href":"https:\/\/api.w.org\/{rel}","templated":true}]}}