{"id":11282,"date":"2025-05-20T09:27:03","date_gmt":"2025-05-20T07:27:03","guid":{"rendered":"https:\/\/wp.unil.ch\/svsn\/?page_id=11282"},"modified":"2025-09-23T15:15:28","modified_gmt":"2025-09-23T13:15:28","slug":"conference-academique-prof-farhad-rachidi","status":"publish","type":"page","link":"https:\/\/wp.unil.ch\/svsn\/conference-academique-prof-farhad-rachidi\/","title":{"rendered":"Conf\u00e9rence acad\u00e9mique &#8211; Prof. Farhad Rachidi"},"content":{"rendered":"\n<p><a href=\"https:\/\/www.epfl.ch\/labs\/emc\/\">Laboratoire de Compatibilit\u00e9 \u00c9lectromagn\u00e9tique de l\u2019EPFL.<\/a><br><br><strong>Conf\u00e9rence acad\u00e9mique<br>en partenariat avec la<\/strong><br><br><\/p>\n\n\n\n<figure class=\"wp-block-image size-large is-resized\"><img decoding=\"async\" src=\"https:\/\/wp.unil.ch\/svsn\/files\/2018\/11\/SAV-logo.jpg\" alt=\"\" style=\"width:218px;height:66px\" \/><\/figure>\n\n\n\n<p><strong>Le mercredi 26 novembre \u00e0 18h30 <\/strong><br>En pr\u00e9sentiel<br><strong>Auditoire Narbel du Palais de Rumine (5<sup>\u00e8me<\/sup> \u00e9tage)<\/strong><br>et \u00e9galement<br>Online Lien d\u2019invitation<\/p>\n\n\n\n<p>Lien d\u2019invitation <a href=\"https:\/\/unil.zoom.us\/j\/8689971958?omn=93555499081\"><strong>https:\/\/unil.zoom.us\/j\/8689971958?omn=93555499081<\/strong><\/a><\/p>\n\n\n\n<p class=\"has-text-color has-link-color has-large-font-size wp-elements-b97fe0ccad2437a2fa84ed3c0c6c37a1\" style=\"color:#4eb24e\"><strong>Le Mont S\u00e4ntis : <\/strong><br><br><br><strong>Un site exceptionnel d\u00e9di\u00e9 <\/strong><br><br><strong>\u00e0 l\u2019\u00e9tude des ph\u00e9nom\u00e8nes orageux<\/strong><\/p>\n\n\n\n<figure class=\"wp-block-image size-large\"><img decoding=\"async\" src=\"https:\/\/wp.unil.ch\/svsn\/files\/2025\/05\/santis.png\" alt=\"\" \/><\/figure>\n\n\n\n<p>En 1752, Benjamin Franklin ouvrait un nouveau champ de recherche en r\u00e9alisant sa c\u00e9l\u00e8bre exp\u00e9rience du cerf-volant, d\u00e9montrant ainsi la nature \u00e9lectrique de la foudre. Plus de deux cent cinquante ans plus tard, malgr\u00e9 d\u2019importants efforts scientifiques et des avanc\u00e9es significatives, certains des processus physiques les plus fondamentaux li\u00e9s \u00e0 la foudre demeurent \u00e9nigmatiques et mal compris.<\/p>\n\n\n\n<p>Dans ce domaine de recherche, la Suisse occupe une place centrale, gr\u00e2ce \u00e0 une combinaison unique de contributions scientifiques, de technologie de pointe et de sites naturels exceptionnels.<\/p>\n\n\n\n<p>Depuis les ann\u00e9es 1950 jusqu\u2019aux ann\u00e9es 1970, le Professeur Karl Berger de l\u2019ETHZ et son \u00e9quipe ont men\u00e9 des recherches pionni\u00e8res sur la foudre en installant des capteurs sur deux tours au sommet du mont San Salvatore, dans le sud de la Suisse. Gr\u00e2ce \u00e0 ces travaux, on a pu mieux comprendre les caract\u00e9ristiques du courant de foudre et poser les bases de la classification des diff\u00e9rents types d\u2019\u00e9clairs. Les r\u00e9sultats obtenus par le Professeur Berger et son \u00e9quipe ont toutefois souffert des limitations technologiques des instruments de l\u2019\u00e9poque, notamment une bande passante limit\u00e9e.<\/p>\n\n\n\n<p>Un demi-si\u00e8cle plus tard, en 2009, un nouveau projet a \u00e9t\u00e9 lanc\u00e9 avec le soutien du Fonds national suisse de la recherche scientifique et des programmes de recherche europ\u00e9ens. Cette fois, c\u2019est la tour S\u00e4ntis, haute de 124 m\u00e8tres et situ\u00e9e \u00e0 2500 m\u00e8tres d\u2019altitude, qui a \u00e9t\u00e9 choisie. Cette tour est frapp\u00e9e par la foudre plus de 100 fois par an, ce qui en fait un lieu id\u00e9al pour l\u2019\u00e9tude de ce ph\u00e9nom\u00e8ne impressionnant.<\/p>\n\n\n\n<p>Depuis le d\u00e9but des ann\u00e9es 2010, cette tour est \u00e9quip\u00e9e de capteurs tr\u00e8s sophistiqu\u00e9s : appareils de mesure du courant, cam\u00e9ras ultra-rapides, capteurs de rayons X, stations de mesure du champ \u00e9lectromagn\u00e9tique, et bien plus encore.<\/p>\n\n\n\n<p>En plus de dix ans, plus de 1000 \u00e9clairs ont \u00e9t\u00e9 enregistr\u00e9s, ce qui repr\u00e9sente la plus grande base de donn\u00e9es au monde sur les \u00e9clairs de type ascendants. Ces donn\u00e9es ont permis d\u2019am\u00e9liorer notre compr\u00e9hension des d\u00e9charges orageuses et des m\u00e9canismes physiques sous-jacents.<\/p>\n\n\n\n<p>Dans cette pr\u00e9sentation, nous proposerons un aper\u00e7u de ce laboratoire alpin ainsi qu\u2019un r\u00e9sum\u00e9 des principaux r\u00e9sultats obtenus \u00e0 partir des donn\u00e9es collect\u00e9es sur le site. Nous mettrons notamment en lumi\u00e8re une campagne exp\u00e9rimentale men\u00e9e en 2021, dans le cadre d\u2019un projet europ\u00e9en, visant \u00e0 \u00e9valuer la possibilit\u00e9 de guider et d\u2019initier la foudre \u00e0 l\u2019aide de lasers de haute puissance.<\/p>\n\n\n\n<p>Biographie:<\/p>\n\n\n\n<p>Apr\u00e8s un doctorat \u00e0 l\u2019EPFL, Farhad Rachidi a poursuivi ses recherches en tant que postdoctorant \u00e0 l\u2019Universit\u00e9 de Floride et \u00e0 l\u2019Universit\u00e9 de Toronto. Il a notamment particip\u00e9 \u00e0 plusieurs campagnes de mesure au Kennedy Space Center de la NASA, portant sur le d\u00e9clenchement artificiel de la foudre.<br>De retour en Suisse en 1998, il a effectu\u00e9 un bref passage dans l\u2019industrie chez Montena Technologies \u00e0 Rossens, avant d\u2019\u00eatre nomm\u00e9 Ma\u00eetre d\u2019Enseignement et de Recherche, puis Professeur Titulaire et directeur du Laboratoire de Compatibilit\u00e9 \u00c9lectromagn\u00e9tique \u00e0 l\u2019EPFL.<br>Il y dirige plusieurs projets de recherche, notamment sur la mod\u00e9lisation et la caract\u00e9risation de la foudre et de ses effets \u00e9lectromagn\u00e9tiques, ainsi que sur la protection des syst\u00e8mes \u00e9lectriques et \u00e9lectroniques contre ces ph\u00e9nom\u00e8nes.<\/p>\n\n\n\n<figure class=\"wp-block-table\"><table class=\"has-background has-fixed-layout\" style=\"background-color:#eeeeee\"><tbody><tr><td><strong>Date:<\/strong> le jeudi 26 novembre<br><strong>Horaire: <\/strong>18h30<strong><br>Lieu: <\/strong>Auditoire Narbel du Palais de Rumine (5\u00e8me \u00e9tage)<br><strong>Online: <a href=\"https:\/\/unil.zoom.us\/j\/8689971958?omn=93555499081\"> <\/a> <\/strong><a href=\"https:\/\/unil.zoom.us\/j\/8689971958?omn=93555499081\">https:\/\/unil.zoom.us\/j\/8689971958?omn=93555499081 <\/a><strong><br>Ouvert \u00e0 tous<br>Gratuit<\/strong><br><strong>Ap\u00e9ritif offert par la SAV<\/strong><\/td><\/tr><\/tbody><\/table><\/figure>\n\n\n\n<p><\/p>\n","protected":false},"excerpt":{"rendered":"<p>Laboratoire de Compatibilit\u00e9 \u00c9lectromagn\u00e9tique de l\u2019EPFL. Conf\u00e9rence acad\u00e9miqueen partenariat avec la Le mercredi 26 novembre \u00e0 18h30 En pr\u00e9sentielAuditoire Narbel du Palais de Rumine (5\u00e8me \u00e9tage)et \u00e9galementOnline Lien d\u2019invitation Lien d\u2019invitation https:\/\/unil.zoom.us\/j\/8689971958?omn=93555499081 Le Mont S\u00e4ntis : Un site exceptionnel d\u00e9di\u00e9<\/p>\n","protected":false},"author":1002538,"featured_media":0,"parent":0,"menu_order":0,"comment_status":"closed","ping_status":"closed","template":"","meta":{"_seopress_robots_primary_cat":"","_seopress_titles_title":"","_seopress_titles_desc":"","_seopress_robots_index":"","footnotes":""},"class_list":["post-11282","page","type-page","status-publish"],"_links":{"self":[{"href":"https:\/\/wp.unil.ch\/svsn\/wp-json\/wp\/v2\/pages\/11282","targetHints":{"allow":["GET"]}}],"collection":[{"href":"https:\/\/wp.unil.ch\/svsn\/wp-json\/wp\/v2\/pages"}],"about":[{"href":"https:\/\/wp.unil.ch\/svsn\/wp-json\/wp\/v2\/types\/page"}],"author":[{"embeddable":true,"href":"https:\/\/wp.unil.ch\/svsn\/wp-json\/wp\/v2\/users\/1002538"}],"replies":[{"embeddable":true,"href":"https:\/\/wp.unil.ch\/svsn\/wp-json\/wp\/v2\/comments?post=11282"}],"version-history":[{"count":5,"href":"https:\/\/wp.unil.ch\/svsn\/wp-json\/wp\/v2\/pages\/11282\/revisions"}],"predecessor-version":[{"id":11623,"href":"https:\/\/wp.unil.ch\/svsn\/wp-json\/wp\/v2\/pages\/11282\/revisions\/11623"}],"wp:attachment":[{"href":"https:\/\/wp.unil.ch\/svsn\/wp-json\/wp\/v2\/media?parent=11282"}],"curies":[{"name":"wp","href":"https:\/\/api.w.org\/{rel}","templated":true}]}}