{"id":374,"date":"2020-07-24T11:07:02","date_gmt":"2020-07-24T09:07:02","guid":{"rendered":"http:\/\/wp.unil.ch\/societenature\/?page_id=374"},"modified":"2021-04-28T14:20:21","modified_gmt":"2021-04-28T12:20:21","slug":"quand-lecologie-entre-en-ville","status":"publish","type":"page","link":"https:\/\/wp.unil.ch\/societenature\/quand-lecologie-entre-en-ville\/","title":{"rendered":"Quand l\u2019\u00e9cologie entre en ville. Imaginaires, production et puissance instituante de l\u2019\u00e9cologie urbaine en Suisse"},"content":{"rendered":"\n<p><em>Fonds national Suisse (FNS) 2018-2022<\/em><\/p>\n\n\n\n<h2 class=\"wp-block-heading\">Description du projet<\/h2>\n\n\n\n<p>En 2015, les deux premi\u00e8res chaires professorales d&rsquo;\u00e9cologie urbaine ont \u00e9t\u00e9 cr\u00e9\u00e9es en Suisse. Elles symbolisent un moment d&rsquo;institutionnalisation d&rsquo;un domaine de recherche jusqu&rsquo;alors mineur dans ce pays par rapport \u00e0 d&rsquo;autres contextes nationaux. Apr\u00e8s avoir longtemps privil\u00e9gi\u00e9 l&rsquo;\u00e9tude des environnements non urbains, la science \u00e9cologique accorde une attention renouvel\u00e9e aux villes.<\/p>\n\n\n\n<p>Cependant, en particulier en Suisse, la production de connaissances en \u00e9cologie urbaine est encore marginale et fragment\u00e9e. La grande majorit\u00e9 des publications dans le domaine de l&rsquo;\u00e9cologie scientifique se concentre sur des zones hors de la ville qui sont suppos\u00e9es \u00eatre pr\u00e9serv\u00e9es de l&rsquo;influence humaine ou moins \u00ab\u00a0artificielles\u00a0\u00bb. En raison de ce \u00ab\u00a0biais urbain\u00a0\u00bb, la ville appara\u00eet actuellement comme une (relative) inconnue en \u00e9cologie.<\/p>\n\n\n\n<p>Alors que la recherche \u00e9cologique s&rsquo;engage de plus en plus en ville et produit des cadres conceptuels et des connaissances empiriques sur l&rsquo;environnement b\u00e2ti, elle cherche en m\u00eame temps \u00e0 faciliter la mise en \u0153uvre de strat\u00e9gies urbaines (\u00e9cologisation des pratiques gestion des espaces verts, contr\u00f4le des esp\u00e8ces&#8230;). Ces processus doivent \u00eatre analys\u00e9s afin de comprendre comment les scientifiques et les connaissances \u00e9cologiques influencent la production de l&rsquo;espace urbain.<\/p>\n\n\n\n<p>Ce projet explore les cultures de la nature, les processus \u00e9pist\u00e9miques et institutionnels qui ont jusqu\u2019\u00e0 pr\u00e9sent limit\u00e9, et contribuent d\u00e9sormais \u00e0 l\u2019urbanisation de la production de connaissances \u00e9cologiques et \u00e0 l&rsquo;engagement des \u00e9cologues pour des villes plus vivables en Suisse.<\/p>\n\n\n\n<p>Pour comprendre les r\u00e9gimes de production de l\u2019\u00e9cologie urbaine en Suisse, trois entr\u00e9es principales et questionnements sont privil\u00e9gi\u00e9s :<\/p>\n\n\n\n<figure class=\"wp-block-table\"><table><tbody><tr><td>Entr\u00e9e 1<\/td><td>Imaginaires naturalistes : Qu\u2019est-ce que la ville chez les naturalistes ?<\/td><\/tr><tr><td>Entr\u00e9e 2<\/td><td>Construction du savoir : Qu\u2019est-ce que la ville fait \u00e0 l\u2019\u00e9cologie ?<\/td><\/tr><tr><td>Entr\u00e9e 3<\/td><td>Puissance instituante : Qu\u2019est-ce que l\u2019\u00e9cologie fait \u00e0 la ville ?<\/td><\/tr><\/tbody><\/table><\/figure>\n\n\n\n<div class=\"wp-block-image\"><figure class=\"aligncenter\"><a href=\"https:\/\/wp.unil.ch\/societenature\/files\/2019\/12\/entrees.jpg\"><img alt=\"\" loading=\"lazy\" decoding=\"async\" width=\"272\" height=\"300\" src=\"https:\/\/wp.unil.ch\/societenature\/files\/2019\/12\/entrees-272x300.jpg\" alt=\"\" class=\"wp-image-380\" srcset=\"https:\/\/wp.unil.ch\/societenature\/files\/2019\/12\/entrees-272x300.jpg 272w, https:\/\/wp.unil.ch\/societenature\/files\/2019\/12\/entrees-768x847.jpg 768w, https:\/\/wp.unil.ch\/societenature\/files\/2019\/12\/entrees-200x220.jpg 200w, https:\/\/wp.unil.ch\/societenature\/files\/2019\/12\/entrees.jpg 858w\" sizes=\"auto, (max-width: 272px) 100vw, 272px\" \/><\/a><\/figure><\/div>\n\n\n\n<p>En suivant une approche inspir\u00e9e des Science and Technology Studies, le recueil des donn\u00e9es se fera via une enqu\u00eate par entretiens qualitatifs avec des chercheurs et des acteurs urbains, des observations participantes du travail de terrain des chercheurs, ainsi que l\u2019analyse textuelle de sources \u00e9crites.<\/p>\n\n\n\n<p>Les r\u00e9sultats du projet donneront lieu \u00e0 la publication d\u2019articles dans des revues dans les domaines STS et des rapports soci\u00e9t\u00e9s-nature et d\u2019un ouvrage collectif sur l\u2019histoire de l\u2019\u00e9cologie urbaine en Suisse et sa mise en perspective avec d\u2019autres cultures \u00e9pist\u00e9miques.<\/p>\n\n\n\n<figure class=\"wp-block-image\"><a href=\"https:\/\/wp.unil.ch\/societenature\/files\/2020\/07\/programme-1.jpg\"><img alt=\"\" loading=\"lazy\" decoding=\"async\" width=\"1024\" height=\"402\" src=\"https:\/\/wp.unil.ch\/societenature\/files\/2020\/07\/programme-1-1024x402.jpg\" alt=\"\" class=\"wp-image-393\" srcset=\"https:\/\/wp.unil.ch\/societenature\/files\/2020\/07\/programme-1-1024x402.jpg 1024w, https:\/\/wp.unil.ch\/societenature\/files\/2020\/07\/programme-1-300x118.jpg 300w, https:\/\/wp.unil.ch\/societenature\/files\/2020\/07\/programme-1-768x301.jpg 768w, https:\/\/wp.unil.ch\/societenature\/files\/2020\/07\/programme-1-561x220.jpg 561w, https:\/\/wp.unil.ch\/societenature\/files\/2020\/07\/programme-1.jpg 1400w\" sizes=\"auto, (max-width: 1024px) 100vw, 1024px\" \/><\/a><\/figure>\n\n\n\n<hr class=\"wp-block-separator\" \/>\n\n\n\n<h2 class=\"wp-block-heading\"><a href=\"https:\/\/wp.unil.ch\/societenature\/2020\/01\/colloque-international-quand-lecologie-entre-en-ville\/\">Colloque international<\/a><\/h2>\n\n\n<ul class=\"wp-block-latest-posts__list wp-block-latest-posts\"><li><div class=\"wp-block-latest-posts__featured-image alignleft\"><img loading=\"lazy\" decoding=\"async\" width=\"150\" height=\"150\" src=\"https:\/\/wp.unil.ch\/societenature\/files\/2020\/01\/Reference-150x150.jpg\" class=\"attachment-thumbnail size-thumbnail wp-post-image\" alt=\"\" style=\"\" srcset=\"https:\/\/wp.unil.ch\/societenature\/files\/2020\/01\/Reference-150x150.jpg 150w, https:\/\/wp.unil.ch\/societenature\/files\/2020\/01\/Reference-90x90.jpg 90w\" sizes=\"auto, (max-width: 150px) 100vw, 150px\" \/><\/div><a class=\"wp-block-latest-posts__post-title\" href=\"https:\/\/wp.unil.ch\/societenature\/2020\/01\/colloque-international-quand-lecologie-entre-en-ville\/\">Colloque international \u00ab Quand l\u2019\u00e9cologie entre en ville \u00bb<\/a><div class=\"wp-block-latest-posts__post-excerpt\">23-25 janvier 2019 &#8211; Universit\u00e9 de Lausanne\r\nL\u2019\u00e9cologie urbaine a connu une importante expansion ces derni\u00e8res ann\u00e9es. Qu\u2019elle se focalise sur les espaces verts en ville ou sur la ville comme \u2018anthropo-\u00e9cosyst\u00e8me\u2019 dans son ensemble, l\u2019\u00e9cologie urbaine est appel\u00e9e \u00e0 jouer un r\u00f4le croissant non seulement dans la connaissance mais aussi dans la gestion et l\u2019am\u00e9nagement des villes. Pourtant, l\u2019int\u00e9r\u00eat des sciences de la conservation pour la ville demeure encore tr\u00e8s relatif. La majorit\u00e9 des publications dans ce domaine se concentre toujours sur les espaces \u00e9loign\u00e9s de la ville et suppos\u00e9s les plus pr\u00e9serv\u00e9s de l\u2019influence anthropique. La ville constitue encore un (relatif) impens\u00e9 de l\u2019\u00e9cologie. Ce colloque se focalise sur la mani\u00e8re dont l\u2019\u00e9cologie scientifique se saisit de la question urbaine.<\/div><\/li>\n<\/ul>\n\n\n<hr class=\"wp-block-separator\" \/>\n\n\n\n<h2 class=\"wp-block-heading\">Equipe de recherche<\/h2>\n\n\n\n<p><\/p>\n\n\n\n<figure class=\"wp-block-gallery columns-1 is-cropped wp-block-gallery-1 is-layout-flex wp-block-gallery-is-layout-flex\"><ul class=\"blocks-gallery-grid\"><li class=\"blocks-gallery-item\"><figure><a href=\"https:\/\/wp.unil.ch\/societenature\/files\/2021\/03\/equipe-1.jpg\"><img alt=\"\" loading=\"lazy\" decoding=\"async\" width=\"1024\" height=\"535\" src=\"https:\/\/wp.unil.ch\/societenature\/files\/2021\/03\/equipe-1-1024x535.jpg\" alt=\"\" data-id=\"462\" data-full-url=\"https:\/\/wp.unil.ch\/societenature\/files\/2021\/03\/equipe-1.jpg\" data-link=\"https:\/\/wp.unil.ch\/societenature\/quand-lecologie-entre-en-ville-imaginaires-production-et-puissance-instituante-de-lecologie-urbaine-en-suisse\/equipe-1\/\" class=\"wp-image-462\" srcset=\"https:\/\/wp.unil.ch\/societenature\/files\/2021\/03\/equipe-1-1024x535.jpg 1024w, https:\/\/wp.unil.ch\/societenature\/files\/2021\/03\/equipe-1-300x157.jpg 300w, https:\/\/wp.unil.ch\/societenature\/files\/2021\/03\/equipe-1-768x402.jpg 768w, https:\/\/wp.unil.ch\/societenature\/files\/2021\/03\/equipe-1-1536x803.jpg 1536w, https:\/\/wp.unil.ch\/societenature\/files\/2021\/03\/equipe-1.jpg 1920w\" sizes=\"auto, (max-width: 1024px) 100vw, 1024px\" \/><\/a><\/figure><\/li><\/ul><figcaption class=\"blocks-gallery-caption\">M. Moretti, C. Granjou, J. Salomon Cavin, C. Kull, V. Boisvert, M. Chalmandrier et S. Flaminio<\/figcaption><\/figure>\n\n\n\n<p><strong>Requ\u00e9rante principale<\/strong>&nbsp;: Jo\u00eblle Salomon Cavin (IGD, UNIL)<\/p>\n\n\n\n<p><strong>Collaboratrices<\/strong>&nbsp;: Maud Chalmandrier (IGD, UNIL) &amp; Silvia Flaminio (IGD, UNIL)<\/p>\n\n\n\n<p><strong>Partenaires\u00a0<\/strong>\u00a0: Val\u00e9rie Boisvert (IGD, UNIL), Christian Kull (IGD, UNIL), C\u00e9line Granjou (Univ. Grenoble Alpes &#8211; INRAE), Marco Moretti (WSL Birmensdorf)<\/p>\n\n\n\n<div class=\"wp-block-columns is-layout-flex wp-container-core-columns-is-layout-9d6595d7 wp-block-columns-is-layout-flex\">\n<div class=\"wp-block-column is-layout-flow wp-block-column-is-layout-flow\">\n<div class=\"wp-block-image\"><figure class=\"alignleft\"><a href=\"https:\/\/www.unil.ch\/igd\/fr\/home.html\"><img alt=\"\" loading=\"lazy\" decoding=\"async\" width=\"300\" height=\"156\" src=\"https:\/\/wp.unil.ch\/societenature\/files\/2020\/01\/Logo_IGD-300x156.png\" alt=\"\" class=\"wp-image-299\" srcset=\"https:\/\/wp.unil.ch\/societenature\/files\/2020\/01\/Logo_IGD-300x156.png 300w, https:\/\/wp.unil.ch\/societenature\/files\/2020\/01\/Logo_IGD.png 341w\" sizes=\"auto, (max-width: 300px) 100vw, 300px\" \/><\/a><\/figure><\/div>\n<\/div>\n\n\n\n<div class=\"wp-block-column is-layout-flow wp-block-column-is-layout-flow\">\n<div class=\"wp-block-image\"><figure class=\"aligncenter is-resized\"><a href=\"https:\/\/www.wsl.ch\/en\/index.html\"><img alt=\"\" loading=\"lazy\" decoding=\"async\" src=\"https:\/\/wp.unil.ch\/societenature\/files\/2020\/01\/wsl-logo_0.png\" alt=\"\" class=\"wp-image-300\" width=\"120\" height=\"120\" srcset=\"https:\/\/wp.unil.ch\/societenature\/files\/2020\/01\/wsl-logo_0.png 240w, https:\/\/wp.unil.ch\/societenature\/files\/2020\/01\/wsl-logo_0-150x150.png 150w, https:\/\/wp.unil.ch\/societenature\/files\/2020\/01\/wsl-logo_0-90x90.png 90w, https:\/\/wp.unil.ch\/societenature\/files\/2020\/01\/wsl-logo_0-220x220.png 220w\" sizes=\"auto, (max-width: 120px) 100vw, 120px\" \/><\/a><\/figure><\/div>\n<\/div>\n\n\n\n<div class=\"wp-block-column is-layout-flow wp-block-column-is-layout-flow\">\n<div class=\"wp-block-image\"><figure class=\"alignright\"><a href=\"https:\/\/www.inrae.fr\/\"><img alt=\"\" loading=\"lazy\" decoding=\"async\" width=\"231\" height=\"58\" src=\"https:\/\/wp.unil.ch\/societenature\/files\/2020\/01\/logo.png\" alt=\"\" class=\"wp-image-340\" \/><\/a><\/figure><\/div>\n<\/div>\n<\/div>\n","protected":false},"excerpt":{"rendered":"<p>Fonds national Suisse (FNS) 2018-2022 Description du projet En 2015, les deux premi\u00e8res chaires professorales d&rsquo;\u00e9cologie urbaine ont \u00e9t\u00e9 cr\u00e9\u00e9es en Suisse. Elles symbolisent un moment d&rsquo;institutionnalisation d&rsquo;un domaine de &hellip; <\/p>\n","protected":false},"author":108,"featured_media":290,"parent":0,"menu_order":0,"comment_status":"closed","ping_status":"closed","template":"","meta":{"_seopress_robots_primary_cat":"","_seopress_titles_title":"","_seopress_titles_desc":"","_seopress_robots_index":"","footnotes":""},"class_list":["post-374","page","type-page","status-publish","has-post-thumbnail"],"_links":{"self":[{"href":"https:\/\/wp.unil.ch\/societenature\/wp-json\/wp\/v2\/pages\/374","targetHints":{"allow":["GET"]}}],"collection":[{"href":"https:\/\/wp.unil.ch\/societenature\/wp-json\/wp\/v2\/pages"}],"about":[{"href":"https:\/\/wp.unil.ch\/societenature\/wp-json\/wp\/v2\/types\/page"}],"author":[{"embeddable":true,"href":"https:\/\/wp.unil.ch\/societenature\/wp-json\/wp\/v2\/users\/108"}],"replies":[{"embeddable":true,"href":"https:\/\/wp.unil.ch\/societenature\/wp-json\/wp\/v2\/comments?post=374"}],"version-history":[{"count":0,"href":"https:\/\/wp.unil.ch\/societenature\/wp-json\/wp\/v2\/pages\/374\/revisions"}],"wp:featuredmedia":[{"embeddable":true,"href":"https:\/\/wp.unil.ch\/societenature\/wp-json\/wp\/v2\/media\/290"}],"wp:attachment":[{"href":"https:\/\/wp.unil.ch\/societenature\/wp-json\/wp\/v2\/media?parent=374"}],"curies":[{"name":"wp","href":"https:\/\/api.w.org\/{rel}","templated":true}]}}