{"id":2,"date":"2016-05-11T11:08:25","date_gmt":"2016-05-11T09:08:25","guid":{"rendered":"http:\/\/wp.unil.ch\/sherpa\/?page_id=2"},"modified":"2022-01-24T19:08:16","modified_gmt":"2022-01-24T18:08:16","slug":"a-propos","status":"publish","type":"page","link":"https:\/\/wp.unil.ch\/sherpa\/a-propos\/","title":{"rendered":"\u00c0 propos"},"content":{"rendered":"<div class=\"su-quote su-quote-style-default\"><div class=\"su-quote-inner su-u-clearfix su-u-trim\">Pour que les \u00e9tudiant\u00b7e\u00b7s n&rsquo;\u00e9chouent pas pour de mauvaises raisons&#8230;<\/div><\/div>\n<p style=\"text-align: right\">Jacques Lanar\u00e8s <a href=\"https:\/\/wp.unil.ch\/allezsavoir\/comment-lunil-amortit-le-choc-de-la-premiere-annee\/\" target=\"_blank\" rel=\"noopener\">(Source)<\/a><\/p>\n<h3>Pourquoi Sherpa?<\/h3>\n<p>On a toutes et tous en t\u00eate l&rsquo;image du <em>sherpa<\/em>, qui guide les alpinistes \u00e0 l&rsquo;assaut des plus hauts sommets. L&rsquo;id\u00e9e c&rsquo;est que tout comme les sherpas, les ressources propos\u00e9es dans cette webapplication puissent servir de guide, de soutien aux tutor\u00e9s, mentees et autres \u00e9tudiant\u00b7e\u00b7s&nbsp;qui la consultent.<\/p>\n<h3>L&rsquo;expertise des tuteurs et mentors: notre cl\u00e9<\/h3>\n<p>Pour \u00eatre au plus pr\u00e8s de la r\u00e9alit\u00e9 des \u00e9tudiant\u00b7e\u00b7s, Sherpa a mis en place une collaboration \u00e9troite avec les tuteurs et les mentors de l&rsquo;Unil. Cette webapp est d&rsquo;ailleurs n\u00e9e comme une r\u00e9ponse \u00e0 leur demande de cr\u00e9ation de ressources pour leurs accompagnements. Certaines associations \u00e9tudiantes ont \u00e9galement propos\u00e9 d\u2019en \u00eatre porteuses.<\/p>\n<h3>Des petites pierres sur le chemin&#8230;<\/h3>\n<p>Les \u00e9tudiant\u00b7e\u00b7s sherpas laissent de petites pierres sur le chemin des&nbsp;tutor\u00e9s, mentees et autres apprenti\u00b7e\u00b7s \u00e9tudiant\u00b7e\u00b7s &#8211; afin de leur signaler les astuces&nbsp;qui font la diff\u00e9rence&nbsp;tout au long de leur parcours universitaire.<\/p>\n<h3>Qui se cache derri\u00e8re cette webapp?<\/h3>\n<p>Les tuteurs, mentors et autres volontaires pour fournir leurs pr\u00e9cieux conseils et astuces pour les \u00e9tudes.<\/p>\n<h3>R\u00e9alisation technique: une webapplication<\/h3>\n<p>Les ressources des sherpas sont&nbsp;rassembl\u00e9es&nbsp;dans une webapplication (h\u00e9berg\u00e9e par un site wordpress). Cela permet \u00e0 Sherpa&nbsp;de figurer&nbsp;sur l&rsquo;\u00e9cran d&rsquo;accueil des smartphones, mais aussi de s&rsquo;adapter \u00e0 tous les \u00e9crans (smartphones, tablettes, ordinateurs).<\/p>\n<p>Ajouter Sherpa sur l&rsquo;\u00e9cran d&rsquo;accueil de ton smartphone:<\/p>\n<p><img decoding=\"async\" style=\"width: 280px;height: 380px\" src=\"\/sherpa\/files\/2016\/08\/output_XH73vy.gif\" alt=\"Sherpa Web-App\"><\/p>\n","protected":false},"excerpt":{"rendered":"<p>Jacques Lanar\u00e8s (Source) Pourquoi Sherpa? On a toutes et tous en t\u00eate l&rsquo;image du sherpa, qui guide les alpinistes \u00e0 l&rsquo;assaut des plus hauts sommets. L&rsquo;id\u00e9e c&rsquo;est que tout comme les sherpas, les ressources propos\u00e9es dans cette webapplication puissent servir<\/p>\n","protected":false},"author":108,"featured_media":0,"parent":0,"menu_order":3,"comment_status":"closed","ping_status":"closed","template":"","meta":{"_seopress_robots_primary_cat":"","_seopress_titles_title":"","_seopress_titles_desc":"","_seopress_robots_index":"","footnotes":"","_links_to":"","_links_to_target":""},"class_list":["post-2","page","type-page","status-publish"],"_links":{"self":[{"href":"https:\/\/wp.unil.ch\/sherpa\/wp-json\/wp\/v2\/pages\/2","targetHints":{"allow":["GET"]}}],"collection":[{"href":"https:\/\/wp.unil.ch\/sherpa\/wp-json\/wp\/v2\/pages"}],"about":[{"href":"https:\/\/wp.unil.ch\/sherpa\/wp-json\/wp\/v2\/types\/page"}],"author":[{"embeddable":true,"href":"https:\/\/wp.unil.ch\/sherpa\/wp-json\/wp\/v2\/users\/108"}],"replies":[{"embeddable":true,"href":"https:\/\/wp.unil.ch\/sherpa\/wp-json\/wp\/v2\/comments?post=2"}],"version-history":[{"count":0,"href":"https:\/\/wp.unil.ch\/sherpa\/wp-json\/wp\/v2\/pages\/2\/revisions"}],"wp:attachment":[{"href":"https:\/\/wp.unil.ch\/sherpa\/wp-json\/wp\/v2\/media?parent=2"}],"curies":[{"name":"wp","href":"https:\/\/api.w.org\/{rel}","templated":true}]}}