{"id":16,"date":"2016-08-13T13:59:13","date_gmt":"2016-08-13T11:59:13","guid":{"rendered":"http:\/\/wp.unil.ch\/sherpa\/?page_id=16"},"modified":"2021-03-02T17:32:57","modified_gmt":"2021-03-02T16:32:57","slug":"les-ressources","status":"publish","type":"page","link":"https:\/\/wp.unil.ch\/sherpa\/","title":{"rendered":"Conseils de sherpas"},"content":{"rendered":"<h3>Septembre: Pr\u00eat\u00b7e\u00b7s pour la rentr\u00e9e?<\/h3>\n<p>Les conseils de nos sherpas pour une rentr\u00e9e en douceur:<\/p>\n<div class=\"su-row\">\n<div class=\"su-column su-column-size-1-2\"><div class=\"su-column-inner su-u-clearfix su-u-trim\">\n<p><a href=\"https:\/\/wp.unil.ch\/sherpa\/aller-aux-cours\/\"> <img alt=\"\" loading=\"lazy\" decoding=\"async\" class=\"alignnone wp-image-80 size-medium\" src=\"https:\/\/wp.unil.ch\/sherpa\/files\/2016\/08\/etre-present-e-aux-cours.jpg\" width=\"300\" height=\"263\"> <\/a><\/p>\n<\/div><\/div>\n<div class=\"su-column su-column-size-1-2\"><div class=\"su-column-inner su-u-clearfix su-u-trim\">\n<p><a href=\"https:\/\/wp.unil.ch\/sherpa\/ne-pas-sisoler\/\"> <img alt=\"\" loading=\"lazy\" decoding=\"async\" class=\"alignnone wp-image-80 size-medium\" src=\"https:\/\/wp.unil.ch\/sherpa\/files\/2016\/08\/etablir-des-relations.jpg\" width=\"300\" height=\"263\"> <\/a><\/p>\n<\/div><\/div>\n<\/div>\n<div class=\"su-row\">\n<div class=\"su-column su-column-size-1-2\"><div class=\"su-column-inner su-u-clearfix su-u-trim\">\n<p><a href=\"https:\/\/wp.unil.ch\/sherpa\/la-vie-estudiantine\/\"><img alt=\"\" loading=\"lazy\" decoding=\"async\" class=\"alignnone wp-image-78 size-medium\" src=\"https:\/\/wp.unil.ch\/sherpa\/files\/2016\/08\/s-adapter-a-la-vie-universitaire.jpg\" width=\"300\" height=\"263\"><\/a><\/p>\n<\/div><\/div>\n<div class=\"su-column su-column-size-1-2\"><div class=\"su-column-inner su-u-clearfix su-u-trim\">\n<\/div><\/div>\n<\/div>\n<hr>\n<h3>Octobre et novembre: Pers\u00e9v\u00e9rer!<\/h3>\n<p>Les conseils de nos sherpas ont \u00e9t\u00e9 regroup\u00e9s sous&nbsp;trois entr\u00e9es:<\/p>\n<div class=\"su-row\">\n<div class=\"su-column su-column-size-1-2\"><div class=\"su-column-inner su-u-clearfix su-u-trim\">\n<p><a href=\"https:\/\/wp.unil.ch\/sherpa\/se-fixer-des-objectifs\/\"> <img alt=\"\" loading=\"lazy\" decoding=\"async\" class=\"alignnone wp-image-80 size-medium\" src=\"https:\/\/wp.unil.ch\/sherpa\/files\/2016\/10\/sherpa_universite_de_lausanne_se_fixer_des_objectifs_conseils_astuces_tuteurs_mentors.jpg\" width=\"300\" height=\"263\"> <\/a><\/p>\n<\/div><\/div>\n<div class=\"su-column su-column-size-1-2\"><div class=\"su-column-inner su-u-clearfix su-u-trim\">\n<p><a href=\"https:\/\/wp.unil.ch\/sherpa\/sentourer-et-collaborer\/\"> <img alt=\"\" loading=\"lazy\" decoding=\"async\" class=\"alignnone wp-image-80 size-medium\" src=\"https:\/\/wp.unil.ch\/sherpa\/files\/2016\/10\/sherpa_universite_de_lausanne_s_entourer_et_collaborer_conseils_astuces_tuteurs_mentors.jpg\" width=\"300\" height=\"263\"> <\/a><\/p>\n<\/div><\/div>\n<\/div>\n<div class=\"su-row\">\n<div class=\"su-column su-column-size-1-2\"><div class=\"su-column-inner su-u-clearfix su-u-trim\">\n<p><a href=\"https:\/\/wp.unil.ch\/sherpa\/se-connaitre-et-se-respecter\/\"><img alt=\"\" loading=\"lazy\" decoding=\"async\" class=\"alignnone wp-image-78 size-medium\" src=\"https:\/\/wp.unil.ch\/sherpa\/files\/2016\/10\/sherpa_universite_de_lausanne_se_connaitre_se_respecter_conseils_astuces_tuteurs_mentors.jpg\" width=\"300\" height=\"263\"><\/a><\/p>\n<\/div><\/div>\n<div class=\"su-column su-column-size-1-2\"><div class=\"su-column-inner su-u-clearfix su-u-trim\">\n<\/div><\/div>\n<\/div>\n<hr>\n<h3>D\u00e9cembre et janvier: Les examens!<\/h3>\n<p>Les conseils de nos sherpas ont \u00e9t\u00e9 regroup\u00e9s sous&nbsp;trois entr\u00e9es:<\/p>\n<div class=\"su-row\">\n<div class=\"su-column su-column-size-1-2\"><div class=\"su-column-inner su-u-clearfix su-u-trim\">\n<p><a href=\"https:\/\/wp.unil.ch\/sherpa\/anticiper-pendant-le-semestre\/\"> <img alt=\"\" loading=\"lazy\" decoding=\"async\" class=\"alignnone wp-image-80 size-medium\" src=\"https:\/\/wp.unil.ch\/sherpa\/files\/2016\/11\/sherpa_universite_de_lausanne_anticiper_pendant_le_semestre_revision_conseils_astuces_tuteurs_mentors_banners.jpg\" width=\"300\" height=\"263\"> <\/a><\/p>\n<\/div><\/div>\n<div class=\"su-column su-column-size-1-2\"><div class=\"su-column-inner su-u-clearfix su-u-trim\">\n<p><a href=\"https:\/\/wp.unil.ch\/sherpa\/sorganiser-pendant-les-revisions\/\"> <img alt=\"\" loading=\"lazy\" decoding=\"async\" class=\"alignnone wp-image-80 size-medium\" src=\"https:\/\/wp.unil.ch\/sherpa\/files\/2016\/11\/sherpa_universite_de_lausanne_s_organiser_pendant_revision_conseils_astuces_tuteurs_mentors_banners.jpg\" width=\"300\" height=\"263\"> <\/a><\/p>\n<\/div><\/div>\n<\/div>\n<div class=\"su-row\">\n<div class=\"su-column su-column-size-1-2\"><div class=\"su-column-inner su-u-clearfix su-u-trim\">\n<p><a href=\"https:\/\/wp.unil.ch\/sherpa\/gerer-la-session-dexamens\/\"><img alt=\"\" loading=\"lazy\" decoding=\"async\" class=\"alignnone wp-image-78 size-medium\" src=\"https:\/\/wp.unil.ch\/sherpa\/files\/2016\/11\/sherpa_universite_de_lausanne_gerer_session_examens_conseils_astuces_tuteurs_mentors_banners.jpg\" width=\"300\" height=\"263\"><\/a><\/p>\n<\/div><\/div>\n<div class=\"su-column su-column-size-1-2\"><div class=\"su-column-inner su-u-clearfix su-u-trim\">\n<\/div><\/div>\n<\/div>\n<hr>\n<h3>F\u00e9vrier-Avril: le 2<sup>\u00e8me<\/sup> semestre en questions et r\u00e9ponses<\/h3>\n<p>Les conseils de nos sherpas, \u00e0 consommer sans mod\u00e9ration!<\/p>\n<div class=\"su-row\">\n<div class=\"su-column su-column-size-1-2\"><div class=\"su-column-inner su-u-clearfix su-u-trim\">\n<p><a href=\"https:\/\/wp.unil.ch\/sherpa\/le-deuxieme-semestre-en-questions-et-reponses\/\"> <img alt=\"\" loading=\"lazy\" decoding=\"async\" class=\"alignnone wp-image-80 size-medium\" src=\"https:\/\/wp.unil.ch\/sherpa\/files\/2017\/02\/sherpa_universite_de_lausanne_les_questions_pour_bien_debuter_le_deuxieme_semestre_conseils_astuces_tuteurs_mentors_homepage.jpg\" width=\"300\" height=\"263\"> <\/a><\/p>\n<\/div><\/div>\n<div class=\"su-column su-column-size-1-2\"><div class=\"su-column-inner su-u-clearfix su-u-trim\">\n<\/div><\/div>\n<\/div>\n<hr>\n<h3>Mai et juin: le retour des examens<\/h3>\n<p>Les conseils de nos sherpas&nbsp;pour une session sans soucis!<\/p>\n<div class=\"su-row\">\n<div class=\"su-column su-column-size-1-2\"><div class=\"su-column-inner su-u-clearfix su-u-trim\">\n<p><a href=\"https:\/\/wp.unil.ch\/sherpa\/gerer-la-session-dexamens\/\"><img alt=\"\" loading=\"lazy\" decoding=\"async\" class=\"alignnone wp-image-78 size-medium\" src=\"https:\/\/wp.unil.ch\/sherpa\/files\/2016\/11\/sherpa_universite_de_lausanne_gerer_session_examens_conseils_astuces_tuteurs_mentors_banners.jpg\" width=\"300\" height=\"263\"><\/a><\/p>\n<\/div><\/div>\n<\/div>\n<hr>\n","protected":false},"excerpt":{"rendered":"<p>Septembre: Pr\u00eat\u00b7e\u00b7s pour la rentr\u00e9e? Les conseils de nos sherpas pour une rentr\u00e9e en douceur: Octobre et novembre: Pers\u00e9v\u00e9rer! Les conseils de nos sherpas ont \u00e9t\u00e9 regroup\u00e9s sous&nbsp;trois entr\u00e9es: D\u00e9cembre et janvier: Les examens! Les conseils de nos sherpas ont<\/p>\n","protected":false},"author":108,"featured_media":0,"parent":0,"menu_order":1,"comment_status":"closed","ping_status":"closed","template":"","meta":{"_seopress_robots_primary_cat":"","_seopress_titles_title":"","_seopress_titles_desc":"","_seopress_robots_index":"","footnotes":"","_links_to":"","_links_to_target":""},"class_list":["post-16","page","type-page","status-publish"],"_links":{"self":[{"href":"https:\/\/wp.unil.ch\/sherpa\/wp-json\/wp\/v2\/pages\/16","targetHints":{"allow":["GET"]}}],"collection":[{"href":"https:\/\/wp.unil.ch\/sherpa\/wp-json\/wp\/v2\/pages"}],"about":[{"href":"https:\/\/wp.unil.ch\/sherpa\/wp-json\/wp\/v2\/types\/page"}],"author":[{"embeddable":true,"href":"https:\/\/wp.unil.ch\/sherpa\/wp-json\/wp\/v2\/users\/108"}],"replies":[{"embeddable":true,"href":"https:\/\/wp.unil.ch\/sherpa\/wp-json\/wp\/v2\/comments?post=16"}],"version-history":[{"count":0,"href":"https:\/\/wp.unil.ch\/sherpa\/wp-json\/wp\/v2\/pages\/16\/revisions"}],"wp:attachment":[{"href":"https:\/\/wp.unil.ch\/sherpa\/wp-json\/wp\/v2\/media?parent=16"}],"curies":[{"name":"wp","href":"https:\/\/api.w.org\/{rel}","templated":true}]}}