{"id":49,"date":"2012-07-17T15:01:50","date_gmt":"2012-07-17T13:01:50","guid":{"rendered":"http:\/\/wp.unil.ch\/sgg\/?page_id=49"},"modified":"2021-10-01T17:09:54","modified_gmt":"2021-10-01T15:09:54","slug":"zoltan","status":"publish","type":"page","link":"https:\/\/wp.unil.ch\/sgg\/zoltan\/","title":{"rendered":"Zolt\u00e1n Kutalik"},"content":{"rendered":"<p style=\"text-align: justify\"><img loading=\"lazy\" decoding=\"async\" class=\"alignleft wp-image-508\" src=\"https:\/\/wp.unil.ch\/sgg\/files\/2012\/07\/ZK1.jpg\" alt=\"ZK1\" width=\"120\" height=\"170\" srcset=\"https:\/\/wp.unil.ch\/sgg\/files\/2012\/07\/ZK1.jpg 566w, https:\/\/wp.unil.ch\/sgg\/files\/2012\/07\/ZK1-212x300.jpg 212w\" sizes=\"auto, (max-width: 120px) 100vw, 120px\" \/>Zolt\u00e1n is trained as applied mathematician (specialized in statistics) and graduated in 2002 at the\u00a0<a href=\"https:\/\/www.elte.hu\">E\u00f6tv\u00f6s Lor\u00e1nd University<\/a>, Budapest, Hungary. Obtained his MPhil degree in 2003 at the <a href=\"https:\/\/www.manchester.ac.uk\/\">University of Manchester Institute of Science &amp; Technology<\/a> and his PhD in 2006 at the School of Computing Sciences, <a href=\"https:\/\/www.uea.ac.uk\">University of East Anglia<\/a>, Norwich, UK &amp; the <a href=\"https:\/\/www.ifr.ac.uk\/safety\/comicro\/default.html\">Computational Microbiology Lab<\/a>, IFR. His PhD research aimed at modelling and connecting bacterial growth at the population-, single cell- and transcriptomic levels.<\/p>\n<p style=\"text-align: justify\">2006-2010 Zolt\u00e1n was a postdoctoral research assistant in the <a href=\"https:\/\/www2.unil.ch\/cbg\/index.php?title=Main_Page\">Computational Biology Group<\/a> of Sven Bergmann at the <a href=\"https:\/\/www.unil.ch\/dbc\/home.html\">Department of Computational Biology<\/a>\u00a0(University of Lausanne, Switzerland) and affiliated with the <a href=\"https:\/\/www.isb-sib.ch\/\">Swiss Institute of Bioinformatics<\/a>. In 2009 he spent three months as a visiting scientist at the <a href=\"https:\/\/group.szbk.u-szeged.hu\/sysbiol\/\">Evolutionary Systems Biology Group<\/a>\u00a0(Szeged, Hungary).<\/p>\n<p style=\"text-align: justify\">In 2011 Zolt\u00e1n became junior lecturer at the Department of Medical Genetics and in 2013 he was nominated as assistant professor at the <a href=\"https:\/\/www.iumsp.ch\/\">Institute of Social and Preventive Medicine (IUMSP) <\/a>at the Lausanne University Hospital (CHUV). In 2015 Zolt\u00e1n was appointed as honorary senior lecturer at the <a href=\"https:\/\/medicine.exeter.ac.uk\/\">University of Exeter Medical School<\/a> and in 2018 as associate professor at the University of Lausanne. His main interest lies in developing statistical methods that connect large scale data sets (genomics, transcriptomics, metabolomics and clinically important phenotypes) in order to reveal novel molecular mechanisms underlying disease and infer causal effects of various risk factors on complex traits.<\/p>\n","protected":false},"excerpt":{"rendered":"<p>Zolt\u00e1n is trained as applied mathematician (specialized in statistics) and graduated in 2002 at the\u00a0E\u00f6tv\u00f6s Lor\u00e1nd University, Budapest, Hungary. Obtained his MPhil degree in 2003 at the University of Manchester &hellip; <\/p>\n","protected":false},"author":970,"featured_media":0,"parent":0,"menu_order":2,"comment_status":"closed","ping_status":"closed","template":"","meta":{"_seopress_robots_primary_cat":"","_seopress_titles_title":"","_seopress_titles_desc":"","_seopress_robots_index":"","footnotes":""},"class_list":["post-49","page","type-page","status-publish"],"_links":{"self":[{"href":"https:\/\/wp.unil.ch\/sgg\/wp-json\/wp\/v2\/pages\/49","targetHints":{"allow":["GET"]}}],"collection":[{"href":"https:\/\/wp.unil.ch\/sgg\/wp-json\/wp\/v2\/pages"}],"about":[{"href":"https:\/\/wp.unil.ch\/sgg\/wp-json\/wp\/v2\/types\/page"}],"author":[{"embeddable":true,"href":"https:\/\/wp.unil.ch\/sgg\/wp-json\/wp\/v2\/users\/970"}],"replies":[{"embeddable":true,"href":"https:\/\/wp.unil.ch\/sgg\/wp-json\/wp\/v2\/comments?post=49"}],"version-history":[{"count":0,"href":"https:\/\/wp.unil.ch\/sgg\/wp-json\/wp\/v2\/pages\/49\/revisions"}],"wp:attachment":[{"href":"https:\/\/wp.unil.ch\/sgg\/wp-json\/wp\/v2\/media?parent=49"}],"curies":[{"name":"wp","href":"https:\/\/api.w.org\/{rel}","templated":true}]}}