{"id":111,"date":"2018-06-19T14:33:57","date_gmt":"2018-06-19T12:33:57","guid":{"rendered":"http:\/\/wp.unil.ch\/serendip\/?page_id=111"},"modified":"2018-07-09T13:02:39","modified_gmt":"2018-07-09T11:02:39","slug":"charte","status":"publish","type":"page","link":"https:\/\/wp.unil.ch\/serendip\/charte\/","title":{"rendered":"Charte"},"content":{"rendered":"<p>L\u2019espace ainsi cr\u00e9\u00e9 et appel\u00e9 Cercle de Serendip vise \u00e0 promouvoir l\u2019\u00e9change d\u2019exp\u00e9riences, le partage scientifique au sein de la communaut\u00e9 de recherche de l\u2019UNIL, en un sens large et autour de valeurs humanistes, dont les bases sont la reconnaissance de la diversit\u00e9 d\u2019\u00eatre, de penser et de s\u2019exprimer, l\u2019honn\u00eatet\u00e9 intellectuelle et le soin de la qualit\u00e9 relationnelle. Le Cercle est ouvert \u00e0 toute th\u00e9matique dans les domaines des sciences humaines, des sciences sociales et des sciences de la nature, y compris dans leurs dimensions esth\u00e9tiques, artistiques et philosophiques.<\/p>\n<p>En dignes h\u00e9ritiers des \u00ab\u00a0princes de Serendip\u00a0\u00bb, les valeurs-cl\u00e9s communes du Cercle sont la curiosit\u00e9, le go\u00fbt prononc\u00e9 de l\u2019intelligence collective et de la sagacit\u00e9 et l\u2019esprit d\u2019ouverture aussi bien concernant les m\u00e9thodes, les modes de penser, les modes de production et les r\u00e9sultats des savoirs scientifiques dans une perspective de d\u00e9couverte, d\u2019\u00e9change et de partage.<\/p>\n<p>L\u2019esprit critique y est aussi une vertu cardinale, d\u00e8s lors qu\u2019elle est associ\u00e9e au respect des personnes, selon les r\u00e8gles et les valeurs que l\u2019on attend de d\u00e9bats scientifiques \u00e0 la fois stimulants et fair-play. L\u2019erreur y est consid\u00e9r\u00e9e comme un facteur positif de d\u00e9veloppement des sciences. Le Cercle est ouvert aussi bien aux savoirs th\u00e9oriques qu\u2019aux savoirs d\u2019action, aux aspects sp\u00e9culatifs et appliqu\u00e9s, dans l\u2019ensemble des domaines et disciplines existants ou \u00e9mergents.<\/p>\n<p>Sont consid\u00e9r\u00e9es membres du Cercle toutes les personnes pr\u00e9sentes lors d\u2019une manifestation du Cercle, m\u00eame ponctuellement ou partiellement. Ce membership <em>de facto <\/em>s\u2019\u00e9teint \u00e0 l\u2019issue de chaque manifestation et se renouvelle informellement \u00e0 chaque pr\u00e9sence \u00e0 une de ses r\u00e9unions. Tout\u00b7e membre du Cercle connait et respecte cette Charte.<\/p>\n<p>Chacun\u00b7e assume explicitement ses propres positions de chercheur\u00b7se ou de citoyen\u00b7ne, sans dogmatisme.<\/p>\n<p>L\u2019appartenance au Cercle n\u2019entra\u00eene aucune autre contrainte, si ce n\u2019est celle de contribuer \u00e0 son bon fonctionnement par sa pr\u00e9sence, par ses interventions ou par tout autre apport constructif.<\/p>\n<p>Chaque membre accepte de figurer dans la liste de diffusion du Cercle et peut demander \u00e0 tout moment \u00e0 en \u00eatre retir\u00e9 (\u00e9crire \u00e0 <a href=\"mailto:serendip@unil.ch\">serendip@unil.ch<\/a>).<\/p>\n<p>Les principes de cette charte s\u2019inspirent de ceux de la charte de l\u2019UNIL, de la charte europ\u00e9enne du chercheur (2005) et de la d\u00e9claration de Singapour (2010) :<\/p>\n<ul>\n<li><a href=\"https:\/\/www.unil.ch\/central\/fr\/home\/menuinst\/organisation\/documents-officiels\/charte-unil.html\">Charte de l&rsquo;Universit\u00e9 de Lausanne<\/a><\/li>\n<li><a href=\"https:\/\/cdn2.euraxess.org\/sites\/default\/files\/brochures\/eur_21620_en-fr.pdf\">Charte europ\u00e9enne du chercheur<\/a><\/li>\n<li><a href=\"https:\/\/www.cnrs.fr\/comets\/IMG\/pdf\/121030-singapour.pdf\">D\u00e9claration de Singapour<\/a><\/li>\n<\/ul>\n","protected":false},"excerpt":{"rendered":"<p>L\u2019espace ainsi cr\u00e9\u00e9 et appel\u00e9 Cercle de Serendip vise \u00e0 promouvoir l\u2019\u00e9change d\u2019exp\u00e9riences, le partage scientifique au sein de la communaut\u00e9 de recherche de l\u2019UNIL, en un sens large et autour de valeurs humanistes, dont les bases sont la reconnaissance<\/p>\n","protected":false},"author":108,"featured_media":0,"parent":0,"menu_order":0,"comment_status":"closed","ping_status":"closed","template":"","meta":{"_seopress_robots_primary_cat":"","_seopress_titles_title":"","_seopress_titles_desc":"","_seopress_robots_index":"","footnotes":""},"class_list":["post-111","page","type-page","status-publish"],"_links":{"self":[{"href":"https:\/\/wp.unil.ch\/serendip\/wp-json\/wp\/v2\/pages\/111","targetHints":{"allow":["GET"]}}],"collection":[{"href":"https:\/\/wp.unil.ch\/serendip\/wp-json\/wp\/v2\/pages"}],"about":[{"href":"https:\/\/wp.unil.ch\/serendip\/wp-json\/wp\/v2\/types\/page"}],"author":[{"embeddable":true,"href":"https:\/\/wp.unil.ch\/serendip\/wp-json\/wp\/v2\/users\/108"}],"replies":[{"embeddable":true,"href":"https:\/\/wp.unil.ch\/serendip\/wp-json\/wp\/v2\/comments?post=111"}],"version-history":[{"count":0,"href":"https:\/\/wp.unil.ch\/serendip\/wp-json\/wp\/v2\/pages\/111\/revisions"}],"wp:attachment":[{"href":"https:\/\/wp.unil.ch\/serendip\/wp-json\/wp\/v2\/media?parent=111"}],"curies":[{"name":"wp","href":"https:\/\/api.w.org\/{rel}","templated":true}]}}