{"id":4204,"date":"2018-09-11T10:36:57","date_gmt":"2018-09-11T08:36:57","guid":{"rendered":"http:\/\/wp.unil.ch\/rarissima\/?page_id=4204"},"modified":"2021-09-14T11:18:41","modified_gmt":"2021-09-14T09:18:41","slug":"campagne-2009-2010","status":"publish","type":"page","link":"https:\/\/wp.unil.ch\/rarissima\/campagne-2009-2010\/","title":{"rendered":"Campagne 2009-2010"},"content":{"rendered":"<div class=\"su-row\"><div class=\"su-column su-column-size-1-3\"><div class=\"su-column-inner su-u-clearfix su-u-trim\"><img alt=\"\" loading=\"lazy\" decoding=\"async\" class=\"alignnone wp-image-4354 size-medium\" src=\"https:\/\/wp.unil.ch\/rarissima\/files\/2019\/07\/rarissima2011-348x500.jpg\" alt=\"\" width=\"348\" height=\"500\" srcset=\"https:\/\/wp.unil.ch\/rarissima\/files\/2019\/07\/rarissima2011-348x500.jpg 348w, https:\/\/wp.unil.ch\/rarissima\/files\/2019\/07\/rarissima2011.jpg 579w\" sizes=\"auto, (max-width: 348px) 100vw, 348px\" \/><\/div><\/div>\n<div class=\"su-column su-column-size-2-3\"><div class=\"su-column-inner su-u-clearfix su-u-trim\">Du 8 octobre 2011 au 29 janvier 2012, l&rsquo;exposition Rarissima a pr\u00e9sent\u00e9 au public une s\u00e9lection d&rsquo;ouvrages pr\u00e9cieux et de manuscrits anciens et modernes acquis ou re\u00e7us par la Biblioth\u00e8que cantonale universitaire &#8211; Lausanne depuis 2009.<\/p>\n<p>Elle t\u00e9moigne de l&rsquo;enrichissement r\u00e9gulier des fonds patrimoniaux de la biblioth\u00e8que et de l&rsquo;int\u00e9r\u00eat qu&rsquo;elle porte aux cr\u00e9ateurs vaudois actifs dans le domaine des livres d&rsquo;art et de la bibliophilie.<\/div><\/div><\/div>\n","protected":false},"excerpt":{"rendered":"","protected":false},"author":568,"featured_media":0,"parent":0,"menu_order":0,"comment_status":"closed","ping_status":"closed","template":"","meta":{"_seopress_robots_primary_cat":"","_seopress_titles_title":"","_seopress_titles_desc":"","_seopress_robots_index":"","footnotes":""},"class_list":["post-4204","page","type-page","status-publish"],"_links":{"self":[{"href":"https:\/\/wp.unil.ch\/rarissima\/wp-json\/wp\/v2\/pages\/4204","targetHints":{"allow":["GET"]}}],"collection":[{"href":"https:\/\/wp.unil.ch\/rarissima\/wp-json\/wp\/v2\/pages"}],"about":[{"href":"https:\/\/wp.unil.ch\/rarissima\/wp-json\/wp\/v2\/types\/page"}],"author":[{"embeddable":true,"href":"https:\/\/wp.unil.ch\/rarissima\/wp-json\/wp\/v2\/users\/568"}],"replies":[{"embeddable":true,"href":"https:\/\/wp.unil.ch\/rarissima\/wp-json\/wp\/v2\/comments?post=4204"}],"version-history":[{"count":0,"href":"https:\/\/wp.unil.ch\/rarissima\/wp-json\/wp\/v2\/pages\/4204\/revisions"}],"wp:attachment":[{"href":"https:\/\/wp.unil.ch\/rarissima\/wp-json\/wp\/v2\/media?parent=4204"}],"curies":[{"name":"wp","href":"https:\/\/api.w.org\/{rel}","templated":true}]}}