{"id":297,"date":"2011-10-12T16:55:14","date_gmt":"2011-10-12T14:55:14","guid":{"rendered":"http:\/\/wp.unil.ch\/rarissima\/?page_id=297"},"modified":"2019-07-17T12:24:11","modified_gmt":"2019-07-17T10:24:11","slug":"campagne-2011-2014","status":"publish","type":"page","link":"https:\/\/wp.unil.ch\/rarissima\/campagne-2011-2014\/","title":{"rendered":"Campagne 2011-2014"},"content":{"rendered":"<div class=\"su-row\"><div class=\"su-column su-column-size-1-3\"><div class=\"su-column-inner su-u-clearfix su-u-trim\"><img alt=\"\" decoding=\"async\" class=\"size-full wp-image-124 alignleft\" src=\"https:\/\/wp.unil.ch\/rarissima\/files\/2015\/03\/RARISSIMA.jpg\" alt=\"\" width=\"400\" height=\"auto\" \/><\/div><\/div>\n<div class=\"su-column su-column-size-2-3\"><div class=\"su-column-inner su-u-clearfix su-u-trim\">Dans le cadre de sa mission de conservation et de mise en valeur du patrimoine vaudois, la BCU Lausanne s\u2019enrichit r\u00e9guli\u00e8rement de documents pr\u00e9cieux, qu\u2019il s\u2019agisse de manuscrits isol\u00e9s, de fonds d\u2019archives ou encore d\u2019imprim\u00e9s anciens ou de livres d\u2019artiste contemporains \u00e0 tirage limit\u00e9.<\/p>\n<p>Provenant d\u2019acquisitions ou de donations, ces documents sont conserv\u00e9s tant \u00e0 la R\u00e9serve pr\u00e9cieuse qu\u2019au D\u00e9partement des manuscrits, \u00e0 Dorigny, ainsi qu\u2019au service des Archives musicales, \u00e0 la Riponne. Leur pr\u00e9sentation publique \u00e0 l\u2019occasion de l\u2019exposition Rarissima illustre un aspect peu apparent du travail de r\u00e9colte effectu\u00e9 par la BCU Lausanne dans le domaine patrimonial.<\/p>\n<audio class=\"wp-audio-shortcode\" id=\"audio-297-1\" preload=\"none\" style=\"width: 100%;\" controls=\"controls\"><source type=\"audio\/mpeg\" src=\"https:\/\/wp.unil.ch\/rarissima\/files\/2011\/10\/matinales_20150421_standard_l-invite-silvio-corsini-exposition-rarissima_30dd688d-e741-4b3a-930a-b474c919cf7c-128k.mp3?_=1\" \/><a href=\"https:\/\/wp.unil.ch\/rarissima\/files\/2011\/10\/matinales_20150421_standard_l-invite-silvio-corsini-exposition-rarissima_30dd688d-e741-4b3a-930a-b474c919cf7c-128k.mp3\">https:\/\/wp.unil.ch\/rarissima\/files\/2011\/10\/matinales_20150421_standard_l-invite-silvio-corsini-exposition-rarissima_30dd688d-e741-4b3a-930a-b474c919cf7c-128k.mp3<\/a><\/audio>\n<p>Interview de Silvio Corsini (<em>Les Matinales<\/em> sur Espace 2, 21 avril 2015)<\/div><\/div><\/div>\n","protected":false},"excerpt":{"rendered":"","protected":false},"author":568,"featured_media":0,"parent":0,"menu_order":0,"comment_status":"closed","ping_status":"closed","template":"","meta":{"_seopress_robots_primary_cat":"","_seopress_titles_title":"","_seopress_titles_desc":"","_seopress_robots_index":"","footnotes":""},"class_list":["post-297","page","type-page","status-publish"],"_links":{"self":[{"href":"https:\/\/wp.unil.ch\/rarissima\/wp-json\/wp\/v2\/pages\/297","targetHints":{"allow":["GET"]}}],"collection":[{"href":"https:\/\/wp.unil.ch\/rarissima\/wp-json\/wp\/v2\/pages"}],"about":[{"href":"https:\/\/wp.unil.ch\/rarissima\/wp-json\/wp\/v2\/types\/page"}],"author":[{"embeddable":true,"href":"https:\/\/wp.unil.ch\/rarissima\/wp-json\/wp\/v2\/users\/568"}],"replies":[{"embeddable":true,"href":"https:\/\/wp.unil.ch\/rarissima\/wp-json\/wp\/v2\/comments?post=297"}],"version-history":[{"count":0,"href":"https:\/\/wp.unil.ch\/rarissima\/wp-json\/wp\/v2\/pages\/297\/revisions"}],"wp:attachment":[{"href":"https:\/\/wp.unil.ch\/rarissima\/wp-json\/wp\/v2\/media?parent=297"}],"curies":[{"name":"wp","href":"https:\/\/api.w.org\/{rel}","templated":true}]}}