{"id":459,"date":"2012-02-22T12:22:32","date_gmt":"2012-02-22T11:22:32","guid":{"rendered":"http:\/\/wp.unil.ch\/psyado\/?page_id=459"},"modified":"2017-11-24T10:30:18","modified_gmt":"2017-11-24T09:30:18","slug":"la-regate","status":"publish","type":"page","link":"https:\/\/wp.unil.ch\/psyado\/synopsis-des-films-2\/la-regate\/","title":{"rendered":"La r\u00e9gate"},"content":{"rendered":"<p><img alt=\"\" loading=\"lazy\" decoding=\"async\" class=\"alignleft wp-image-1728\" src=\"https:\/\/wp.unil.ch\/psyado\/files\/2017\/11\/regate-225x300.jpg\" alt=\"\" width=\"82\" height=\"110\" srcset=\"https:\/\/wp.unil.ch\/psyado\/files\/2017\/11\/regate-225x300.jpg 225w, https:\/\/wp.unil.ch\/psyado\/files\/2017\/11\/regate.jpg 356w\" sizes=\"auto, (max-width: 82px) 100vw, 82px\" \/><em>Un film de Bernard Bellefroid <em>(2010)<\/em><\/em><\/p>\n<p style=\"text-align: justify\">Alexandre a quinze ans et vit seul avec son p\u00e8re, dans les coups et la violence, en r\u00e9volte contre tous. Pour \u00e9chapper \u00e0 ce quotidien sans r\u00e9pit, Alex se r\u00e9fugie dans son sport favori, l&rsquo;aviron, et n&rsquo;a qu&rsquo;une obsession, gagner seul et \u00e0 tout prix les championnats de Belgique. Son entra\u00eeneur, Sergi, et Murielle, la jeune fille dont il est amoureux, vont permettre \u00e0 Alex de red\u00e9couvrir les valeurs humaines qu&rsquo;il avait perdues. (allocine.fr)<\/p>\n","protected":false},"excerpt":{"rendered":"<p>Un film de Bernard Bellefroid (2010) Alexandre a quinze ans et vit seul avec son p\u00e8re, dans les coups et la violence, en r\u00e9volte contre tous. Pour \u00e9chapper \u00e0 ce quotidien sans r\u00e9pit, Alex se r\u00e9fugie dans son sport favori,<\/p>\n","protected":false},"author":108,"featured_media":0,"parent":290,"menu_order":15,"comment_status":"closed","ping_status":"closed","template":"","meta":{"_seopress_robots_primary_cat":"","_seopress_titles_title":"","_seopress_titles_desc":"","_seopress_robots_index":"","footnotes":""},"class_list":["post-459","page","type-page","status-publish"],"_links":{"self":[{"href":"https:\/\/wp.unil.ch\/psyado\/wp-json\/wp\/v2\/pages\/459","targetHints":{"allow":["GET"]}}],"collection":[{"href":"https:\/\/wp.unil.ch\/psyado\/wp-json\/wp\/v2\/pages"}],"about":[{"href":"https:\/\/wp.unil.ch\/psyado\/wp-json\/wp\/v2\/types\/page"}],"author":[{"embeddable":true,"href":"https:\/\/wp.unil.ch\/psyado\/wp-json\/wp\/v2\/users\/108"}],"replies":[{"embeddable":true,"href":"https:\/\/wp.unil.ch\/psyado\/wp-json\/wp\/v2\/comments?post=459"}],"version-history":[{"count":0,"href":"https:\/\/wp.unil.ch\/psyado\/wp-json\/wp\/v2\/pages\/459\/revisions"}],"up":[{"embeddable":true,"href":"https:\/\/wp.unil.ch\/psyado\/wp-json\/wp\/v2\/pages\/290"}],"wp:attachment":[{"href":"https:\/\/wp.unil.ch\/psyado\/wp-json\/wp\/v2\/media?parent=459"}],"curies":[{"name":"wp","href":"https:\/\/api.w.org\/{rel}","templated":true}]}}