{"id":457,"date":"2012-02-22T12:21:55","date_gmt":"2012-02-22T11:21:55","guid":{"rendered":"http:\/\/wp.unil.ch\/psyado\/?page_id=457"},"modified":"2017-11-24T10:28:40","modified_gmt":"2017-11-24T09:28:40","slug":"un-poison-violent","status":"publish","type":"page","link":"https:\/\/wp.unil.ch\/psyado\/synopsis-des-films-2\/un-poison-violent\/","title":{"rendered":"Un poison violent"},"content":{"rendered":"<p><img alt=\"\" loading=\"lazy\" decoding=\"async\" class=\"alignleft size-full wp-image-749\" src=\"https:\/\/wp.unil.ch\/psyado\/files\/2012\/02\/image-synopsis-un-poison-violent-e1332330301547.png\" alt=\"\" width=\"80\" height=\"110\" \/><em>Un film de Katell Quill\u00e9v\u00e9r\u00e9 (2010)<\/em><\/p>\n<p style=\"text-align: justify\">Cet \u00e9t\u00e9-l\u00e0, tout change pour Anna. A son retour de l\u2019internat, elle d\u00e9couvre que son p\u00e8re a quitt\u00e9 la maison. Sa m\u00e8re, effondr\u00e9e par cet abandon, trouve refuge aupr\u00e8s du jeune pr\u00eatre du village. Anna se raccroche \u00e0 son grand-p\u00e8re, tendre et fantaisiste. Elle pr\u00e9pare aussi sa confirmation, derni\u00e8re \u00e9tape dans sa vie de croyante. Mais la naissance de son d\u00e9sir pour Pierre, un gar\u00e7on libre et solaire, la fait vaciller. Une part secr\u00e8te d\u2019elle m\u00eame cherche \u00e0 se donner corps et \u00e2me, \u00e0 Dieu ou \u00e0 quelque chose d\u2019autre. (allocine.fr)<\/p>\n","protected":false},"excerpt":{"rendered":"<p>Un film de Katell Quill\u00e9v\u00e9r\u00e9 (2010) Cet \u00e9t\u00e9-l\u00e0, tout change pour Anna. A son retour de l\u2019internat, elle d\u00e9couvre que son p\u00e8re a quitt\u00e9 la maison. Sa m\u00e8re, effondr\u00e9e par cet abandon, trouve refuge aupr\u00e8s du jeune pr\u00eatre du village.<\/p>\n","protected":false},"author":108,"featured_media":0,"parent":290,"menu_order":14,"comment_status":"closed","ping_status":"closed","template":"","meta":{"_seopress_robots_primary_cat":"","_seopress_titles_title":"","_seopress_titles_desc":"","_seopress_robots_index":"","footnotes":""},"class_list":["post-457","page","type-page","status-publish"],"_links":{"self":[{"href":"https:\/\/wp.unil.ch\/psyado\/wp-json\/wp\/v2\/pages\/457","targetHints":{"allow":["GET"]}}],"collection":[{"href":"https:\/\/wp.unil.ch\/psyado\/wp-json\/wp\/v2\/pages"}],"about":[{"href":"https:\/\/wp.unil.ch\/psyado\/wp-json\/wp\/v2\/types\/page"}],"author":[{"embeddable":true,"href":"https:\/\/wp.unil.ch\/psyado\/wp-json\/wp\/v2\/users\/108"}],"replies":[{"embeddable":true,"href":"https:\/\/wp.unil.ch\/psyado\/wp-json\/wp\/v2\/comments?post=457"}],"version-history":[{"count":0,"href":"https:\/\/wp.unil.ch\/psyado\/wp-json\/wp\/v2\/pages\/457\/revisions"}],"up":[{"embeddable":true,"href":"https:\/\/wp.unil.ch\/psyado\/wp-json\/wp\/v2\/pages\/290"}],"wp:attachment":[{"href":"https:\/\/wp.unil.ch\/psyado\/wp-json\/wp\/v2\/media?parent=457"}],"curies":[{"name":"wp","href":"https:\/\/api.w.org\/{rel}","templated":true}]}}