{"id":434,"date":"2012-02-22T12:13:50","date_gmt":"2012-02-22T11:13:50","guid":{"rendered":"http:\/\/wp.unil.ch\/psyado\/?page_id=434"},"modified":"2017-11-24T10:16:17","modified_gmt":"2017-11-24T09:16:17","slug":"une-education","status":"publish","type":"page","link":"https:\/\/wp.unil.ch\/psyado\/synopsis-des-films-2\/une-education\/","title":{"rendered":"Une \u00e9ducation"},"content":{"rendered":"<p><img alt=\"\" loading=\"lazy\" decoding=\"async\" class=\"alignleft wp-image-1712\" src=\"https:\/\/wp.unil.ch\/psyado\/files\/2017\/11\/une-education-225x300.jpg\" alt=\"\" width=\"83\" height=\"110\" srcset=\"https:\/\/wp.unil.ch\/psyado\/files\/2017\/11\/une-education-225x300.jpg 225w, https:\/\/wp.unil.ch\/psyado\/files\/2017\/11\/une-education.jpg 600w\" sizes=\"auto, (max-width: 83px) 100vw, 83px\" \/><em>Un film de Lone Scherfig (2010) &#8211; BAFTA (Meilleure actrice, Carey Mulligan, 2010), Sundance Film Festival (Prix du public, 2009), Independent Spirit Awards (Meilleur film \u00e9tranger, 2010)<\/em><\/p>\n<p style=\"text-align: justify\">1961, Angleterre. Jenny a seize ans. \u00c9l\u00e8ve brillante, elle se pr\u00e9pare \u00e0 int\u00e9grer Oxford. Sa rencontre avec un homme deux fois plus \u00e2g\u00e9 qu&rsquo;elle va tout remettre en cause. Dans un monde qui se pr\u00e9pare \u00e0 vivre la folie des ann\u00e9es 60, dans un pays qui passe de Lady Chatterley aux Beatles, Jenny va d\u00e9couvrir la vie, l&rsquo;amour, Paris, et devoir choisir son existence. (allocine.fr)<\/p>\n","protected":false},"excerpt":{"rendered":"<p>Un film de Lone Scherfig (2010) &#8211; BAFTA (Meilleure actrice, Carey Mulligan, 2010), Sundance Film Festival (Prix du public, 2009), Independent Spirit Awards (Meilleur film \u00e9tranger, 2010) 1961, Angleterre. Jenny a seize ans. \u00c9l\u00e8ve brillante, elle se pr\u00e9pare \u00e0 int\u00e9grer<\/p>\n","protected":false},"author":108,"featured_media":0,"parent":290,"menu_order":4,"comment_status":"closed","ping_status":"closed","template":"","meta":{"_seopress_robots_primary_cat":"","_seopress_titles_title":"","_seopress_titles_desc":"","_seopress_robots_index":"","footnotes":""},"class_list":["post-434","page","type-page","status-publish"],"_links":{"self":[{"href":"https:\/\/wp.unil.ch\/psyado\/wp-json\/wp\/v2\/pages\/434","targetHints":{"allow":["GET"]}}],"collection":[{"href":"https:\/\/wp.unil.ch\/psyado\/wp-json\/wp\/v2\/pages"}],"about":[{"href":"https:\/\/wp.unil.ch\/psyado\/wp-json\/wp\/v2\/types\/page"}],"author":[{"embeddable":true,"href":"https:\/\/wp.unil.ch\/psyado\/wp-json\/wp\/v2\/users\/108"}],"replies":[{"embeddable":true,"href":"https:\/\/wp.unil.ch\/psyado\/wp-json\/wp\/v2\/comments?post=434"}],"version-history":[{"count":0,"href":"https:\/\/wp.unil.ch\/psyado\/wp-json\/wp\/v2\/pages\/434\/revisions"}],"up":[{"embeddable":true,"href":"https:\/\/wp.unil.ch\/psyado\/wp-json\/wp\/v2\/pages\/290"}],"wp:attachment":[{"href":"https:\/\/wp.unil.ch\/psyado\/wp-json\/wp\/v2\/media?parent=434"}],"curies":[{"name":"wp","href":"https:\/\/api.w.org\/{rel}","templated":true}]}}