{"id":26,"date":"2015-07-24T08:29:49","date_gmt":"2015-07-24T06:29:49","guid":{"rendered":"http:\/\/wp.unil.ch\/prixlemanique\/?page_id=26"},"modified":"2024-03-05T10:48:59","modified_gmt":"2024-03-05T09:48:59","slug":"conseil-de-fondation","status":"publish","type":"page","link":"https:\/\/wp.unil.ch\/prixlemanique\/presentation\/conseil-de-fondation\/","title":{"rendered":"Conseil de fondation"},"content":{"rendered":"\n<div class=\"wp-block-columns is-layout-flex wp-container-core-columns-is-layout-9d6595d7 wp-block-columns-is-layout-flex\">\n<div class=\"wp-block-column is-layout-flow wp-block-column-is-layout-flow\">\n<p>La fondation est administr\u00e9e par un Conseil de trois membres au moins, d\u00e9sign\u00e9s pour une p\u00e9riode minimale de six ans.<\/p>\n\n\n\n<p>Le Conseil pourvoit \u00e0 l\u2019administration de la fondation. Il se r\u00e9unit une fois par an sur convocation de sa pr\u00e9sidente ou sur requ\u00eate de trois de ses membres. Il ne peut valablement d\u00e9lib\u00e9rer que si la majorit\u00e9 de ses membres est pr\u00e9sente. Les d\u00e9cisions du Conseil sont consign\u00e9es dans un proc\u00e8s-verbal.<\/p>\n<\/div>\n\n\n\n<div class=\"wp-block-column is-layout-flow wp-block-column-is-layout-flow\">\n<p>Depuis 2021, le Conseil de fondation est constitu\u00e9 des membres suivants :<\/p>\n\n\n\n<p>Irene Weber Henking (pr\u00e9sidente),<br>Arnaud Buchs (secr\u00e9taire),<br>Christophe B\u00fcchi,<br>Caroline Coutau,<br>Thierry Raboud,<br>Beatrice Stoll,<br>Gabriela St\u00f6ckli<\/p>\n<\/div>\n<\/div>\n","protected":false},"excerpt":{"rendered":"<p>La fondation est administr\u00e9e par un Conseil de trois membres au moins, d\u00e9sign\u00e9s pour une p\u00e9riode minimale de six ans. Le Conseil pourvoit \u00e0 l\u2019administration de la fondation. Il se &hellip; <\/p>\n","protected":false},"author":108,"featured_media":0,"parent":2,"menu_order":0,"comment_status":"closed","ping_status":"closed","template":"","meta":{"_seopress_robots_primary_cat":"","_seopress_titles_title":"","_seopress_titles_desc":"","_seopress_robots_index":"","footnotes":""},"class_list":["post-26","page","type-page","status-publish"],"_links":{"self":[{"href":"https:\/\/wp.unil.ch\/prixlemanique\/wp-json\/wp\/v2\/pages\/26","targetHints":{"allow":["GET"]}}],"collection":[{"href":"https:\/\/wp.unil.ch\/prixlemanique\/wp-json\/wp\/v2\/pages"}],"about":[{"href":"https:\/\/wp.unil.ch\/prixlemanique\/wp-json\/wp\/v2\/types\/page"}],"author":[{"embeddable":true,"href":"https:\/\/wp.unil.ch\/prixlemanique\/wp-json\/wp\/v2\/users\/108"}],"replies":[{"embeddable":true,"href":"https:\/\/wp.unil.ch\/prixlemanique\/wp-json\/wp\/v2\/comments?post=26"}],"version-history":[{"count":1,"href":"https:\/\/wp.unil.ch\/prixlemanique\/wp-json\/wp\/v2\/pages\/26\/revisions"}],"predecessor-version":[{"id":757,"href":"https:\/\/wp.unil.ch\/prixlemanique\/wp-json\/wp\/v2\/pages\/26\/revisions\/757"}],"up":[{"embeddable":true,"href":"https:\/\/wp.unil.ch\/prixlemanique\/wp-json\/wp\/v2\/pages\/2"}],"wp:attachment":[{"href":"https:\/\/wp.unil.ch\/prixlemanique\/wp-json\/wp\/v2\/media?parent=26"}],"curies":[{"name":"wp","href":"https:\/\/api.w.org\/{rel}","templated":true}]}}