{"id":469,"date":"2018-04-16T15:30:18","date_gmt":"2018-04-16T13:30:18","guid":{"rendered":"http:\/\/wp.unil.ch\/pressesatiriqueromande\/?page_id=469"},"modified":"2018-05-01T10:01:14","modified_gmt":"2018-05-01T08:01:14","slug":"le-dessin-de-presse-est-encore-vigousse","status":"publish","type":"page","link":"https:\/\/wp.unil.ch\/pressesatiriqueromande\/le-dessin-de-presse-est-encore-vigousse\/","title":{"rendered":"Un journal satirique aujourd\u2019hui : Vigousse&#8230;"},"content":{"rendered":"<div class=\"su-row\"><div class=\"su-column su-column-size-1-2\"><div class=\"su-column-inner su-u-clearfix su-u-trim\">\n<div id='gallery-1' class='gallery galleryid-469 gallery-columns-1 gallery-size-medium'><figure class='gallery-item'>\n\t\t\t<div class='gallery-icon portrait'>\n\t\t\t\t<a href='https:\/\/wp.unil.ch\/pressesatiriqueromande\/files\/2018\/04\/1-3.jpg'><img loading=\"lazy\" decoding=\"async\" width=\"220\" height=\"300\" src=\"https:\/\/wp.unil.ch\/pressesatiriqueromande\/files\/2018\/04\/1-3-220x300.jpg\" class=\"attachment-medium size-medium\" alt=\"\" aria-describedby=\"gallery-1-631\" srcset=\"https:\/\/wp.unil.ch\/pressesatiriqueromande\/files\/2018\/04\/1-3-220x300.jpg 220w, https:\/\/wp.unil.ch\/pressesatiriqueromande\/files\/2018\/04\/1-3.jpg 646w\" sizes=\"auto, 100vw\" \/><\/a>\n\t\t\t<\/div>\n\t\t\t\t<figcaption class='wp-caption-text gallery-caption' id='gallery-1-631'>\n\t\t\t\tUne de Martial Leiter, La Pomme, n\u00b01, 1973\n\t\t\t\t<\/figcaption><\/figure><figure class='gallery-item'>\n\t\t\t<div class='gallery-icon portrait'>\n\t\t\t\t<a href='https:\/\/wp.unil.ch\/pressesatiriqueromande\/files\/2018\/04\/2-3.jpg'><img loading=\"lazy\" decoding=\"async\" width=\"210\" height=\"300\" src=\"https:\/\/wp.unil.ch\/pressesatiriqueromande\/files\/2018\/04\/2-3-210x300.jpg\" class=\"attachment-medium size-medium\" alt=\"\" aria-describedby=\"gallery-1-632\" srcset=\"https:\/\/wp.unil.ch\/pressesatiriqueromande\/files\/2018\/04\/2-3-210x300.jpg 210w, https:\/\/wp.unil.ch\/pressesatiriqueromande\/files\/2018\/04\/2-3.jpg 584w\" sizes=\"auto, 100vw\" \/><\/a>\n\t\t\t<\/div>\n\t\t\t\t<figcaption class='wp-caption-text gallery-caption' id='gallery-1-632'>\n\t\t\t\tEditorial du premier num\u00e9ro de La marge !!! Journal de bande dessin\u00e9es l\u00e9gataire universel de feu La Pomme, 1973 \n\t\t\t\t<\/figcaption><\/figure><figure class='gallery-item'>\n\t\t\t<div class='gallery-icon portrait'>\n\t\t\t\t<a href='https:\/\/wp.unil.ch\/pressesatiriqueromande\/files\/2018\/04\/3-3.jpg'><img loading=\"lazy\" decoding=\"async\" width=\"230\" height=\"300\" src=\"https:\/\/wp.unil.ch\/pressesatiriqueromande\/files\/2018\/04\/3-3-230x300.jpg\" class=\"attachment-medium size-medium\" alt=\"\" aria-describedby=\"gallery-1-633\" srcset=\"https:\/\/wp.unil.ch\/pressesatiriqueromande\/files\/2018\/04\/3-3-230x300.jpg 230w, https:\/\/wp.unil.ch\/pressesatiriqueromande\/files\/2018\/04\/3-3.jpg 628w\" sizes=\"auto, 100vw\" \/><\/a>\n\t\t\t<\/div>\n\t\t\t\t<figcaption class='wp-caption-text gallery-caption' id='gallery-1-633'>\n\t\t\t\tVigousse, n\u00b01, 2 d\u00e9cembre 2009 [1]\n\t\t\t\t<\/figcaption><\/figure><figure class='gallery-item'>\n\t\t\t<div class='gallery-icon portrait'>\n\t\t\t\t<a href='https:\/\/wp.unil.ch\/pressesatiriqueromande\/files\/2018\/04\/4-3.jpg'><img loading=\"lazy\" decoding=\"async\" width=\"226\" height=\"300\" src=\"https:\/\/wp.unil.ch\/pressesatiriqueromande\/files\/2018\/04\/4-3-226x300.jpg\" class=\"attachment-medium size-medium\" alt=\"\" aria-describedby=\"gallery-1-634\" srcset=\"https:\/\/wp.unil.ch\/pressesatiriqueromande\/files\/2018\/04\/4-3-226x300.jpg 226w, https:\/\/wp.unil.ch\/pressesatiriqueromande\/files\/2018\/04\/4-3.jpg 628w\" sizes=\"auto, 100vw\" \/><\/a>\n\t\t\t<\/div>\n\t\t\t\t<figcaption class='wp-caption-text gallery-caption' id='gallery-1-634'>\n\t\t\t\tVigousse, n\u00b01, 2 d\u00e9cembre 2009 [2]\n\t\t\t\t<\/figcaption><\/figure><figure class='gallery-item'>\n\t\t\t<div class='gallery-icon portrait'>\n\t\t\t\t<a href='https:\/\/wp.unil.ch\/pressesatiriqueromande\/files\/2018\/04\/5-4.jpg'><img loading=\"lazy\" decoding=\"async\" width=\"225\" height=\"300\" src=\"https:\/\/wp.unil.ch\/pressesatiriqueromande\/files\/2018\/04\/5-4-225x300.jpg\" class=\"attachment-medium size-medium\" alt=\"\" aria-describedby=\"gallery-1-635\" srcset=\"https:\/\/wp.unil.ch\/pressesatiriqueromande\/files\/2018\/04\/5-4-225x300.jpg 225w, https:\/\/wp.unil.ch\/pressesatiriqueromande\/files\/2018\/04\/5-4.jpg 584w\" sizes=\"auto, 100vw\" \/><\/a>\n\t\t\t<\/div>\n\t\t\t\t<figcaption class='wp-caption-text gallery-caption' id='gallery-1-635'>\n\t\t\t\tVigousse, 7 d\u00e9cembre 2012\n\t\t\t\t<\/figcaption><\/figure>\n\t\t<\/div>\n\n<\/div><\/div><div class=\"su-column su-column-size-1-2\"><div class=\"su-column-inner su-u-clearfix su-u-trim\">\n<h1>Le dessin de presse est encore <em>vigousse&#8230;<\/em><\/h1>\n<p>Le d\u00e9clin de la grande presse satirique illustr\u00e9e au XX<sup>e<\/sup> si\u00e8cle a frapp\u00e9 non seulement la Suisse mais encore, pourrait-on avancer, l&rsquo;Europe m\u00eame. Jusque vers 1900, la distinction entre presse \u00abs\u00e9rieuse\u00bb ne recevant que des textes, et presse humoristique, mondaine ou populaire illustr\u00e9e, \u00e9tait clairement \u00e9tablie Aujourd&rsquo;hui, le dessin de presse, le dessin \u00ab\u00e9ditorial\u00bb notamment, a repris la fonction de commentaire graphique et satirique. Il est le fait de dessinateurs soumis parfois \u00e0 des contrats d&rsquo;exclusivit\u00e9, ou du moins \u00e9troitement li\u00e9s aux journaux qui absorbent leur production et utilisent les caricaturistes comme une forme de marque, de <em>branding, <\/em>allant jusqu\u2019\u00e0 placer les dessins \u00e0 la \u00ab\u00a0une\u00a0\u00bb.<\/p>\n<p>La presse illustr\u00e9e satirique n\u2019est toutefois pas morte. En Suisse allemande, <a href=\"https:\/\/www.nebelspalter.ch\/\"><em>Der Nebelspalter<\/em> <\/a>a r\u00e9ussi sa mue num\u00e9rique apr\u00e8s un passage \u00e0 vide dans les ann\u00e9es 1990, qui a failli mettre fin \u00e0 l\u2019entreprise, sous la pression du nouvel environnement m\u00e9diatique. En 1998, le tirage tombait \u00e0 mille exemplaires. Depuis il publie dix num\u00e9ros par an et compte environ vingt mille abonn\u00e9s<\/p>\n<p>La Suisse romande se caract\u00e9rise par un dynamisme caricatural remarquable, tant sur le plan quantitatif que qualitatif. Elle a vu na\u00eetre une s\u00e9rie de journaux dans les ann\u00e9es 1970, inspir\u00e9s de <em>Charlie Hebdo ou M\u00e9tal Hurlant\u00a0: <\/em> contestataire, reprenant le mod\u00e8le des publications alternatives et occasionnelles, comme les fanzines et autres graphzines\u00a0: du mensuel <em>La Tuile <\/em>dans le canton du Jura (2500 exemplaires), \u00e0 <em>La Pilule <\/em>(entre 1970 et 1974), en passant par <em>Le<\/em> <em>M\u00e9pris <\/em>ou <em>La Pomme <\/em>(1973, 1974) ou encore <em>la Marge,<\/em> autour du libraire et \u00e9diteur Rolf Kesselring<em>.<\/em><\/p>\n<p>Plus r\u00e9cemment, un journal satirique illustr\u00e9, homologue du <em>Nebelspalter, <\/em>a vu le jour en Suisse romande<em>.<\/em> En d\u00e9cembre 2009, <em>Vigousse. Le petit satirique romand<\/em> a repris le flambeau du bimensuel lausannois de gauche et antimilitariste <em>Le <\/em><em>Semeur<\/em> (1991-1992), inspir\u00e9 par l&rsquo;exemple parisien du <em>Canard encha\u00een\u00e9<\/em>, avec une \u00e9quipe de dessinateurs compos\u00e9e entre autres d\u2019Yves Giroud (n\u00e9 en 1943) et Henri Meyer (n\u00e9 en 1952). <em>Saturne<\/em> a connu le m\u00eame sort que\u00a0<em>Le Semeur<\/em> en 2006, apr\u00e8s deux ans, faute de revenus publicitaires.<\/p>\n<p>C\u2019est Barrigue, le fils du dessinateur fran\u00e7ais Piem (Pierre\u00a0Georges Marie\u00a0de Barrigue de Montvallon, n\u00e9 en 1923) qui a lanc\u00e9 le journal avec des humoristes proches de la radio et du th\u00e9\u00e2tre. Tir\u00e9 entre dix et quinze mille exemplaires, <a href=\"https:\/\/www.vigousse.ch\/\"><em>Vigousse<\/em><\/a> se calque sur le mod\u00e8le de <em>Charlie <\/em><em>Hebdo<\/em> et du <em>Canard encha\u00een\u00e9<\/em>. Parmi les collaborateurs pour les images, signalons (entre autres) Mix &amp; Remix, Plonk et Replonk (Hubert et Jacques Froidevaux), sp\u00e9cialis\u00e9s dans les photomontages comiques, ainsi que trois femmes\u00a0: B\u00e9n\u00e9dicte Sambo-Thi\u00e9mard (B\u00e9n\u00e9dicte a succ\u00e9d\u00e9 \u00e0 Burki dans<em> 24 heures<\/em><em>), <\/em>Corinne Rey (Coco<em>, <\/em>Fran\u00e7aise, de l\u2019\u00e9quipe de <em>Charlie Hebdo) et <\/em>Caroline Rutz (Caro<em>)<\/em>.<\/p>\n<p>L\u2019ann\u00e9e suivant sa cr\u00e9ation, le journal comptait pr\u00e8s de six mille abonn\u00e9s et trois mille exemplaires vendus en kiosque. Au lendemain de l\u2019attentat de <em>Charlie Hebdo, <\/em>en janvier 2015, <em>Vigousse<\/em> a tripl\u00e9 ses ventes. Ce ph\u00e9nom\u00e8ne conjoncturel signale toutefois le fait que, depuis quelques ann\u00e9es, jamais le dessin de presse satirique n&rsquo;a \u00e9t\u00e9 aussi pr\u00e9sent sur la sc\u00e8ne m\u00e9diatique, principalement depuis l\u2019affaire dite des \u00ab\u00a0caricatures de Mahomet\u00a0\u00bb, qui a profond\u00e9ment divis\u00e9 l\u2019opinion publique et suscit\u00e9 nombre de malentendus et de manipulations, principalement par le biais de leur diffusion via internet.<\/p>\n<p>Tandis que le statut de journaliste donne aujourd\u2019hui aux caricaturistes une l\u00e9gitimit\u00e9 professionnelle nouvelle, le champ conna\u00eet des mutations profondes avec l\u2019arriv\u00e9e des journaux gratuits, le monopole des grands groupes de m\u00e9dias (comme Edipresse et Tamedia) et surtout avec les possibilit\u00e9s offertes par l\u2019\u00e9dition num\u00e9rique. Par ailleurs, les expositions et les festivals se sont multipli\u00e9s ces trente derni\u00e8res ann\u00e9es. La caricature, comme la bande dessin\u00e9e, sont devenus \u00ab\u00a0populaires\u00a0\u00bb, \u00e0 d\u00e9faut d\u2019\u00eatre encore \u00ab\u00a0reconnus\u00a0\u00bb. Depuis les ann\u00e9es 1970, les manifestations internationales et helv\u00e9tiques (salons, biennales, etc.) se sont multipli\u00e9es. Les villes de Berne ou de Morges (VD), par exemple, organisent r\u00e9guli\u00e8rement l&rsquo;une des expositions collectives substantielles, assorties de catalogues, d&rsquo;autres des salons regroupant les dessinateurs de presse, surtout en Suisse romande. B\u00e2le dispose d\u2019un Cartoonmuseum, cr\u00e9\u00e9 en 1979, au sein duquel les dessinateurs romands sont bien repr\u00e9sent\u00e9s. Il n\u2019en demeure pas moins exceptionnel que des caricatures franchissent la porte des mus\u00e9es des beaux-arts en Suisse.<\/p>\n<p>Comme partout, se pose la question de la pr\u00e9servation et de la patrimonialisation de ces \u0153uvres, et plus globalement des fonds d&rsquo;atelier d&rsquo;artistes qui appartiennent \u00e0 l\u2019histoire de l\u2019art et des m\u00e9dias\u00a0et sont constitutive de notre h\u00e9ritage culturel. Un morceau de cette histoire est consultable sur la plate-forme <a href=\"https:\/\/scriptorium.bcu-lausanne.ch\/page\/home\"><em>Scriptorium<\/em><\/a> de la Biblioth\u00e8que cantonale et universitaire de Lausanne, librement accessible depuis le web. Alors qu\u2019est pos\u00e9e la question des archives de la photographie de presse, il est urgent de se poser aujourd\u2019hui la question de la place du dessin de presse dans la m\u00e9moire collective locale, r\u00e9gionale mais aussi nationale.<\/p>\n<p style=\"text-align: right\">Philippe Kaenel<\/p>\n<hr \/>\n<\/div><\/div>\n<\/div>\n","protected":false},"excerpt":{"rendered":"","protected":false},"author":1001741,"featured_media":0,"parent":0,"menu_order":0,"comment_status":"closed","ping_status":"closed","template":"","meta":{"_seopress_robots_primary_cat":"","_seopress_titles_title":"","_seopress_titles_desc":"","_seopress_robots_index":"","footnotes":""},"class_list":["post-469","page","type-page","status-publish"],"_links":{"self":[{"href":"https:\/\/wp.unil.ch\/pressesatiriqueromande\/wp-json\/wp\/v2\/pages\/469","targetHints":{"allow":["GET"]}}],"collection":[{"href":"https:\/\/wp.unil.ch\/pressesatiriqueromande\/wp-json\/wp\/v2\/pages"}],"about":[{"href":"https:\/\/wp.unil.ch\/pressesatiriqueromande\/wp-json\/wp\/v2\/types\/page"}],"author":[{"embeddable":true,"href":"https:\/\/wp.unil.ch\/pressesatiriqueromande\/wp-json\/wp\/v2\/users\/1001741"}],"replies":[{"embeddable":true,"href":"https:\/\/wp.unil.ch\/pressesatiriqueromande\/wp-json\/wp\/v2\/comments?post=469"}],"version-history":[{"count":0,"href":"https:\/\/wp.unil.ch\/pressesatiriqueromande\/wp-json\/wp\/v2\/pages\/469\/revisions"}],"wp:attachment":[{"href":"https:\/\/wp.unil.ch\/pressesatiriqueromande\/wp-json\/wp\/v2\/media?parent=469"}],"curies":[{"name":"wp","href":"https:\/\/api.w.org\/{rel}","templated":true}]}}