{"id":237,"date":"2018-04-12T15:47:11","date_gmt":"2018-04-12T13:47:11","guid":{"rendered":"http:\/\/wp.unil.ch\/pressesatiriqueromande\/?page_id=237"},"modified":"2018-05-01T09:13:32","modified_gmt":"2018-05-01T07:13:32","slug":"le-journal-la-guepe-et-le-radicalisme-autour-de-1850","status":"publish","type":"page","link":"https:\/\/wp.unil.ch\/pressesatiriqueromande\/le-journal-la-guepe-et-le-radicalisme-autour-de-1850\/","title":{"rendered":"Le journal La Gu\u00eape  et le radicalisme autour de 1850"},"content":{"rendered":"<div class=\"su-row\">\n<div class=\"su-column su-column-size-1-2\"><div class=\"su-column-inner su-u-clearfix su-u-trim\">\n<div id='gallery-1' class='gallery galleryid-237 gallery-columns-1 gallery-size-medium'><figure class='gallery-item'>\n\t\t\t<div class='gallery-icon landscape'>\n\t\t\t\t<a href='https:\/\/wp.unil.ch\/pressesatiriqueromande\/files\/2018\/04\/1-4-e1523965806229.jpg'><img loading=\"lazy\" decoding=\"async\" width=\"300\" height=\"203\" src=\"https:\/\/wp.unil.ch\/pressesatiriqueromande\/files\/2018\/04\/1-4-e1523965806229-300x203.jpg\" class=\"attachment-medium size-medium\" alt=\"\" aria-describedby=\"gallery-1-646\" srcset=\"https:\/\/wp.unil.ch\/pressesatiriqueromande\/files\/2018\/04\/1-4-e1523965806229-300x203.jpg 300w, https:\/\/wp.unil.ch\/pressesatiriqueromande\/files\/2018\/04\/1-4-e1523965806229-1024x693.jpg 1024w, https:\/\/wp.unil.ch\/pressesatiriqueromande\/files\/2018\/04\/1-4-e1523965806229-768x520.jpg 768w, https:\/\/wp.unil.ch\/pressesatiriqueromande\/files\/2018\/04\/1-4-e1523965806229.jpg 1087w\" sizes=\"auto, 100vw\" \/><\/a>\n\t\t\t<\/div>\n\t\t\t\t<figcaption class='wp-caption-text gallery-caption' id='gallery-1-646'>\n\t\t\t\tLa Gu\u00eape, 7 mars 1851, \u00ab(Le Peuple.) Nous venons te chercher, tu es seul capable de sauver la patrie en danger\u2026\n(Cincinnatus) Je suis d\u00e9sol\u00e9\u2026 mais vous savez parfaitement que comme sous commis d\u2019exercices, je ne suis employ\u00e9 de l\u2019Etat; c\u2019est par cons\u00e9quent incompatible avec mes fonctions.\u00bb\n\n\t\t\t\t<\/figcaption><\/figure><figure class='gallery-item'>\n\t\t\t<div class='gallery-icon landscape'>\n\t\t\t\t<a href='https:\/\/wp.unil.ch\/pressesatiriqueromande\/files\/2018\/05\/2.jpg'><img loading=\"lazy\" decoding=\"async\" width=\"300\" height=\"230\" src=\"https:\/\/wp.unil.ch\/pressesatiriqueromande\/files\/2018\/05\/2-300x230.jpg\" class=\"attachment-medium size-medium\" alt=\"\" aria-describedby=\"gallery-1-1115\" srcset=\"https:\/\/wp.unil.ch\/pressesatiriqueromande\/files\/2018\/05\/2-300x230.jpg 300w, https:\/\/wp.unil.ch\/pressesatiriqueromande\/files\/2018\/05\/2-768x590.jpg 768w, https:\/\/wp.unil.ch\/pressesatiriqueromande\/files\/2018\/05\/2-1024x787.jpg 1024w, https:\/\/wp.unil.ch\/pressesatiriqueromande\/files\/2018\/05\/2.jpg 1562w\" sizes=\"auto, 100vw\" \/><\/a>\n\t\t\t<\/div>\n\t\t\t\t<figcaption class='wp-caption-text gallery-caption' id='gallery-1-1115'>\n\t\t\t\tAlexandre Cabanel, Cincinnatus recevant les ambassadeurs de Rome, 1843, Mus\u00e9e Fabre\n\t\t\t\t<\/figcaption><\/figure><figure class='gallery-item'>\n\t\t\t<div class='gallery-icon portrait'>\n\t\t\t\t<a href='https:\/\/wp.unil.ch\/pressesatiriqueromande\/files\/2018\/04\/3-4.jpg'><img loading=\"lazy\" decoding=\"async\" width=\"208\" height=\"300\" src=\"https:\/\/wp.unil.ch\/pressesatiriqueromande\/files\/2018\/04\/3-4-208x300.jpg\" class=\"attachment-medium size-medium\" alt=\"\" aria-describedby=\"gallery-1-639\" srcset=\"https:\/\/wp.unil.ch\/pressesatiriqueromande\/files\/2018\/04\/3-4-208x300.jpg 208w, https:\/\/wp.unil.ch\/pressesatiriqueromande\/files\/2018\/04\/3-4-768x1107.jpg 768w, https:\/\/wp.unil.ch\/pressesatiriqueromande\/files\/2018\/04\/3-4-710x1024.jpg 710w, https:\/\/wp.unil.ch\/pressesatiriqueromande\/files\/2018\/04\/3-4.jpg 804w\" sizes=\"auto, 100vw\" \/><\/a>\n\t\t\t<\/div>\n\t\t\t\t<figcaption class='wp-caption-text gallery-caption' id='gallery-1-639'>\n\t\t\t\tLa Gu\u00eape, 26 juin 1851\n\t\t\t\t<\/figcaption><\/figure><figure class='gallery-item'>\n\t\t\t<div class='gallery-icon portrait'>\n\t\t\t\t<a href='https:\/\/wp.unil.ch\/pressesatiriqueromande\/files\/2018\/04\/4-4.jpg'><img loading=\"lazy\" decoding=\"async\" width=\"211\" height=\"300\" src=\"https:\/\/wp.unil.ch\/pressesatiriqueromande\/files\/2018\/04\/4-4-211x300.jpg\" class=\"attachment-medium size-medium\" alt=\"\" aria-describedby=\"gallery-1-640\" srcset=\"https:\/\/wp.unil.ch\/pressesatiriqueromande\/files\/2018\/04\/4-4-211x300.jpg 211w, https:\/\/wp.unil.ch\/pressesatiriqueromande\/files\/2018\/04\/4-4-768x1092.jpg 768w, https:\/\/wp.unil.ch\/pressesatiriqueromande\/files\/2018\/04\/4-4-720x1024.jpg 720w, https:\/\/wp.unil.ch\/pressesatiriqueromande\/files\/2018\/04\/4-4.jpg 800w\" sizes=\"auto, 100vw\" \/><\/a>\n\t\t\t<\/div>\n\t\t\t\t<figcaption class='wp-caption-text gallery-caption' id='gallery-1-640'>\n\t\t\t\tLa Gu\u00eape, 11 d\u00e9cembre 1851 \n\t\t\t\t<\/figcaption><\/figure><figure class='gallery-item'>\n\t\t\t<div class='gallery-icon portrait'>\n\t\t\t\t<a href='https:\/\/wp.unil.ch\/pressesatiriqueromande\/files\/2018\/04\/5-5.jpg'><img loading=\"lazy\" decoding=\"async\" width=\"204\" height=\"300\" src=\"https:\/\/wp.unil.ch\/pressesatiriqueromande\/files\/2018\/04\/5-5-204x300.jpg\" class=\"attachment-medium size-medium\" alt=\"\" aria-describedby=\"gallery-1-641\" srcset=\"https:\/\/wp.unil.ch\/pressesatiriqueromande\/files\/2018\/04\/5-5-204x300.jpg 204w, https:\/\/wp.unil.ch\/pressesatiriqueromande\/files\/2018\/04\/5-5.jpg 574w\" sizes=\"auto, 100vw\" \/><\/a>\n\t\t\t<\/div>\n\t\t\t\t<figcaption class='wp-caption-text gallery-caption' id='gallery-1-641'>\n\t\t\t\tLa Gu\u00eape, 26 juin 1851 \n\t\t\t\t<\/figcaption><\/figure><figure class='gallery-item'>\n\t\t\t<div class='gallery-icon portrait'>\n\t\t\t\t<a href='https:\/\/wp.unil.ch\/pressesatiriqueromande\/files\/2018\/04\/6-4.jpg'><img loading=\"lazy\" decoding=\"async\" width=\"228\" height=\"300\" src=\"https:\/\/wp.unil.ch\/pressesatiriqueromande\/files\/2018\/04\/6-4-228x300.jpg\" class=\"attachment-medium size-medium\" alt=\"\" aria-describedby=\"gallery-1-642\" srcset=\"https:\/\/wp.unil.ch\/pressesatiriqueromande\/files\/2018\/04\/6-4-228x300.jpg 228w, https:\/\/wp.unil.ch\/pressesatiriqueromande\/files\/2018\/04\/6-4.jpg 376w\" sizes=\"auto, 100vw\" \/><\/a>\n\t\t\t<\/div>\n\t\t\t\t<figcaption class='wp-caption-text gallery-caption' id='gallery-1-642'>\n\t\t\t\tLerebours et Claudet, Louis-Philippe 1er, 1842, daguerr\u00e9otype\n\t\t\t\t<\/figcaption><\/figure><figure class='gallery-item'>\n\t\t\t<div class='gallery-icon portrait'>\n\t\t\t\t<a href='https:\/\/wp.unil.ch\/pressesatiriqueromande\/files\/2018\/04\/7-2.jpg'><img loading=\"lazy\" decoding=\"async\" width=\"220\" height=\"300\" src=\"https:\/\/wp.unil.ch\/pressesatiriqueromande\/files\/2018\/04\/7-2-220x300.jpg\" class=\"attachment-medium size-medium\" alt=\"\" aria-describedby=\"gallery-1-643\" srcset=\"https:\/\/wp.unil.ch\/pressesatiriqueromande\/files\/2018\/04\/7-2-220x300.jpg 220w, https:\/\/wp.unil.ch\/pressesatiriqueromande\/files\/2018\/04\/7-2.jpg 650w\" sizes=\"auto, 100vw\" \/><\/a>\n\t\t\t<\/div>\n\t\t\t\t<figcaption class='wp-caption-text gallery-caption' id='gallery-1-643'>\n\t\t\t\tHonor\u00e9 Daumier, Les Poires, 1831\n\t\t\t\t<\/figcaption><\/figure><figure class='gallery-item'>\n\t\t\t<div class='gallery-icon portrait'>\n\t\t\t\t<a href='https:\/\/wp.unil.ch\/pressesatiriqueromande\/files\/2018\/04\/9-2.jpg'><img loading=\"lazy\" decoding=\"async\" width=\"194\" height=\"300\" src=\"https:\/\/wp.unil.ch\/pressesatiriqueromande\/files\/2018\/04\/9-2-194x300.jpg\" class=\"attachment-medium size-medium\" alt=\"\" aria-describedby=\"gallery-1-644\" srcset=\"https:\/\/wp.unil.ch\/pressesatiriqueromande\/files\/2018\/04\/9-2-194x300.jpg 194w, https:\/\/wp.unil.ch\/pressesatiriqueromande\/files\/2018\/04\/9-2.jpg 387w\" sizes=\"auto, 100vw\" \/><\/a>\n\t\t\t<\/div>\n\t\t\t\t<figcaption class='wp-caption-text gallery-caption' id='gallery-1-644'>\n\t\t\t\tEug\u00e8ne Disd\u00e9ri, Louis Adolphe Thiers, vers 1860. \n\t\t\t\t<\/figcaption><\/figure><figure class='gallery-item'>\n\t\t\t<div class='gallery-icon portrait'>\n\t\t\t\t<a href='https:\/\/wp.unil.ch\/pressesatiriqueromande\/files\/2018\/04\/10-3.jpg'><img loading=\"lazy\" decoding=\"async\" width=\"232\" height=\"300\" src=\"https:\/\/wp.unil.ch\/pressesatiriqueromande\/files\/2018\/04\/10-3-232x300.jpg\" class=\"attachment-medium size-medium\" alt=\"\" aria-describedby=\"gallery-1-645\" srcset=\"https:\/\/wp.unil.ch\/pressesatiriqueromande\/files\/2018\/04\/10-3-232x300.jpg 232w, https:\/\/wp.unil.ch\/pressesatiriqueromande\/files\/2018\/04\/10-3.jpg 618w\" sizes=\"auto, 100vw\" \/><\/a>\n\t\t\t<\/div>\n\t\t\t\t<figcaption class='wp-caption-text gallery-caption' id='gallery-1-645'>\n\t\t\t\tHonor\u00e9 Daumier, THI\u2026, La  Caricature, 2 juin 1833\n\t\t\t\t<\/figcaption><\/figure>\n\t\t<\/div>\n\n<\/div><\/div>\n<div class=\"su-column su-column-size-1-2\"><div class=\"su-column-inner su-u-clearfix su-u-trim\">\n<h1>Le journal <em>La Gu\u00eape <\/em>\u00a0et le radicalisme autour de 1850<\/h1>\n<p><em>La Gu\u00eape<\/em> est un journal satirique en activit\u00e9 de f\u00e9vrier 1851 \u00e0 janvier 1854 \u00e0 Lausanne, tenu par un groupe de jeunes radicaux vaudois. Sa cr\u00e9ation remonte \u00e0 un \u00e9v\u00e9nement local opposant deux groupes de politiciens\u00a0: les radicaux et les lib\u00e9raux-conservateurs. En effet, \u00ab\u00a0les feuilles satiriques surgissent comme des r\u00e9ponses \u00e0 des situations politiques locales bien pr\u00e9cises, et [\u2026] elles ont parfois de la peine \u00e0 se convertir lorsque ces conditions changent\u00a0\u00bb<a href=\"#_ftn1\" name=\"_ftnref1\">[1]<\/a>. Dans le cas de <em>La Gu\u00eape<\/em> il s\u2019agit de la votation sur les incompatibilit\u00e9s \u00e9lectorales (s\u00e9paration entre le statut de fonctionnaire et la fonction de parlementaire). Le gouvernement \u00e9tait alors domin\u00e9 par des radicaux. La votation ne leur profite gu\u00e8re et <em>La Gu\u00eape, <\/em>qui est de leur c\u00f4t\u00e9, perd ce combat le 6 avril 1851, date de la victoire des lib\u00e9raux conservateurs sur les radicaux.<\/p>\n<p>En d\u00e9pit de cet \u00e9chec, le bimensuel continue de para\u00eetre, offrant alors des articles et des planches qui vont de la satire des femmes savantes (les\u00a0\u00ab\u00a0bas-bleu\u00a0\u00bb dont se moque au m\u00eame moment Daumier dans la presse satirique parisienne) \u00e0 la f\u00eate des Vignerons, en passant par le coup d\u2019\u00c9tat du 2 d\u00e9cembre 1851 qui met au pouvoir Louis-Napol\u00e9on Bonaparte. La feuille poursuit avec des th\u00e8mes de soci\u00e9t\u00e9 jusqu\u2019au 9 janvier 1854, date de son dernier num\u00e9ro.<\/p>\n<h2>Un journal, ses acteurs et ses lecteurs<\/h2>\n<p>Le bureau de <em>La Gu\u00eape<\/em> \u00e9tait situ\u00e9 dans la Rue de Bourg \u00e0 Lausanne. Les auteurs des articles ne sont la plupart du temps pas mentionn\u00e9s, par souci de protection<a href=\"#_ftn2\" name=\"_ftnref2\">[2]<\/a>. Le journal est tenu par quatre jeunes radicaux, parmi ceux-ci Ferdinand Lecomte (1886-1899) qui est \u00e9galement r\u00e9dacteur au <em>Nouvelliste vaudois<\/em> et enseignant \u00e0 l\u2019\u00c9cole moyenne et industrielle de Lausanne. Il sera plus tard chancelier de l\u2019\u00c9tat de Vaud et fera une grande carri\u00e8re militaire et politique comme colonel de l\u2019arm\u00e9e f\u00e9d\u00e9rale. On y trouve \u00e9galement Marc Rochat, \u00e9diteur et typographe et Pache, qui est l\u2019imprimeur<a href=\"#_ftn3\" name=\"_ftnref3\">[3]<\/a>. <em>La Gu\u00eape<\/em> b\u00e9n\u00e9ficie \u00e9galement des dessins de Fran\u00e7ois Bocion (1828-1890), de retour de l\u2019atelier de Charles Gleyre \u00e0 Paris<a href=\"#_ftn4\" name=\"_ftnref4\">[4]<\/a>.<\/p>\n<p>Le num\u00e9ro est constitu\u00e9 de quatre pages (format normal pour les ann\u00e9es 1850<a href=\"#_ftn5\" name=\"_ftnref5\">[5]<\/a>). Dans chaque num\u00e9ro d\u00e8s avril 1851 se trouve une lithographie. Mais auparavant, <em>La Gu\u00eape <\/em>sort davantage de num\u00e9ros, en raison de son programme politique contre les incompatibilit\u00e9s. La lithographie est toujours sur la troisi\u00e8me page, ce qui la rend visible au lecteur une fois le journal ouvert (certains parlent de la page la plus \u00ab\u00a0accroche-\u0153il\u00a0\u00bb<a href=\"#_ftn6\" name=\"_ftnref6\">[6]<\/a>). Ainsi, le lecteur obtient avec le journal non seulement trois pages avec des articles sur l\u2019actualit\u00e9 principalement politique\u00a0\u2013 votations, \u00e9lections, etc. \u2013 mais encore il peut contempler une lithographie sur une page enti\u00e8re, r\u00e9alis\u00e9e principalement par Bocion.<\/p>\n<p>Quelques t\u00e9moignages attestent du succ\u00e8s rencontr\u00e9 par le journal. En effet le conseiller f\u00e9d\u00e9ral, Henri Druey (1799-1855) commande un certain nombre de num\u00e9ros avec ce commentaire\u00a0: \u00ab\u00a0<em>La Gu\u00eape <\/em>a des articles et des planches qui portent coup. [\u2026] Ce journal a fait de grands progr\u00e8s\u00a0; il est marqu\u00e9 au coin de l\u2019esprit et du bon sens\u00a0: il doit r\u00e9ussir\u00a0\u00bb<a href=\"#_ftn7\" name=\"_ftnref7\">[7]<\/a>. La planche \u00e0 propos de la f\u00eate des Vignerons t\u00e9moigne \u00e9galement de sa r\u00e9ussite\u00a0: \u00ab\u00a0L\u2019immense succ\u00e8s qu\u2019a obtenu la publication de ce journal permet \u00e0 l\u2019administration d\u2019offrir en prime, aux abonn\u00e9s de cette ann\u00e9e, gratis et franco jusqu\u2019\u00e0 la fronti\u00e8re, une <em>belle lithographie<\/em>, [\u2026].\u00a0\u00bb<a href=\"#_ftn8\" name=\"_ftnref8\">[8]<\/a>. En outre, Fran\u00e7ois Bocion r\u00e9alise un album, <em>L\u2019Album de La Gu\u00eape<\/em>, qui est une compilation de ses lithographies de la premi\u00e8re ann\u00e9e d\u2019activit\u00e9 du journal. Pourtant, le prix du journal est assez \u00e9lev\u00e9 : cinq francs f\u00e9d\u00e9raux par an soit vingt centimes le num\u00e9ro (en 1850, un ouvrier du textile \u00e0 la campagne gagne en moyenne 1,50 francs par jour)<a href=\"#_ftn9\" name=\"_ftnref9\">[9]<\/a>.<\/p>\n<h2>La figure d\u2019artiste et le mod\u00e8le parisien<\/h2>\n<p>Bocion, devenu depuis lors c\u00e9l\u00e8bre gr\u00e2ce \u00e0 ses peintures de paysages du L\u00e9man, est un artiste engag\u00e9 dans la politique lausannoise avec un mandat de conseiller communal<a href=\"#_ftn10\" name=\"_ftnref10\">[10]<\/a>. Il participe \u00e0 la r\u00e9volution radicale de Henri Druey en 1845 \u00e0 Lausanne, r\u00e9volution qui marque la prise de pouvoir des radicaux dans le canton de Vaud<a href=\"#_ftn11\" name=\"_ftnref11\">[11]<\/a>. Durant son s\u00e9jour \u00e0 Paris, \u00e9l\u00e8ve de Charles Gleyre (1806-1874), il adh\u00e8re sans doute \u00e0 l\u2019id\u00e9ologie r\u00e9publicaine v\u00e9hicul\u00e9e par des journaux satiriques fran\u00e7ais tel le <em>Charivari<\/em><a href=\"#_ftn12\" name=\"_ftnref12\">[12]<\/a> (fond\u00e9 en 1832), au sein duquel travaille Honor\u00e9 Daumier (1808-1879), qui accompagne l\u2019abdication de Louis-Philippe puis la proclamation de la II<sup>\u00e8me<\/sup>R\u00e9publique.<\/p>\n<p>D\u00e8s le premier num\u00e9ro, <em>La Gu\u00eape<\/em> a pour sous-titre\u00a0: \u00ab\u00a0Journal charivarique vaudois\u00a0\u00bb. La filiation entre les journaux satiriques fran\u00e7ais et suisses est confirm\u00e9e tant sur le plan esth\u00e9tique que politique, car \u00ab\u00a0[\u2026] la caricature n\u2019a pas une identit\u00e9 nationale, mais elle met en sc\u00e8ne, en image les identit\u00e9s\u00a0\u00bb<a href=\"#_ftn13\" name=\"_ftnref13\">[13]<\/a>. Le journal vaudois s\u2019attachera \u00e9galement au coup d\u2019\u00c9tat du 2 D\u00e9cembre de Louis-Napol\u00e9on Bonaparte, qui verrouille la presse en France.<\/p>\n<p style=\"text-align: right\">Ga\u00ebl Itim<\/p>\n<hr \/>\n<p><a href=\"#_ftnref1\" name=\"_ftn1\">[1]<\/a> Philippe Kaenel, \u00abPour une histoire de la caricature en Suisse\u00bb, <em>Nos monuments d\u2019art et d\u2019histoire<\/em>, 42, 1991, p. 426, cit\u00e9 dans Olivier Meuwly, <em>Histoire de la presse politique en Suisse romande au XIX<sup>e<\/sup> si\u00e8cle<\/em>, Gollion, Infolio, 2011, pp. 53-54.<\/p>\n<p><a href=\"#_ftnref2\" name=\"_ftn2\">[2]<\/a> Olivier Meuwly, S\u00e9bastien Rial, <em>Ferdinand Lecompte\u00a0: 1826-1899\u00a0: journaliste, officier et grand commis d\u2019\u00e9tat\u00a0: actes du colloque du 1<sup>er <\/sup>d\u00e9cembre 2007<\/em>, Lausanne, Cercle D\u00e9mocratique, 2008, pp. 50-51.<\/p>\n<p><a href=\"#_ftnref3\" name=\"_ftn3\">[3]<\/a> Georges Andrey, \u00ab\u00a0Fran\u00e7ois Bocion caricaturiste \u00e0 \u00ab\u00a0La Gu\u00eape\u00a0\u00bb et artiste engag\u00e9\u00a0\u00bb, Pour m\u00e9moire. Art et politique dans le canton de Vaud au XIXe si\u00e8cle\u00a0: une relation \u00e9quivoque, actes du colloque de Lausanne du 8 novembre 2008, sous la direction d\u2019Olivier Meuwly, Lausanne, Soci\u00e9t\u00e9 d\u2019Histoire de la Suisse romande, Cercle D\u00e9mocratique, 2009, p. 22.<\/p>\n<p><a href=\"#_ftnref4\" name=\"_ftn4\">[4]<\/a> Pour les \u00e9l\u00e9ments biographiques\u00a0voir B\u00e9atrice Aubert-Lecoultre, <em>Fran\u00e7ois Bocion<\/em>, Lutry, Marendaz, 1977.<\/p>\n<p><a href=\"#_ftnref5\" name=\"_ftn5\">[5]<\/a> Olivier Meuwly, S\u00e9bastien Rial, <em>op. cit<\/em>., p. 53.<\/p>\n<p><a href=\"#_ftnref6\" name=\"_ftn6\">[6]<\/a> <em>Idem.<\/em><\/p>\n<p><a href=\"#_ftnref7\" name=\"_ftn7\">[7]<\/a> Georges Andrey, <em>art. cit<\/em>., p. 24.<\/p>\n<p><a href=\"#_ftnref8\" name=\"_ftn8\">[8]<\/a> <em>La Gu\u00eape<\/em>, 28 mars 1851, disponible sur :\u00a0<a href=\"https:\/\/scriptorium.bcu-lausanne.ch\/page\/home\">https:\/\/scriptorium.bcu-lausanne.ch\/page\/home<\/a> .<\/p>\n<p><a href=\"#_ftnref9\" name=\"_ftn9\">[9]<\/a> Olivier Meuwly, S\u00e9bastien Rial, <em>op. cit., <\/em>p. 42.<\/p>\n<p><a href=\"#_ftnref10\" name=\"_ftn10\">[10]<\/a> <em>Ibid., <\/em>pp. 13-15.<\/p>\n<p><a href=\"#_ftnref11\" name=\"_ftn11\">[11]<\/a> Pierre-Andr\u00e9 Bovard<em> , op. cit<\/em>., pp. 11-17.<\/p>\n<p><a href=\"#_ftnref12\" name=\"_ftn12\">[12]<\/a> Philippe Kaenel, \u00ab\u00a01830-1848 : la r\u00e9ception de l&rsquo;\u0153uvre de Daumier et Grandville en Suisse \u00bb, <em>Soci\u00e9t\u00e9s et Repr\u00e9sentations<\/em>, 2000\/2 (n\u00b010), pp. 155-156.<\/p>\n<p><a href=\"#_ftnref13\" name=\"_ftn13\">[13]<\/a> Philippe Kaenel, \u00abPour une histoire de la caricature en Suisse\u00bb, <em>Nos monuments d\u2019art et d\u2019histoire<\/em>, 42, 1991, p. 403.<\/div><\/div>\n<\/div>\n","protected":false},"excerpt":{"rendered":"","protected":false},"author":1001741,"featured_media":0,"parent":0,"menu_order":0,"comment_status":"closed","ping_status":"closed","template":"","meta":{"_seopress_robots_primary_cat":"","_seopress_titles_title":"","_seopress_titles_desc":"","_seopress_robots_index":"","footnotes":""},"class_list":["post-237","page","type-page","status-publish"],"_links":{"self":[{"href":"https:\/\/wp.unil.ch\/pressesatiriqueromande\/wp-json\/wp\/v2\/pages\/237","targetHints":{"allow":["GET"]}}],"collection":[{"href":"https:\/\/wp.unil.ch\/pressesatiriqueromande\/wp-json\/wp\/v2\/pages"}],"about":[{"href":"https:\/\/wp.unil.ch\/pressesatiriqueromande\/wp-json\/wp\/v2\/types\/page"}],"author":[{"embeddable":true,"href":"https:\/\/wp.unil.ch\/pressesatiriqueromande\/wp-json\/wp\/v2\/users\/1001741"}],"replies":[{"embeddable":true,"href":"https:\/\/wp.unil.ch\/pressesatiriqueromande\/wp-json\/wp\/v2\/comments?post=237"}],"version-history":[{"count":0,"href":"https:\/\/wp.unil.ch\/pressesatiriqueromande\/wp-json\/wp\/v2\/pages\/237\/revisions"}],"wp:attachment":[{"href":"https:\/\/wp.unil.ch\/pressesatiriqueromande\/wp-json\/wp\/v2\/media?parent=237"}],"curies":[{"name":"wp","href":"https:\/\/api.w.org\/{rel}","templated":true}]}}