{"id":178,"date":"2025-10-07T09:07:33","date_gmt":"2025-10-07T07:07:33","guid":{"rendered":"https:\/\/wp.unil.ch\/planh\/?page_id=178"},"modified":"2026-02-18T11:07:03","modified_gmt":"2026-02-18T10:07:03","slug":"research-2","status":"publish","type":"page","link":"https:\/\/wp.unil.ch\/planh\/fr\/research-2\/","title":{"rendered":"Recherche"},"content":{"rendered":"<p>Au fond, PLAN<em>H<\/em> conduit <strong>la recherche en sciences sociales<\/strong> \u00e0 l'intersection de <strong>trois domaines th\u00e9matiques cl\u00e9s<\/strong>.<\/p>\n\n\n\n<p class=\"has-text-align-center has-background has-larger-font-size\" style=\"background-color:#0d9be55c\"><strong><em>Planification<\/em><\/strong><\/p>\n\n\n\n<div class=\"wp-block-media-text has-media-on-the-right is-stacked-on-mobile\"><div class=\"wp-block-media-text__content\">\n<p>Dans le PLAN<em>H<\/em> compr\u00e9hension,&nbsp;<em>planification<\/em>&nbsp;d\u00e9signe la pratique consistant \u00e0 diriger et \u00e0 orienter le d\u00e9veloppement spatial, sur la base de r\u00e8gles juridiques formelles et informelles et de lois (institutions). Celles-ci comprennent, par exemple, les plans de zonage et la l\u00e9gislation en mati\u00e8re de planification, ainsi que les accords informels ou les normes coutumi\u00e8res. Notre travail s'appuie sur une nouvelle approche institutionnelle de la planification, qui met l'accent sur le r\u00f4le central des lois et des politiques ainsi que sur le comportement strat\u00e9gique des acteurs dans l'\u00e9laboration d'un d\u00e9veloppement spatial (non) durable (voir, par exemple, Debrunner, 2024).<\/p>\n\n\n\n<p>En m\u00eame temps, nous ne consid\u00e9rons pas les r\u00e8gles et les lois comme fixes ou neutres. Nous reconnaissons plut\u00f4t que toute r\u00e8gle formalis\u00e9e est le r\u00e9sultat de processus sociopolitiques au cours desquels les normes sont d\u00e9battues, n\u00e9goci\u00e9es et institutionnalis\u00e9es entre les acteurs, par exemple au sein des parlements ou des conseils municipaux. Dans ces processus, certains acteurs (tels que les politiciens ou les autorit\u00e9s locales) peuvent r\u00e9ussir \u00e0 promouvoir leurs int\u00e9r\u00eats, tandis que d'autres, souvent moins puissants sur le plan juridique ou sociopolitique, restent exclus de ce jeu de n\u00e9gociation.<\/p>\n\n\n\n<p><strong>Comprendre comment et pourquoi les r\u00e8gles deviennent formelles, quels acteurs fa\u00e7onnent ces processus et quelles cons\u00e9quences ils ont sur l'utilisation des terres et le d\u00e9veloppement spatial est au c\u0153ur de notre recherche. <\/strong>Ces dynamiques de pouvoir dans la planification sont au c\u0153ur du travail de PLANH.<\/p>\n<\/div><figure class=\"wp-block-media-text__media\"><img loading=\"lazy\" decoding=\"async\" width=\"1024\" height=\"676\" src=\"https:\/\/wp.unil.ch\/planh\/files\/2026\/02\/enq2025-77-plan-zones-id-141508_compressed_page-0001-1024x676.jpg\" alt=\"Plan d'affectation Morges - 2025\" class=\"wp-image-685 size-full\" srcset=\"https:\/\/wp.unil.ch\/planh\/files\/2026\/02\/enq2025-77-plan-zones-id-141508_compressed_page-0001-1024x676.jpg 1024w, https:\/\/wp.unil.ch\/planh\/files\/2026\/02\/enq2025-77-plan-zones-id-141508_compressed_page-0001-300x198.jpg 300w, https:\/\/wp.unil.ch\/planh\/files\/2026\/02\/enq2025-77-plan-zones-id-141508_compressed_page-0001-768x507.jpg 768w, https:\/\/wp.unil.ch\/planh\/files\/2026\/02\/enq2025-77-plan-zones-id-141508_compressed_page-0001-1536x1014.jpg 1536w, https:\/\/wp.unil.ch\/planh\/files\/2026\/02\/enq2025-77-plan-zones-id-141508_compressed_page-0001-18x12.jpg 18w, https:\/\/wp.unil.ch\/planh\/files\/2026\/02\/enq2025-77-plan-zones-id-141508_compressed_page-0001-540x356.jpg 540w, https:\/\/wp.unil.ch\/planh\/files\/2026\/02\/enq2025-77-plan-zones-id-141508_compressed_page-0001-1080x713.jpg 1080w, https:\/\/wp.unil.ch\/planh\/files\/2026\/02\/enq2025-77-plan-zones-id-141508_compressed_page-0001.jpg 1818w\" sizes=\"auto, (max-width: 1024px) 100vw, 1024px\" \/><\/figure><\/div>\n\n\n\n<p class=\"has-text-align-center has-background has-larger-font-size\" style=\"background-color:#0d9be55c\"><strong><em>Logement<\/em><\/strong><\/p>\n\n\n\n<p><strong>PLAN<em>H<\/em> s'int\u00e9resse \u00e0 l'interaction entre les personnes, le lieu et l'espace. Le logement est un domaine vaste et multiforme qui occupe une position centrale dans cet ensemble.&nbsp;<\/strong><\/p>\n\n\n\n<div class=\"wp-block-media-text has-media-on-the-right is-stacked-on-mobile is-vertically-aligned-center\" style=\"grid-template-columns:auto 46%\"><div class=\"wp-block-media-text__content\">\n<p>Elle repr\u00e9sente \u00e0 la fois un sujet majeur en soi et recoupe - ou est un protagoniste cl\u00e9 - de nombreux th\u00e8mes centraux de la g\u00e9ographie humaine et des \u00e9tudes urbaines.<\/p>\n\n\n\n<p>Il est important de noter que le logement n'est pas seulement un objet d'\u00e9tude. Il englobe un large \u00e9ventail de dimensions, notamment l'occupation du logement, l'accumulation de richesses, les co\u00fbts et l'accessibilit\u00e9, la stabilit\u00e9 r\u00e9sidentielle, la qualit\u00e9 du logement, la satisfaction r\u00e9sidentielle, le statut social ou les caract\u00e9ristiques de la localit\u00e9 environnante. Le logement op\u00e8re \u00e0 de multiples \u00e9chelles spatiales, depuis les m\u00e9nages et les quartiers jusqu'aux villes et aux contextes nationaux.<\/p>\n\n\n\n<p class=\"has-primary-color has-text-color has-link-color wp-elements-7f170bc4982c2ed1432cffd22c4cfa9c\">En outre, le logement est un besoin humain fondamental et un droit essentiel (voir par exemple, <a href=\"https:\/\/www.coe.int\/fr\/web\/un-agenda-2030\/goal-11?utm_source=chatgpt.com\" data-type=\"link\" data-id=\"https:\/\/www.coe.int\/fr\/web\/un-agenda-2030\/goal-11?utm_source=chatgpt.com\">Charte sociale europ\u00e9enne, art. 16, 31 ou SDG 11<\/a>). Contrairement \u00e0 d'autres aspects de la vie, le logement n'est pas facultatif : tout le monde doit vivre quelque part. La recherche sur le logement est donc intrins\u00e8quement li\u00e9e aux questions d'(in)\u00e9galit\u00e9, de justice sociale, d'inclusion, de droits de l'homme et de dignit\u00e9 humaine.<\/p>\n<\/div><figure class=\"wp-block-media-text__media\"><img loading=\"lazy\" decoding=\"async\" width=\"1024\" height=\"576\" src=\"https:\/\/wp.unil.ch\/planh\/files\/2026\/02\/lausanne-pdl_20251218_133241918-1024x576.jpg\" alt=\"lausanne pdl 20251218 133241918\" class=\"wp-image-679 size-full\" srcset=\"https:\/\/wp.unil.ch\/planh\/files\/2026\/02\/lausanne-pdl_20251218_133241918-1024x576.jpg 1024w, https:\/\/wp.unil.ch\/planh\/files\/2026\/02\/lausanne-pdl_20251218_133241918-300x169.jpg 300w, https:\/\/wp.unil.ch\/planh\/files\/2026\/02\/lausanne-pdl_20251218_133241918-768x432.jpg 768w, https:\/\/wp.unil.ch\/planh\/files\/2026\/02\/lausanne-pdl_20251218_133241918-1536x864.jpg 1536w, https:\/\/wp.unil.ch\/planh\/files\/2026\/02\/lausanne-pdl_20251218_133241918-18x10.jpg 18w, https:\/\/wp.unil.ch\/planh\/files\/2026\/02\/lausanne-pdl_20251218_133241918-540x304.jpg 540w, https:\/\/wp.unil.ch\/planh\/files\/2026\/02\/lausanne-pdl_20251218_133241918-1080x608.jpg 1080w, https:\/\/wp.unil.ch\/planh\/files\/2026\/02\/lausanne-pdl_20251218_133241918.jpg 1920w\" sizes=\"auto, (max-width: 1024px) 100vw, 1024px\" \/><\/figure><\/div>\n\n\n\n<p class=\"has-text-align-center has-background has-larger-font-size\" style=\"background-color:#0d9be55c\"><strong><em>D\u00e9veloppement spatial durable<\/em><\/strong><\/p>\n\n\n\n<div class=\"wp-block-media-text has-media-on-the-right is-stacked-on-mobile\"><div class=\"wp-block-media-text__content\">\n<p>Le concept de&nbsp;<em>la durabilit\u00e9<\/em>, qui trouve son origine dans les sciences de l'environnement, est un principe directeur essentiel de PLAN<em>H<\/em>\u2019La recherche de l'auteur. Les d\u00e9cisions d'am\u00e9nagement li\u00e9es \u00e0 l'utilisation des sols et au logement fa\u00e7onnent in\u00e9vitablement des mod\u00e8les de d\u00e9veloppement spatial (non) durable. Par exemple, des politiques telles que les ceintures vertes urbaines peuvent, au fil du temps, encourager la densification tout en limitant l'\u00e9talement urbain.<\/p>\n\n\n\n<p>En m\u00eame temps, PLAN<em>H<\/em> traite la durabilit\u00e9 comme un concept normatif et contest\u00e9. Ce qui est consid\u00e9r\u00e9 comme \u201cdurable\u201d d\u00e9pend des crit\u00e8res appliqu\u00e9s, des indicateurs utilis\u00e9s et des points de vue adopt\u00e9s. Plut\u00f4t que de partir de d\u00e9finitions fixes, notre recherche examine de mani\u00e8re critique la fa\u00e7on dont la durabilit\u00e9 est d\u00e9finie, mesur\u00e9e et mise en \u0153uvre dans la pratique.<\/p>\n\n\n\n<p><strong>Ce faisant, PLANH vise \u00e0 faire progresser la recherche sur la durabilit\u00e9, en particulier dans le contexte de la densification urbaine, en combinant clart\u00e9 conceptuelle et analyse empirique des d\u00e9cisions de planification et de leurs cons\u00e9quences socio-spatiales.<\/strong><\/p>\n<\/div><figure class=\"wp-block-media-text__media\"><img loading=\"lazy\" decoding=\"async\" width=\"1024\" height=\"576\" src=\"https:\/\/wp.unil.ch\/planh\/files\/2026\/02\/bern-huebergass_20241002_101445503-1024x576.jpg\" alt=\"bern huebergass 20241002 101445503\" class=\"wp-image-681 size-full\" srcset=\"https:\/\/wp.unil.ch\/planh\/files\/2026\/02\/bern-huebergass_20241002_101445503-1024x576.jpg 1024w, https:\/\/wp.unil.ch\/planh\/files\/2026\/02\/bern-huebergass_20241002_101445503-300x169.jpg 300w, https:\/\/wp.unil.ch\/planh\/files\/2026\/02\/bern-huebergass_20241002_101445503-768x432.jpg 768w, https:\/\/wp.unil.ch\/planh\/files\/2026\/02\/bern-huebergass_20241002_101445503-1536x864.jpg 1536w, https:\/\/wp.unil.ch\/planh\/files\/2026\/02\/bern-huebergass_20241002_101445503-18x10.jpg 18w, https:\/\/wp.unil.ch\/planh\/files\/2026\/02\/bern-huebergass_20241002_101445503-540x304.jpg 540w, https:\/\/wp.unil.ch\/planh\/files\/2026\/02\/bern-huebergass_20241002_101445503-1080x608.jpg 1080w, https:\/\/wp.unil.ch\/planh\/files\/2026\/02\/bern-huebergass_20241002_101445503.jpg 1920w\" sizes=\"auto, (max-width: 1024px) 100vw, 1024px\" \/><\/figure><\/div>","protected":false},"excerpt":{"rendered":"<p>At its core, PLANH conducts social science research at the intersection of three key thematic fields. Planning In the PLANH understanding,&nbsp;planning&nbsp;refers to the practice of steering and guiding&hellip;<\/p>","protected":false},"author":1003052,"featured_media":0,"parent":0,"menu_order":0,"comment_status":"closed","ping_status":"closed","template":"template-full-width.php","meta":{"_seopress_robots_primary_cat":"","_seopress_titles_title":"","_seopress_titles_desc":"","_seopress_robots_index":"","footnotes":""},"class_list":["post-178","page","type-page","status-publish","has-post-thumbnail"],"_links":{"self":[{"href":"https:\/\/wp.unil.ch\/planh\/fr\/wp-json\/wp\/v2\/pages\/178","targetHints":{"allow":["GET"]}}],"collection":[{"href":"https:\/\/wp.unil.ch\/planh\/fr\/wp-json\/wp\/v2\/pages"}],"about":[{"href":"https:\/\/wp.unil.ch\/planh\/fr\/wp-json\/wp\/v2\/types\/page"}],"author":[{"embeddable":true,"href":"https:\/\/wp.unil.ch\/planh\/fr\/wp-json\/wp\/v2\/users\/1003052"}],"replies":[{"embeddable":true,"href":"https:\/\/wp.unil.ch\/planh\/fr\/wp-json\/wp\/v2\/comments?post=178"}],"version-history":[{"count":5,"href":"https:\/\/wp.unil.ch\/planh\/fr\/wp-json\/wp\/v2\/pages\/178\/revisions"}],"predecessor-version":[{"id":824,"href":"https:\/\/wp.unil.ch\/planh\/fr\/wp-json\/wp\/v2\/pages\/178\/revisions\/824"}],"wp:attachment":[{"href":"https:\/\/wp.unil.ch\/planh\/fr\/wp-json\/wp\/v2\/media?parent=178"}],"curies":[{"name":"wp","href":"https:\/\/api.w.org\/{rel}","templated":true}]}}

<p>Au fond, PLAN<em>H</em> conduit <strong>la recherche en sciences sociales</strong> à l'intersection de <strong>trois domaines thématiques clés</strong>.</p>



<p class="has-text-align-center has-background has-larger-font-size" style="background-color:#0d9be55c"><strong><em>Planification</em></strong></p>



<div class="wp-block-media-text has-media-on-the-right is-stacked-on-mobile"><div class="wp-block-media-text__content">
<p>Dans le PLAN<em>H</em> compréhension,&nbsp;<em>planification</em>&nbsp;désigne la pratique consistant à diriger et à orienter le développement spatial, sur la base de règles juridiques formelles et informelles et de lois (institutions). Celles-ci comprennent, par exemple, les plans de zonage et la législation en matière de planification, ainsi que les accords informels ou les normes coutumières. Notre travail s'appuie sur une nouvelle approche institutionnelle de la planification, qui met l'accent sur le rôle central des lois et des politiques ainsi que sur le comportement stratégique des acteurs dans l'élaboration d'un développement spatial (non) durable (voir, par exemple, Debrunner, 2024).</p>



<p>En même temps, nous ne considérons pas les règles et les lois comme fixes ou neutres. Nous reconnaissons plutôt que toute règle formalisée est le résultat de processus sociopolitiques au cours desquels les normes sont débattues, négociées et institutionnalisées entre les acteurs, par exemple au sein des parlements ou des conseils municipaux. Dans ces processus, certains acteurs (tels que les politiciens ou les autorités locales) peuvent réussir à promouvoir leurs intérêts, tandis que d'autres, souvent moins puissants sur le plan juridique ou sociopolitique, restent exclus de ce jeu de négociation.</p>



<p><strong>Comprendre comment et pourquoi les règles deviennent formelles, quels acteurs façonnent ces processus et quelles conséquences ils ont sur l'utilisation des terres et le développement spatial est au cœur de notre recherche. </strong>Ces dynamiques de pouvoir dans la planification sont au cœur du travail de PLANH.</p>
</div><figure class="wp-block-media-text__media"><img loading="lazy" decoding="async" width="1024" height="676" src="https://wp.unil.ch/planh/files/2026/02/enq2025-77-plan-zones-id-141508_compressed_page-0001-1024x676.jpg" alt="Plan d'affectation Morges - 2025" class="wp-image-685 size-full" srcset="https://wp.unil.ch/planh/files/2026/02/enq2025-77-plan-zones-id-141508_compressed_page-0001-1024x676.jpg 1024w, https://wp.unil.ch/planh/files/2026/02/enq2025-77-plan-zones-id-141508_compressed_page-0001-300x198.jpg 300w, https://wp.unil.ch/planh/files/2026/02/enq2025-77-plan-zones-id-141508_compressed_page-0001-768x507.jpg 768w, https://wp.unil.ch/planh/files/2026/02/enq2025-77-plan-zones-id-141508_compressed_page-0001-1536x1014.jpg 1536w, https://wp.unil.ch/planh/files/2026/02/enq2025-77-plan-zones-id-141508_compressed_page-0001-18x12.jpg 18w, https://wp.unil.ch/planh/files/2026/02/enq2025-77-plan-zones-id-141508_compressed_page-0001-540x356.jpg 540w, https://wp.unil.ch/planh/files/2026/02/enq2025-77-plan-zones-id-141508_compressed_page-0001-1080x713.jpg 1080w, https://wp.unil.ch/planh/files/2026/02/enq2025-77-plan-zones-id-141508_compressed_page-0001.jpg 1818w" sizes="auto, (max-width: 1024px) 100vw, 1024px" /></figure></div>



<p class="has-text-align-center has-background has-larger-font-size" style="background-color:#0d9be55c"><strong><em>Logement</em></strong></p>



<p><strong>PLAN<em>H</em> s'intéresse à l'interaction entre les personnes, le lieu et l'espace. Le logement est un domaine vaste et multiforme qui occupe une position centrale dans cet ensemble.&nbsp;</strong></p>



<div class="wp-block-media-text has-media-on-the-right is-stacked-on-mobile is-vertically-aligned-center" style="grid-template-columns:auto 46%"><div class="wp-block-media-text__content">
<p>Elle représente à la fois un sujet majeur en soi et recoupe - ou est un protagoniste clé - de nombreux thèmes centraux de la géographie humaine et des études urbaines.</p>



<p>Il est important de noter que le logement n'est pas seulement un objet d'étude. Il englobe un large éventail de dimensions, notamment l'occupation du logement, l'accumulation de richesses, les coûts et l'accessibilité, la stabilité résidentielle, la qualité du logement, la satisfaction résidentielle, le statut social ou les caractéristiques de la localité environnante. Le logement opère à de multiples échelles spatiales, depuis les ménages et les quartiers jusqu'aux villes et aux contextes nationaux.</p>



<p class="has-primary-color has-text-color has-link-color wp-elements-7f170bc4982c2ed1432cffd22c4cfa9c">En outre, le logement est un besoin humain fondamental et un droit essentiel (voir par exemple, <a href="https://www.coe.int/fr/web/un-agenda-2030/goal-11?utm_source=chatgpt.com" data-type="link" data-id="https://www.coe.int/fr/web/un-agenda-2030/goal-11?utm_source=chatgpt.com">Charte sociale européenne, art. 16, 31 ou SDG 11</a>). Contrairement à d'autres aspects de la vie, le logement n'est pas facultatif : tout le monde doit vivre quelque part. La recherche sur le logement est donc intrinsèquement liée aux questions d'(in)égalité, de justice sociale, d'inclusion, de droits de l'homme et de dignité humaine.</p>
</div><figure class="wp-block-media-text__media"><img loading="lazy" decoding="async" width="1024" height="576" src="https://wp.unil.ch/planh/files/2026/02/lausanne-pdl_20251218_133241918-1024x576.jpg" alt="lausanne pdl 20251218 133241918" class="wp-image-679 size-full" srcset="https://wp.unil.ch/planh/files/2026/02/lausanne-pdl_20251218_133241918-1024x576.jpg 1024w, https://wp.unil.ch/planh/files/2026/02/lausanne-pdl_20251218_133241918-300x169.jpg 300w, https://wp.unil.ch/planh/files/2026/02/lausanne-pdl_20251218_133241918-768x432.jpg 768w, https://wp.unil.ch/planh/files/2026/02/lausanne-pdl_20251218_133241918-1536x864.jpg 1536w, https://wp.unil.ch/planh/files/2026/02/lausanne-pdl_20251218_133241918-18x10.jpg 18w, https://wp.unil.ch/planh/files/2026/02/lausanne-pdl_20251218_133241918-540x304.jpg 540w, https://wp.unil.ch/planh/files/2026/02/lausanne-pdl_20251218_133241918-1080x608.jpg 1080w, https://wp.unil.ch/planh/files/2026/02/lausanne-pdl_20251218_133241918.jpg 1920w" sizes="auto, (max-width: 1024px) 100vw, 1024px" /></figure></div>



<p class="has-text-align-center has-background has-larger-font-size" style="background-color:#0d9be55c"><strong><em>Développement spatial durable</em></strong></p>



<div class="wp-block-media-text has-media-on-the-right is-stacked-on-mobile"><div class="wp-block-media-text__content">
<p>Le concept de&nbsp;<em>la durabilité</em>, qui trouve son origine dans les sciences de l'environnement, est un principe directeur essentiel de PLAN<em>H</em>’La recherche de l'auteur. Les décisions d'aménagement liées à l'utilisation des sols et au logement façonnent inévitablement des modèles de développement spatial (non) durable. Par exemple, des politiques telles que les ceintures vertes urbaines peuvent, au fil du temps, encourager la densification tout en limitant l'étalement urbain.</p>



<p>En même temps, PLAN<em>H</em> traite la durabilité comme un concept normatif et contesté. Ce qui est considéré comme “durable” dépend des critères appliqués, des indicateurs utilisés et des points de vue adoptés. Plutôt que de partir de définitions fixes, notre recherche examine de manière critique la façon dont la durabilité est définie, mesurée et mise en œuvre dans la pratique.</p>



<p><strong>Ce faisant, PLANH vise à faire progresser la recherche sur la durabilité, en particulier dans le contexte de la densification urbaine, en combinant clarté conceptuelle et analyse empirique des décisions de planification et de leurs conséquences socio-spatiales.</strong></p>
</div><figure class="wp-block-media-text__media"><img loading="lazy" decoding="async" width="1024" height="576" src="https://wp.unil.ch/planh/files/2026/02/bern-huebergass_20241002_101445503-1024x576.jpg" alt="bern huebergass 20241002 101445503" class="wp-image-681 size-full" srcset="https://wp.unil.ch/planh/files/2026/02/bern-huebergass_20241002_101445503-1024x576.jpg 1024w, https://wp.unil.ch/planh/files/2026/02/bern-huebergass_20241002_101445503-300x169.jpg 300w, https://wp.unil.ch/planh/files/2026/02/bern-huebergass_20241002_101445503-768x432.jpg 768w, https://wp.unil.ch/planh/files/2026/02/bern-huebergass_20241002_101445503-1536x864.jpg 1536w, https://wp.unil.ch/planh/files/2026/02/bern-huebergass_20241002_101445503-18x10.jpg 18w, https://wp.unil.ch/planh/files/2026/02/bern-huebergass_20241002_101445503-540x304.jpg 540w, https://wp.unil.ch/planh/files/2026/02/bern-huebergass_20241002_101445503-1080x608.jpg 1080w, https://wp.unil.ch/planh/files/2026/02/bern-huebergass_20241002_101445503.jpg 1920w" sizes="auto, (max-width: 1024px) 100vw, 1024px" /></figure></div>
