{"id":42,"date":"2014-06-23T09:55:31","date_gmt":"2014-06-23T07:55:31","guid":{"rendered":"http:\/\/wp.unil.ch\/pictores-per-provincias\/?page_id=42"},"modified":"2019-07-24T14:30:06","modified_gmt":"2019-07-24T12:30:06","slug":"institutions-partenaires","status":"publish","type":"page","link":"https:\/\/wp.unil.ch\/pictores-per-provincias\/institutions-partenaires\/","title":{"rendered":"Liens"},"content":{"rendered":"<p>Pour de plus amples informations sur l&rsquo;\u00e9tude des rev\u00eatements antiques ou des activit\u00e9s arch\u00e9ologiques conduites \u00e0 l&rsquo;Universit\u00e9 de Lausanne, vous pouvez consulter les sites ci-dessous :<\/p>\n<p><a href=\"https:\/\/www.unil.ch\/iasa\/fr\/home.html\" target=\"_blank\" rel=\"noopener noreferrer\">IASA-Unil<\/a>, site de l&rsquo;Institut d&rsquo;Arch\u00e9ologie et des Sciences anciennes de l&rsquo;Universit\u00e9 de Lausanne,<\/p>\n<p><a href=\"https:\/\/wp.unil.ch\/asera\/\" target=\"_blank\" rel=\"noopener noreferrer\">ASERA<\/a>, Association suisse pour l&rsquo;\u00e9tude des rev\u00eatements antiques,<\/p>\n<p><a href=\"https:\/\/www.peintureantique.org\/fr\/\" target=\"_blank\" rel=\"noopener noreferrer\">AIPMA<\/a>, Association internationale pour la peinture murale antique,<\/p>\n<p><a href=\"https:\/\/www.peinture-murale-antique.fr\/\" target=\"_blank\" rel=\"noopener noreferrer\">AFPMA<\/a>, Association fran\u00e7aise pour la peinture murale antique,<\/p>\n<p><a href=\"https:\/\/appa-cepmr.fr\/\" target=\"_blank\" rel=\"noopener noreferrer\">CEPMR<\/a>, centre d&rsquo;\u00e9tudes des peintures murales romaines bas\u00e9 \u00e0 Soisson (FR).<\/p>\n<p><a href=\"https:\/\/www.padovauniversitypress.it\/content\/tect-un-progetto-la-conoscenza-della-pittura-parietale-romana-nell%E2%80%99italia-settentrionale\">TECT<\/a>, projet de recherche de l&rsquo;Universit\u00e9 de Padoue sur les peintures murales romaines de l&rsquo;Italie septentrionale,<\/p>\n<p><a href=\"https:\/\/aiema75rs.wixsite.com\/aiema\" target=\"_blank\" rel=\"noopener noreferrer\">AIEMA<\/a>, Association internationale pour l&rsquo;\u00e9tude de la mosa\u00efque antique,<\/p>\n<p><a href=\"https:\/\/www.afema.sitew.fr\" target=\"_blank\" rel=\"noopener noreferrer\">AFEMA<\/a>, Association fran\u00e7aise pour l&rsquo;\u00e9tude de la mosa\u00efque antique,<\/p>\n<p><a href=\"https:\/\/www.unil.ch\/ductus\/fr\/home.html\" target=\"_blank\" rel=\"noopener noreferrer\">Ductus<\/a>, Association internationale pour l&rsquo;\u00e9tude des inscriptions mineures,<\/p>\n<p><a href=\"https:\/\/wp.unil.ch\/eb\/\" target=\"_blank\" rel=\"noopener noreferrer\">Etudes Bosporanes<\/a>, p\u00f4le de recherches destin\u00e9 \u00e0 l&rsquo;\u00e9tude des monuments de l\u2019Antiquit\u00e9 gr\u00e9co-romaine du royaume du Bosphore Cimm\u00e9rien<\/p>\n","protected":false},"excerpt":{"rendered":"<p>Pour de plus amples informations sur l&rsquo;\u00e9tude des rev\u00eatements antiques ou des activit\u00e9s arch\u00e9ologiques conduites \u00e0 l&rsquo;Universit\u00e9 de Lausanne, vous pouvez consulter les sites ci-dessous : IASA-Unil, site de l&rsquo;Institut d&rsquo;Arch\u00e9ologie et des Sciences anciennes de l&rsquo;Universit\u00e9 de Lausanne, ASERA, Association suisse pour l&rsquo;\u00e9tude des rev\u00eatements antiques, AIPMA, Association internationale pour la peinture murale antique, &hellip; <a href=\"https:\/\/wp.unil.ch\/pictores-per-provincias\/institutions-partenaires\/\" class=\"more-link\">Continuer la lecture de <span class=\"screen-reader-text\">Liens<\/span> <span class=\"meta-nav\">&rarr;<\/span><\/a><\/p>\n","protected":false},"author":1793,"featured_media":0,"parent":0,"menu_order":57,"comment_status":"closed","ping_status":"closed","template":"","meta":{"_seopress_robots_primary_cat":"","_seopress_titles_title":"","_seopress_titles_desc":"","_seopress_robots_index":"","footnotes":""},"class_list":["post-42","page","type-page","status-publish"],"_links":{"self":[{"href":"https:\/\/wp.unil.ch\/pictores-per-provincias\/wp-json\/wp\/v2\/pages\/42","targetHints":{"allow":["GET"]}}],"collection":[{"href":"https:\/\/wp.unil.ch\/pictores-per-provincias\/wp-json\/wp\/v2\/pages"}],"about":[{"href":"https:\/\/wp.unil.ch\/pictores-per-provincias\/wp-json\/wp\/v2\/types\/page"}],"author":[{"embeddable":true,"href":"https:\/\/wp.unil.ch\/pictores-per-provincias\/wp-json\/wp\/v2\/users\/1793"}],"replies":[{"embeddable":true,"href":"https:\/\/wp.unil.ch\/pictores-per-provincias\/wp-json\/wp\/v2\/comments?post=42"}],"version-history":[{"count":0,"href":"https:\/\/wp.unil.ch\/pictores-per-provincias\/wp-json\/wp\/v2\/pages\/42\/revisions"}],"wp:attachment":[{"href":"https:\/\/wp.unil.ch\/pictores-per-provincias\/wp-json\/wp\/v2\/media?parent=42"}],"curies":[{"name":"wp","href":"https:\/\/api.w.org\/{rel}","templated":true}]}}